{"id":93501,"date":"2024-03-20T16:44:13","date_gmt":"2024-03-20T15:44:13","guid":{"rendered":"https:\/\/kustomshop.kinsta.cloud\/produkt\/pro-control-compression-tee\/"},"modified":"2026-03-27T15:47:31","modified_gmt":"2026-03-27T14:47:31","slug":"pro-control-compression-tee","status":"publish","type":"product","link":"https:\/\/shop.kustom.ch\/it\/prodotto\/pro-control-compression-tee\/","title":{"rendered":"Tee di compressione Pro Control"},"content":{"rendered":"<p>Quando ci si sente bene, le prestazioni migliorano. Questa maglietta a compressione funzionale \u00e8 realizzata con un tessuto avanzato per il controllo del corpo che concentra la potenza muscolare e contribuisce a prestazioni ottimali. Il risultato \u00e8 una sensazione unica, in cui il corpo viene tenuto insieme in un insieme potente, pronto a lavorare alla massima capacit\u00e0. Una scelta perfetta per gli allenamenti e sotto la maglia nelle giornate fredde. Vestibilit\u00e0 aderente ed ergonomica.<\/p>\n<p>Materiale: Tessuto 1: 91% Poliammide 9% Elastam<\/p>","protected":false},"excerpt":{"rendered":"<p>Wenn du dich gut f\u00fchlst, steigt das deine Performance. Dieses funktionale Kompressions-T-Shirt besteht aus einem fortschrittlichen Body-Control-Gewebe, das die Muskelkraft konzentriert und zur optimalen Leistung beitr\u00e4gt. Das Ergebnis ist ein einzigartiges Gef\u00fchl, bei dem du erlebst, dass dein K\u00f6rper zu einem kraftvollen Ganzen zusammengehalten wird &#8211; das er bereit ist, mit maximaler Kapazit\u00e4t zu arbeiten. [&hellip;]<\/p>\n","protected":false},"featured_media":248337,"template":"","meta":[],"product_brand":[],"product_cat":[4206],"product_tag":[],"class_list":{"0":"post-93501","1":"product","2":"type-product","3":"status-publish","4":"has-post-thumbnail","6":"product_cat-underwear","7":"pa_brand-craft-teamwear","8":"pa_brand-type-sportswear","9":"pa_filter-color-blau","10":"pa_filter-color-gelb","11":"pa_filter-color-gruen","12":"pa_filter-color-rot","13":"pa_filter-color-schwarz","14":"pa_filter-color-weiss","16":"first","17":"instock","18":"sale","19":"taxable","20":"shipping-taxable","21":"purchasable","22":"product-type-variable","23":"add-to-wishlist-before_image"},"exclude_global_add_ons":[],"addons":[],"acf":[],"_links":{"self":[{"href":"https:\/\/shop.kustom.ch\/it\/wp-json\/wp\/v2\/product\/93501"}],"collection":[{"href":"https:\/\/shop.kustom.ch\/it\/wp-json\/wp\/v2\/product"}],"about":[{"href":"https:\/\/shop.kustom.ch\/it\/wp-json\/wp\/v2\/types\/product"}],"wp:featuredmedia":[{"embeddable":true,"href":"https:\/\/shop.kustom.ch\/it\/wp-json\/wp\/v2\/media\/248337"}],"wp:attachment":[{"href":"https:\/\/shop.kustom.ch\/it\/wp-json\/wp\/v2\/media?parent=93501"}],"wp:term":[{"taxonomy":"product_brand","embeddable":true,"href":"https:\/\/shop.kustom.ch\/it\/wp-json\/wp\/v2\/product_brand?post=93501"},{"taxonomy":"product_cat","embeddable":true,"href":"https:\/\/shop.kustom.ch\/it\/wp-json\/wp\/v2\/product_cat?post=93501"},{"taxonomy":"product_tag","embeddable":true,"href":"https:\/\/shop.kustom.ch\/it\/wp-json\/wp\/v2\/product_tag?post=93501"}],"curies":[{"name":"wp","href":"https:\/\/api.w.org\/{rel}","templated":true}]}}

<p>Quando ci si sente bene, le prestazioni migliorano. Questa maglietta a compressione funzionale è realizzata con un tessuto avanzato per il controllo del corpo che concentra la potenza muscolare e contribuisce a prestazioni ottimali. Il risultato è una sensazione unica, in cui il corpo viene tenuto insieme in un insieme potente, pronto a lavorare alla massima capacità. Una scelta perfetta per gli allenamenti e sotto la maglia nelle giornate fredde. Vestibilità aderente ed ergonomica.</p>
<p>Materiale: Tessuto 1: 91% Poliammide 9% Elastam</p>

<p>Wenn du dich gut fühlst, steigt das deine Performance. Dieses funktionale Kompressions-T-Shirt besteht aus einem fortschrittlichen Body-Control-Gewebe, das die Muskelkraft konzentriert und zur optimalen Leistung beiträgt. Das Ergebnis ist ein einzigartiges Gefühl, bei dem du erlebst, dass dein Körper zu einem kraftvollen Ganzen zusammengehalten wird &#8211; das er bereit ist, mit maximaler Kapazität zu arbeiten. [&hellip;]</p>
