{"id":697220,"date":"2026-03-17T15:12:26","date_gmt":"2026-03-17T14:12:26","guid":{"rendered":"https:\/\/shop.kustom.ch\/?post_type=product&#038;p=697220"},"modified":"2026-03-31T08:49:00","modified_gmt":"2026-03-31T07:49:00","slug":"flanellhemd-3","status":"publish","type":"product","link":"https:\/\/shop.kustom.ch\/it\/prodotto\/flanellhemd-3\/","title":{"rendered":"Camicia di flanella"},"content":{"rendered":"<p>Camicia di flanella dal taglio classico ed elegante. Questa camicia a maniche lunghe \u00e8 realizzata in morbida flanella e ha una vestibilit\u00e0 ampia per un maggiore comfort. Ideale da indossare sia al lavoro che nel tempo libero.<\/p>\n<p>100% Flanella di cotone, spazzolato su un lato, 180 g\/m\u00b2<\/p>","protected":false},"excerpt":{"rendered":"<p>Bodenst\u00e4ndiges, stylisches Flanellhemd mit klassischem Schnitt. Dieses lang\u00e4rmelige Hemd besteht aus weichem Flanell und hat eine lockere Passform f\u00fcr mehr Komfort. Ideal f\u00fcr das Tragen sowohl bei der Arbeit als auch in der Freizeit. 100% Baumwoll Flanell, einseitig aufgeb\u00fcrstet, 180 g\/m\u00b2<\/p>","protected":false},"featured_media":695503,"template":"","meta":[],"product_brand":[],"product_cat":[9874],"product_tag":[],"class_list":{"0":"post-697220","1":"product","2":"type-product","3":"status-publish","4":"has-post-thumbnail","6":"product_cat-hemden","7":"pa_brand-blaklaeder","8":"pa_brand-type-workwear","9":"pa_filter-color-gelb","10":"pa_filter-color-gruen","11":"pa_filter-color-rot","12":"pa_filter-color-schwarz","14":"first","15":"instock","16":"sale","17":"taxable","18":"shipping-taxable","19":"purchasable","20":"product-type-variable","21":"add-to-wishlist-before_image"},"exclude_global_add_ons":[],"addons":[],"acf":[],"_links":{"self":[{"href":"https:\/\/shop.kustom.ch\/it\/wp-json\/wp\/v2\/product\/697220"}],"collection":[{"href":"https:\/\/shop.kustom.ch\/it\/wp-json\/wp\/v2\/product"}],"about":[{"href":"https:\/\/shop.kustom.ch\/it\/wp-json\/wp\/v2\/types\/product"}],"wp:featuredmedia":[{"embeddable":true,"href":"https:\/\/shop.kustom.ch\/it\/wp-json\/wp\/v2\/media\/695503"}],"wp:attachment":[{"href":"https:\/\/shop.kustom.ch\/it\/wp-json\/wp\/v2\/media?parent=697220"}],"wp:term":[{"taxonomy":"product_brand","embeddable":true,"href":"https:\/\/shop.kustom.ch\/it\/wp-json\/wp\/v2\/product_brand?post=697220"},{"taxonomy":"product_cat","embeddable":true,"href":"https:\/\/shop.kustom.ch\/it\/wp-json\/wp\/v2\/product_cat?post=697220"},{"taxonomy":"product_tag","embeddable":true,"href":"https:\/\/shop.kustom.ch\/it\/wp-json\/wp\/v2\/product_tag?post=697220"}],"curies":[{"name":"wp","href":"https:\/\/api.w.org\/{rel}","templated":true}]}}

<p>Camicia di flanella dal taglio classico ed elegante. Questa camicia a maniche lunghe è realizzata in morbida flanella e ha una vestibilità ampia per un maggiore comfort. Ideale da indossare sia al lavoro che nel tempo libero.</p>
<p>100% Flanella di cotone, spazzolato su un lato, 180 g/m²</p>

<p>Bodenständiges, stylisches Flanellhemd mit klassischem Schnitt. Dieses langärmelige Hemd besteht aus weichem Flanell und hat eine lockere Passform für mehr Komfort. Ideal für das Tragen sowohl bei der Arbeit als auch in der Freizeit. 100% Baumwoll Flanell, einseitig aufgebürstet, 180 g/m²</p>
