{"id":696785,"date":"2026-03-16T16:29:41","date_gmt":"2026-03-16T15:29:41","guid":{"rendered":"https:\/\/shop.kustom.ch\/?post_type=product&#038;p=696785"},"modified":"2026-03-31T09:08:53","modified_gmt":"2026-03-31T08:08:53","slug":"damen-arbeitshose-stretch","status":"publish","type":"product","link":"https:\/\/shop.kustom.ch\/it\/prodotto\/damen-arbeitshose-stretch\/","title":{"rendered":"Pantaloni da lavoro da donna elasticizzati"},"content":{"rendered":"<p>Pantaloni industriali e di servizio in leggero tessuto elasticizzato a 2 vie, realizzati in un tessuto misto fresco, resistente ed elastico composto da poliestere, cotone ed elastomultiestere, una fibra elastica che resiste a temperature di lavaggio pi\u00f9 elevate e garantisce un maggiore comfort per tutta la giornata lavorativa. I pantaloni hanno gambe preformate per un comfort ottimale e sono privi di graffi e metalli, il che li rende particolarmente adatti agli ambienti industriali con requisiti di sicurezza rigorosi. Adatti al lavaggio industriale. Disponibile anche come modello da uomo 1428.<\/p>\n<p>50% poliestere, 25% elastomultiestere, 25% cotone, armatura singola, elasticizzato a 2 vie, 170 g\/m\u00b2.<\/p>","protected":false},"excerpt":{"rendered":"<p>Industrie- und Servicehose aus leichtem 2-Wege-Stretch, gefertigt aus einem k\u00fchlen, strapazierf\u00e4higen und elastischen Mischgewebe, bestehend aus Polyester, Baumwolle und Elastomultiester &#8211; einer Stretchfaser, die h\u00f6heren Waschtemperaturen standh\u00e4lt und den gesamten Arbeitstag f\u00fcr mehr Komfort sorgt. Die Hose verf\u00fcgt \u00fcber vorgeformte Beine f\u00fcr optimalen Komfort und ist kratz- und metallfrei, wodurch sie sich besonders gut f\u00fcr [&hellip;]<\/p>\n","protected":false},"featured_media":696795,"template":"","meta":[],"product_brand":[],"product_cat":[4185],"product_tag":[],"class_list":{"0":"post-696785","1":"product","2":"type-product","3":"status-publish","4":"has-post-thumbnail","6":"product_cat-hosen","7":"pa_brand-blaklaeder","8":"pa_brand-type-workwear","9":"pa_filter-color-blau","10":"pa_filter-color-schwarz","12":"first","13":"instock","14":"sale","15":"taxable","16":"shipping-taxable","17":"purchasable","18":"product-type-variable","19":"add-to-wishlist-before_image"},"exclude_global_add_ons":[],"addons":[],"acf":[],"_links":{"self":[{"href":"https:\/\/shop.kustom.ch\/it\/wp-json\/wp\/v2\/product\/696785"}],"collection":[{"href":"https:\/\/shop.kustom.ch\/it\/wp-json\/wp\/v2\/product"}],"about":[{"href":"https:\/\/shop.kustom.ch\/it\/wp-json\/wp\/v2\/types\/product"}],"wp:featuredmedia":[{"embeddable":true,"href":"https:\/\/shop.kustom.ch\/it\/wp-json\/wp\/v2\/media\/696795"}],"wp:attachment":[{"href":"https:\/\/shop.kustom.ch\/it\/wp-json\/wp\/v2\/media?parent=696785"}],"wp:term":[{"taxonomy":"product_brand","embeddable":true,"href":"https:\/\/shop.kustom.ch\/it\/wp-json\/wp\/v2\/product_brand?post=696785"},{"taxonomy":"product_cat","embeddable":true,"href":"https:\/\/shop.kustom.ch\/it\/wp-json\/wp\/v2\/product_cat?post=696785"},{"taxonomy":"product_tag","embeddable":true,"href":"https:\/\/shop.kustom.ch\/it\/wp-json\/wp\/v2\/product_tag?post=696785"}],"curies":[{"name":"wp","href":"https:\/\/api.w.org\/{rel}","templated":true}]}}

<p>Pantaloni industriali e di servizio in leggero tessuto elasticizzato a 2 vie, realizzati in un tessuto misto fresco, resistente ed elastico composto da poliestere, cotone ed elastomultiestere, una fibra elastica che resiste a temperature di lavaggio più elevate e garantisce un maggiore comfort per tutta la giornata lavorativa. I pantaloni hanno gambe preformate per un comfort ottimale e sono privi di graffi e metalli, il che li rende particolarmente adatti agli ambienti industriali con requisiti di sicurezza rigorosi. Adatti al lavaggio industriale. Disponibile anche come modello da uomo 1428.</p>
<p>50% poliestere, 25% elastomultiestere, 25% cotone, armatura singola, elasticizzato a 2 vie, 170 g/m².</p>

<p>Industrie- und Servicehose aus leichtem 2-Wege-Stretch, gefertigt aus einem kühlen, strapazierfähigen und elastischen Mischgewebe, bestehend aus Polyester, Baumwolle und Elastomultiester &#8211; einer Stretchfaser, die höheren Waschtemperaturen standhält und den gesamten Arbeitstag für mehr Komfort sorgt. Die Hose verfügt über vorgeformte Beine für optimalen Komfort und ist kratz- und metallfrei, wodurch sie sich besonders gut für [&hellip;]</p>
