{"id":696740,"date":"2026-03-16T16:28:55","date_gmt":"2026-03-16T15:28:55","guid":{"rendered":"https:\/\/shop.kustom.ch\/?post_type=product&#038;p=696740"},"modified":"2026-03-31T09:07:45","modified_gmt":"2026-03-31T08:07:45","slug":"high-vis-overall-2","status":"publish","type":"product","link":"https:\/\/shop.kustom.ch\/it\/prodotto\/high-vis-overall-2\/","title":{"rendered":"Tuta High Vis"},"content":{"rendered":"<p>Tuta industriale lavabile ad alta visibilit\u00e0 con una vestibilit\u00e0 moderna, sviluppata per utenti professionali che richiedono alta visibilit\u00e0, durata e funzionalit\u00e0 senza complicazioni. Dotata di due cerniere a tutta lunghezza dal colletto all'estremit\u00e0 delle gambe, \u00e8 ideale come capo di abbigliamento, perfetto per i cambi rapidi sul posto di lavoro. La tuta \u00e8 dotata di un elastico in vita e offre una protezione efficace contro lo sporco e gli schizzi. Una scelta affidabile per la sicurezza e la durata nelle lunghe giornate di lavoro.<\/p>\n<p>85% poliestere, 15% cotone, raso, 245g\/m\u00b2<\/p>","protected":false},"excerpt":{"rendered":"<p>Industriell waschbarer High Vis Schutzanzug mit moderner Passform, entwickelt f\u00fcr professionelle Anwender, die hohe Sichtbarkeit, Strapazierf\u00e4higkeit und unkomplizierte Funktionalit\u00e4t verlangen. Ausgestattet mit zwei durchgehenden Reissverschl\u00fcssen vom Kragen bis zu den Beinenden, wodurch er sich ideal als \u00dcberbekleidung eignet &#8211; perfekt f\u00fcr den schnellen Wechsel am Arbeitsplatz. Der Schutzanzug verf\u00fcgt \u00fcber einen Gummizug in der Taille [&hellip;]<\/p>\n","protected":false},"featured_media":696741,"template":"","meta":[],"product_brand":[],"product_cat":[10454],"product_tag":[],"class_list":{"0":"post-696740","1":"product","2":"type-product","3":"status-publish","4":"has-post-thumbnail","6":"product_cat-overalls","7":"pa_brand-blaklaeder","8":"pa_brand-type-workwear","9":"pa_filter-color-blau","10":"pa_filter-color-orange","12":"first","13":"instock","14":"sale","15":"taxable","16":"shipping-taxable","17":"purchasable","18":"product-type-variable","19":"add-to-wishlist-before_image"},"exclude_global_add_ons":[],"addons":[],"acf":[],"_links":{"self":[{"href":"https:\/\/shop.kustom.ch\/it\/wp-json\/wp\/v2\/product\/696740"}],"collection":[{"href":"https:\/\/shop.kustom.ch\/it\/wp-json\/wp\/v2\/product"}],"about":[{"href":"https:\/\/shop.kustom.ch\/it\/wp-json\/wp\/v2\/types\/product"}],"wp:featuredmedia":[{"embeddable":true,"href":"https:\/\/shop.kustom.ch\/it\/wp-json\/wp\/v2\/media\/696741"}],"wp:attachment":[{"href":"https:\/\/shop.kustom.ch\/it\/wp-json\/wp\/v2\/media?parent=696740"}],"wp:term":[{"taxonomy":"product_brand","embeddable":true,"href":"https:\/\/shop.kustom.ch\/it\/wp-json\/wp\/v2\/product_brand?post=696740"},{"taxonomy":"product_cat","embeddable":true,"href":"https:\/\/shop.kustom.ch\/it\/wp-json\/wp\/v2\/product_cat?post=696740"},{"taxonomy":"product_tag","embeddable":true,"href":"https:\/\/shop.kustom.ch\/it\/wp-json\/wp\/v2\/product_tag?post=696740"}],"curies":[{"name":"wp","href":"https:\/\/api.w.org\/{rel}","templated":true}]}}

<p>Tuta industriale lavabile ad alta visibilità con una vestibilità moderna, sviluppata per utenti professionali che richiedono alta visibilità, durata e funzionalità senza complicazioni. Dotata di due cerniere a tutta lunghezza dal colletto all'estremità delle gambe, è ideale come capo di abbigliamento, perfetto per i cambi rapidi sul posto di lavoro. La tuta è dotata di un elastico in vita e offre una protezione efficace contro lo sporco e gli schizzi. Una scelta affidabile per la sicurezza e la durata nelle lunghe giornate di lavoro.</p>
<p>85% poliestere, 15% cotone, raso, 245g/m²</p>

<p>Industriell waschbarer High Vis Schutzanzug mit moderner Passform, entwickelt für professionelle Anwender, die hohe Sichtbarkeit, Strapazierfähigkeit und unkomplizierte Funktionalität verlangen. Ausgestattet mit zwei durchgehenden Reissverschlüssen vom Kragen bis zu den Beinenden, wodurch er sich ideal als Überbekleidung eignet &#8211; perfekt für den schnellen Wechsel am Arbeitsplatz. Der Schutzanzug verfügt über einen Gummizug in der Taille [&hellip;]</p>
