{"id":696465,"date":"2026-03-16T16:24:07","date_gmt":"2026-03-16T15:24:07","guid":{"rendered":"https:\/\/shop.kustom.ch\/?post_type=product&#038;p=696465"},"modified":"2026-03-31T09:00:10","modified_gmt":"2026-03-31T08:00:10","slug":"hemdjacke-stretch","status":"publish","type":"product","link":"https:\/\/shop.kustom.ch\/it\/prodotto\/hemdjacke-stretch\/","title":{"rendered":"Giacca camicia stretch"},"content":{"rendered":"<p>Giacca-camicia industriale e di servizio in leggero tessuto elasticizzato a 2 vie, realizzato con un fresco, resistente ed elastico tessuto misto composto da poliestere, cotone ed elastomultiestere - una fibra elastica che resiste a temperature di lavaggio pi\u00f9 elevate e garantisce un maggiore comfort per tutta la giornata lavorativa. La giacca-camicia \u00e8 priva di graffi e di metalli, il che la rende particolarmente adatta agli ambienti industriali con severi requisiti di sicurezza. Ideale sia come sovracamicia che come giacca pi\u00f9 leggera.<\/p>\n<p>50% poliestere, 25% elastomultiestere, 25% cotone, armatura singola, elasticizzato a 2 vie, 170 g\/m\u00b2.<\/p>","protected":false},"excerpt":{"rendered":"<p>Industrie und Service Hemdjacke aus leichtem 2-Wege-Stretch, gefertigt aus einem k\u00fchlen, strapazierf\u00e4higen und elastischen Mischgewebe, bestehend aus Polyester, Baumwolle und Elastomultiester &#8211; einer Stretchfaser, die h\u00f6heren Waschtemperaturen standh\u00e4lt und den gesamten Arbeitstag f\u00fcr mehr Komfort sorgt. Die Hemdjacke ist kratz- und metallfrei, wodurch sie sich besonders gut f\u00fcr industrielle Umgebungen mit strengen Sicherheitsanforderungen eignet. Ideal [&hellip;]<\/p>\n","protected":false},"featured_media":696466,"template":"","meta":[],"product_brand":[],"product_cat":[4186],"product_tag":[],"class_list":{"0":"post-696465","1":"product","2":"type-product","3":"status-publish","4":"has-post-thumbnail","6":"product_cat-jacken","7":"pa_brand-blaklaeder","8":"pa_brand-type-workwear","9":"pa_filter-color-blau","10":"pa_filter-color-grau","11":"pa_filter-color-schwarz","13":"first","14":"instock","15":"sale","16":"taxable","17":"shipping-taxable","18":"purchasable","19":"product-type-variable","20":"add-to-wishlist-before_image"},"exclude_global_add_ons":[],"addons":[],"acf":[],"_links":{"self":[{"href":"https:\/\/shop.kustom.ch\/it\/wp-json\/wp\/v2\/product\/696465"}],"collection":[{"href":"https:\/\/shop.kustom.ch\/it\/wp-json\/wp\/v2\/product"}],"about":[{"href":"https:\/\/shop.kustom.ch\/it\/wp-json\/wp\/v2\/types\/product"}],"wp:featuredmedia":[{"embeddable":true,"href":"https:\/\/shop.kustom.ch\/it\/wp-json\/wp\/v2\/media\/696466"}],"wp:attachment":[{"href":"https:\/\/shop.kustom.ch\/it\/wp-json\/wp\/v2\/media?parent=696465"}],"wp:term":[{"taxonomy":"product_brand","embeddable":true,"href":"https:\/\/shop.kustom.ch\/it\/wp-json\/wp\/v2\/product_brand?post=696465"},{"taxonomy":"product_cat","embeddable":true,"href":"https:\/\/shop.kustom.ch\/it\/wp-json\/wp\/v2\/product_cat?post=696465"},{"taxonomy":"product_tag","embeddable":true,"href":"https:\/\/shop.kustom.ch\/it\/wp-json\/wp\/v2\/product_tag?post=696465"}],"curies":[{"name":"wp","href":"https:\/\/api.w.org\/{rel}","templated":true}]}}

<p>Giacca-camicia industriale e di servizio in leggero tessuto elasticizzato a 2 vie, realizzato con un fresco, resistente ed elastico tessuto misto composto da poliestere, cotone ed elastomultiestere - una fibra elastica che resiste a temperature di lavaggio più elevate e garantisce un maggiore comfort per tutta la giornata lavorativa. La giacca-camicia è priva di graffi e di metalli, il che la rende particolarmente adatta agli ambienti industriali con severi requisiti di sicurezza. Ideale sia come sovracamicia che come giacca più leggera.</p>
<p>50% poliestere, 25% elastomultiestere, 25% cotone, armatura singola, elasticizzato a 2 vie, 170 g/m².</p>

<p>Industrie und Service Hemdjacke aus leichtem 2-Wege-Stretch, gefertigt aus einem kühlen, strapazierfähigen und elastischen Mischgewebe, bestehend aus Polyester, Baumwolle und Elastomultiester &#8211; einer Stretchfaser, die höheren Waschtemperaturen standhält und den gesamten Arbeitstag für mehr Komfort sorgt. Die Hemdjacke ist kratz- und metallfrei, wodurch sie sich besonders gut für industrielle Umgebungen mit strengen Sicherheitsanforderungen eignet. Ideal [&hellip;]</p>
