{"id":696329,"date":"2026-03-16T16:22:16","date_gmt":"2026-03-16T15:22:16","guid":{"rendered":"https:\/\/shop.kustom.ch\/?post_type=product&#038;p=696329"},"modified":"2026-03-31T08:59:44","modified_gmt":"2026-03-31T07:59:44","slug":"high-vis-regenmantel-level-1","status":"publish","type":"product","link":"https:\/\/shop.kustom.ch\/it\/prodotto\/high-vis-regenmantel-level-1\/","title":{"rendered":"Impermeabile ad alta visibilit\u00e0 Livello 1"},"content":{"rendered":"<p>Un mackintosh in alta visibilit\u00e0 per tutti coloro che svolgono attivit\u00e0 lavorative che richiedono un abbigliamento antipioggia leggero e morbido. \u00c8 antivento e impermeabile, ha cuciture nastrate e un cappuccio staccabile e regolabile. Il cappotto \u00e8 dotato di tasche anteriori facilmente accessibili con patta e di una cerniera bidirezionale nascosta che si estende fino al bottone antitempesta sul colletto. La vestibilit\u00e0 \u00e8 buona grazie alle maniche regolabili con chiusura a velcro. Certificato secondo la norma EN 343, abbigliamento protettivo contro le intemperie. EN ISO 20471, classe 3, abbigliamento protettivo ad alta visibilit\u00e0. Il colore 3300 \u00e8 un modello fuori produzione. Per maggiori informazioni, consultare il catalogo 2017. 5300 \u00e8 stato aggiornato. I vecchi modelli saranno consegnati fino a esaurimento scorte.<\/p>\n<p>Poliestere 100%, rivestito in PU, antivento e impermeabile, 185g\/m\u00b2.<\/p>","protected":false},"excerpt":{"rendered":"<p>Ein Regenmantel in High Vis f\u00fcr all jene mit Arbeitsaufgaben, die leichte und sanfte Regenkleidung erfordern. Er ist wind- und wasserdicht und hat veschweisste N\u00e4hte, sowie eine abnehmbare und verstellbare Kapuze. Der Mantel besitzt leicht zug\u00e4ngliche Vordertaschen mit Patte und einen verdeckten Zwei-Wege Reissverschluss, der bis zum Sturmknopf am Kragen reicht. Eine gute Passform mit [&hellip;]<\/p>\n","protected":false},"featured_media":696383,"template":"","meta":[],"product_brand":[],"product_cat":[10704],"product_tag":[],"class_list":{"0":"post-696329","1":"product","2":"type-product","3":"status-publish","4":"has-post-thumbnail","6":"product_cat-kittel","7":"pa_brand-blaklaeder","8":"pa_brand-type-workwear","9":"pa_filter-color-blau","10":"pa_filter-color-gelb","11":"pa_filter-color-orange","12":"pa_filter-color-schwarz","14":"first","15":"instock","16":"sale","17":"taxable","18":"shipping-taxable","19":"purchasable","20":"product-type-variable","21":"add-to-wishlist-before_image"},"exclude_global_add_ons":[],"addons":[],"acf":[],"_links":{"self":[{"href":"https:\/\/shop.kustom.ch\/it\/wp-json\/wp\/v2\/product\/696329"}],"collection":[{"href":"https:\/\/shop.kustom.ch\/it\/wp-json\/wp\/v2\/product"}],"about":[{"href":"https:\/\/shop.kustom.ch\/it\/wp-json\/wp\/v2\/types\/product"}],"wp:featuredmedia":[{"embeddable":true,"href":"https:\/\/shop.kustom.ch\/it\/wp-json\/wp\/v2\/media\/696383"}],"wp:attachment":[{"href":"https:\/\/shop.kustom.ch\/it\/wp-json\/wp\/v2\/media?parent=696329"}],"wp:term":[{"taxonomy":"product_brand","embeddable":true,"href":"https:\/\/shop.kustom.ch\/it\/wp-json\/wp\/v2\/product_brand?post=696329"},{"taxonomy":"product_cat","embeddable":true,"href":"https:\/\/shop.kustom.ch\/it\/wp-json\/wp\/v2\/product_cat?post=696329"},{"taxonomy":"product_tag","embeddable":true,"href":"https:\/\/shop.kustom.ch\/it\/wp-json\/wp\/v2\/product_tag?post=696329"}],"curies":[{"name":"wp","href":"https:\/\/api.w.org\/{rel}","templated":true}]}}

Impermeabile ad alta visibilità Livello 1

<p>Un mackintosh in alta visibilità per tutti coloro che svolgono attività lavorative che richiedono un abbigliamento antipioggia leggero e morbido. È antivento e impermeabile, ha cuciture nastrate e un cappuccio staccabile e regolabile. Il cappotto è dotato di tasche anteriori facilmente accessibili con patta e di una cerniera bidirezionale nascosta che si estende fino al bottone antitempesta sul colletto. La vestibilità è buona grazie alle maniche regolabili con chiusura a velcro. Certificato secondo la norma EN 343, abbigliamento protettivo contro le intemperie. EN ISO 20471, classe 3, abbigliamento protettivo ad alta visibilità. Il colore 3300 è un modello fuori produzione. Per maggiori informazioni, consultare il catalogo 2017. 5300 è stato aggiornato. I vecchi modelli saranno consegnati fino a esaurimento scorte.</p>
<p>Poliestere 100%, rivestito in PU, antivento e impermeabile, 185g/m².</p>

<p>Ein Regenmantel in High Vis für all jene mit Arbeitsaufgaben, die leichte und sanfte Regenkleidung erfordern. Er ist wind- und wasserdicht und hat veschweisste Nähte, sowie eine abnehmbare und verstellbare Kapuze. Der Mantel besitzt leicht zugängliche Vordertaschen mit Patte und einen verdeckten Zwei-Wege Reissverschluss, der bis zum Sturmknopf am Kragen reicht. Eine gute Passform mit [&hellip;]</p>
