{"id":696300,"date":"2026-03-16T16:21:48","date_gmt":"2026-03-16T15:21:48","guid":{"rendered":"https:\/\/shop.kustom.ch\/?post_type=product&#038;p=696300"},"modified":"2026-03-31T08:59:39","modified_gmt":"2026-03-31T07:59:39","slug":"high-vis-regenjacke-level-1-2","status":"publish","type":"product","link":"https:\/\/shop.kustom.ch\/it\/prodotto\/high-vis-regenjacke-level-1-2\/","title":{"rendered":"Giacca antipioggia ad alta visibilit\u00e0 Livello 1"},"content":{"rendered":"<p>Una giacca antipioggia in alta visibilit\u00e0 per tutti coloro che svolgono attivit\u00e0 lavorative che richiedono un abbigliamento antipioggia leggero e morbido. \u00c8 antivento e impermeabile, ha cuciture nastrate e un cappuccio staccabile e regolabile. La giacca \u00e8 dotata di una cerniera bidirezionale nascosta che si estende fino al bottone antitempesta sul colletto. Ha una buona vestibilit\u00e0 e maniche regolabili con chiusura a velcro. Ha tasche facilmente accessibili con patta e un bordo di sgocciolamento sulla vita con drenaggio sul retro. Certificato secondo la norma EN 343, indumenti protettivi contro le intemperie e la norma EN ISO 20471, classe 3, indumenti protettivi ad alta visibilit\u00e0. Il colore 5300 \u00e8 stato aggiornato. I modelli pi\u00f9 vecchi saranno consegnati fino a esaurimento scorte.<\/p>\n<p>Poliestere 100%, rivestito in PU, antivento e impermeabile, 185g\/m\u00b2.<\/p>","protected":false},"excerpt":{"rendered":"<p>Eine Regenjacke in High Vis f\u00fcr all jene mit Arbeitsaufgaben, die leichte und sanfte Regenkleidung erfordern. Sie ist wind- und wasserdicht und hat veschweisste N\u00e4hte, sowie eine abnehmbare und verstellbare Kapuze. Die Jacke hat einen verdeckten Zwei-Wege-Reissverschluss, der bis zum Sturmknopf am Kragen reicht. Eine gute Passform mit verstellbaren \u00c4rmeln mit Klettverschluss. Sie besitzt leicht [&hellip;]<\/p>\n","protected":false},"featured_media":696337,"template":"","meta":[],"product_brand":[],"product_cat":[4186],"product_tag":[],"class_list":{"0":"post-696300","1":"product","2":"type-product","3":"status-publish","4":"has-post-thumbnail","6":"product_cat-jacken","7":"pa_brand-blaklaeder","8":"pa_brand-type-workwear","9":"pa_filter-color-blau","10":"pa_filter-color-gelb","11":"pa_filter-color-orange","12":"pa_filter-color-rot","13":"pa_filter-color-schwarz","15":"first","16":"instock","17":"sale","18":"taxable","19":"shipping-taxable","20":"purchasable","21":"product-type-variable","22":"add-to-wishlist-before_image"},"exclude_global_add_ons":[],"addons":[],"acf":[],"_links":{"self":[{"href":"https:\/\/shop.kustom.ch\/it\/wp-json\/wp\/v2\/product\/696300"}],"collection":[{"href":"https:\/\/shop.kustom.ch\/it\/wp-json\/wp\/v2\/product"}],"about":[{"href":"https:\/\/shop.kustom.ch\/it\/wp-json\/wp\/v2\/types\/product"}],"wp:featuredmedia":[{"embeddable":true,"href":"https:\/\/shop.kustom.ch\/it\/wp-json\/wp\/v2\/media\/696337"}],"wp:attachment":[{"href":"https:\/\/shop.kustom.ch\/it\/wp-json\/wp\/v2\/media?parent=696300"}],"wp:term":[{"taxonomy":"product_brand","embeddable":true,"href":"https:\/\/shop.kustom.ch\/it\/wp-json\/wp\/v2\/product_brand?post=696300"},{"taxonomy":"product_cat","embeddable":true,"href":"https:\/\/shop.kustom.ch\/it\/wp-json\/wp\/v2\/product_cat?post=696300"},{"taxonomy":"product_tag","embeddable":true,"href":"https:\/\/shop.kustom.ch\/it\/wp-json\/wp\/v2\/product_tag?post=696300"}],"curies":[{"name":"wp","href":"https:\/\/api.w.org\/{rel}","templated":true}]}}

Giacca antipioggia ad alta visibilità Livello 1

<p>Una giacca antipioggia in alta visibilità per tutti coloro che svolgono attività lavorative che richiedono un abbigliamento antipioggia leggero e morbido. È antivento e impermeabile, ha cuciture nastrate e un cappuccio staccabile e regolabile. La giacca è dotata di una cerniera bidirezionale nascosta che si estende fino al bottone antitempesta sul colletto. Ha una buona vestibilità e maniche regolabili con chiusura a velcro. Ha tasche facilmente accessibili con patta e un bordo di sgocciolamento sulla vita con drenaggio sul retro. Certificato secondo la norma EN 343, indumenti protettivi contro le intemperie e la norma EN ISO 20471, classe 3, indumenti protettivi ad alta visibilità. Il colore 5300 è stato aggiornato. I modelli più vecchi saranno consegnati fino a esaurimento scorte.</p>
<p>Poliestere 100%, rivestito in PU, antivento e impermeabile, 185g/m².</p>

<p>Eine Regenjacke in High Vis für all jene mit Arbeitsaufgaben, die leichte und sanfte Regenkleidung erfordern. Sie ist wind- und wasserdicht und hat veschweisste Nähte, sowie eine abnehmbare und verstellbare Kapuze. Die Jacke hat einen verdeckten Zwei-Wege-Reissverschluss, der bis zum Sturmknopf am Kragen reicht. Eine gute Passform mit verstellbaren Ärmeln mit Klettverschluss. Sie besitzt leicht [&hellip;]</p>
