{"id":696265,"date":"2026-03-16T16:21:15","date_gmt":"2026-03-16T15:21:15","guid":{"rendered":"https:\/\/shop.kustom.ch\/?post_type=product&#038;p=696265"},"modified":"2026-03-31T08:59:33","modified_gmt":"2026-03-31T07:59:33","slug":"regenjacke-level-1-2","status":"publish","type":"product","link":"https:\/\/shop.kustom.ch\/it\/prodotto\/regenjacke-level-1-2\/","title":{"rendered":"Giacca antipioggia di livello 1"},"content":{"rendered":"<p>Giacca antipioggia sottile e flessibile che svolge il suo lavoro in condizioni climatiche difficili. La giacca antipioggia \u00e8 leggera e flessibile, con un dorso allungato e una coulisse per regolare la vestibilit\u00e0 perfetta. La giacca \u00e8 adatta per le giornate di pioggia quando la libert\u00e0 di movimento \u00e8 la priorit\u00e0 assoluta. \u00c8 dotata di un cappuccio che pu\u00f2 essere regolato o rimosso, di tasche anteriori facilmente accessibili e di una zip fissa a due vie che si estende fino al colletto. Inoltre, presenta dettagli riflettenti scuri e discreti sulle maniche e sulla schiena per rendervi pi\u00f9 visibili al buio. I polsini delle maniche sono regolabili con chiusure in velcro. Certificato secondo la norma EN 343, protezione contro le intemperie.<\/p>\n<p>Poliestere 100%, rivestito in PU, antivento e impermeabile, 185g\/m\u00b2.<\/p>","protected":false},"excerpt":{"rendered":"<p>D\u00fcnne und flexible Regenjacke, die ihren Job bei schwierigem Wetter erledigt. Die Regenjacke ist leicht und flexibel mit einem verl\u00e4ngerten R\u00fccken und Kordelzug zur Anpassung an den perfekten Sitz. Die Jacke ist f\u00fcr regnerisches Wetter geeignet wenn Bewegungsfreiheit die h\u00f6chste Priorit\u00e4t hat. Sie hat eine Kapuze die angepasst oder abgenommen werden kann, leicht zug\u00e4ngliche Vordertaschen [&hellip;]<\/p>\n","protected":false},"featured_media":696299,"template":"","meta":[],"product_brand":[],"product_cat":[4186],"product_tag":[],"class_list":{"0":"post-696265","1":"product","2":"type-product","3":"status-publish","4":"has-post-thumbnail","6":"product_cat-jacken","7":"pa_brand-blaklaeder","8":"pa_brand-type-workwear","9":"pa_filter-color-schwarz","11":"first","12":"instock","13":"sale","14":"taxable","15":"shipping-taxable","16":"purchasable","17":"product-type-variable","18":"add-to-wishlist-before_image"},"exclude_global_add_ons":[],"addons":[],"acf":[],"_links":{"self":[{"href":"https:\/\/shop.kustom.ch\/it\/wp-json\/wp\/v2\/product\/696265"}],"collection":[{"href":"https:\/\/shop.kustom.ch\/it\/wp-json\/wp\/v2\/product"}],"about":[{"href":"https:\/\/shop.kustom.ch\/it\/wp-json\/wp\/v2\/types\/product"}],"wp:featuredmedia":[{"embeddable":true,"href":"https:\/\/shop.kustom.ch\/it\/wp-json\/wp\/v2\/media\/696299"}],"wp:attachment":[{"href":"https:\/\/shop.kustom.ch\/it\/wp-json\/wp\/v2\/media?parent=696265"}],"wp:term":[{"taxonomy":"product_brand","embeddable":true,"href":"https:\/\/shop.kustom.ch\/it\/wp-json\/wp\/v2\/product_brand?post=696265"},{"taxonomy":"product_cat","embeddable":true,"href":"https:\/\/shop.kustom.ch\/it\/wp-json\/wp\/v2\/product_cat?post=696265"},{"taxonomy":"product_tag","embeddable":true,"href":"https:\/\/shop.kustom.ch\/it\/wp-json\/wp\/v2\/product_tag?post=696265"}],"curies":[{"name":"wp","href":"https:\/\/api.w.org\/{rel}","templated":true}]}}

<p>Giacca antipioggia sottile e flessibile che svolge il suo lavoro in condizioni climatiche difficili. La giacca antipioggia è leggera e flessibile, con un dorso allungato e una coulisse per regolare la vestibilità perfetta. La giacca è adatta per le giornate di pioggia quando la libertà di movimento è la priorità assoluta. È dotata di un cappuccio che può essere regolato o rimosso, di tasche anteriori facilmente accessibili e di una zip fissa a due vie che si estende fino al colletto. Inoltre, presenta dettagli riflettenti scuri e discreti sulle maniche e sulla schiena per rendervi più visibili al buio. I polsini delle maniche sono regolabili con chiusure in velcro. Certificato secondo la norma EN 343, protezione contro le intemperie.</p>
<p>Poliestere 100%, rivestito in PU, antivento e impermeabile, 185g/m².</p>

<p>Dünne und flexible Regenjacke, die ihren Job bei schwierigem Wetter erledigt. Die Regenjacke ist leicht und flexibel mit einem verlängerten Rücken und Kordelzug zur Anpassung an den perfekten Sitz. Die Jacke ist für regnerisches Wetter geeignet wenn Bewegungsfreiheit die höchste Priorität hat. Sie hat eine Kapuze die angepasst oder abgenommen werden kann, leicht zugängliche Vordertaschen [&hellip;]</p>
