{"id":696264,"date":"2026-03-16T16:21:15","date_gmt":"2026-03-16T15:21:15","guid":{"rendered":"https:\/\/shop.kustom.ch\/?post_type=product&#038;p=696264"},"modified":"2026-03-31T08:59:32","modified_gmt":"2026-03-31T07:59:32","slug":"regenjacke-level-2-2","status":"publish","type":"product","link":"https:\/\/shop.kustom.ch\/it\/prodotto\/regenjacke-level-2-2\/","title":{"rendered":"Giacca antipioggia di livello 2"},"content":{"rendered":"<p>Una giacca antipioggia per tutti coloro che svolgono attivit\u00e0 lavorative che richiedono un abbigliamento antipioggia robusto ma mobile. \u00c8 antivento e impermeabile, con cuciture nastrate, ventilazione sul retro e cappuccio staccabile e regolabile. \u00c8 dotata di tasche facilmente accessibili, oltre a una tasca staccabile per carte d'identit\u00e0, tasche anteriori con patta e bottoni a pressione e tasca Napoleone all'interno della patta antivento. Robusta cerniera a due vie che si estende fino al colletto e chiusura frontale con bottoni a pressione e bottone antibufera per tenere lontana l'umidit\u00e0. Buona vestibilit\u00e0 grazie alla vita regolabile con cordoncino e alle maniche regolabili con chiusura a velcro e polsini interni in neoprene che trattengono il calore corporeo anche quando sono bagnati. Il colletto morbido e foderato in pile assicura un elevato livello di comfort. Certificato secondo la norma EN 343, abbigliamento protettivo contro le intemperie.<\/p>\n<p>Poliestere 100%, rivestito in PU, antivento e impermeabile, 240g\/m\u00b2.<\/p>","protected":false},"excerpt":{"rendered":"<p>Eine Regenjacke f\u00fcr all jene mit Arbeitsaufgaben, die robuste aber bewegliche Regenkleidung erfordern. Sie ist wind- und wasserdicht mit verschweissten N\u00e4hten und hat eine Bel\u00fcftung am R\u00fccken und eine abnehmbare und verstellbare Kapuze. Sie besitzt leicht zug\u00e4ngliche Taschen, sowie eine abnehmbare Ausweistasche, Vordertaschen mit Patte und Druckkn\u00f6pfe und Napoleontasche innerhalb der Windleiste. Robuster Zwei-Wege Reissverschluss, [&hellip;]<\/p>\n","protected":false},"featured_media":696290,"template":"","meta":[],"product_brand":[],"product_cat":[4186],"product_tag":[],"class_list":{"0":"post-696264","1":"product","2":"type-product","3":"status-publish","4":"has-post-thumbnail","6":"product_cat-jacken","7":"pa_brand-blaklaeder","8":"pa_brand-type-workwear","9":"pa_filter-color-schwarz","11":"first","12":"instock","13":"sale","14":"taxable","15":"shipping-taxable","16":"purchasable","17":"product-type-variable","18":"add-to-wishlist-before_image"},"exclude_global_add_ons":[],"addons":[],"acf":[],"_links":{"self":[{"href":"https:\/\/shop.kustom.ch\/it\/wp-json\/wp\/v2\/product\/696264"}],"collection":[{"href":"https:\/\/shop.kustom.ch\/it\/wp-json\/wp\/v2\/product"}],"about":[{"href":"https:\/\/shop.kustom.ch\/it\/wp-json\/wp\/v2\/types\/product"}],"wp:featuredmedia":[{"embeddable":true,"href":"https:\/\/shop.kustom.ch\/it\/wp-json\/wp\/v2\/media\/696290"}],"wp:attachment":[{"href":"https:\/\/shop.kustom.ch\/it\/wp-json\/wp\/v2\/media?parent=696264"}],"wp:term":[{"taxonomy":"product_brand","embeddable":true,"href":"https:\/\/shop.kustom.ch\/it\/wp-json\/wp\/v2\/product_brand?post=696264"},{"taxonomy":"product_cat","embeddable":true,"href":"https:\/\/shop.kustom.ch\/it\/wp-json\/wp\/v2\/product_cat?post=696264"},{"taxonomy":"product_tag","embeddable":true,"href":"https:\/\/shop.kustom.ch\/it\/wp-json\/wp\/v2\/product_tag?post=696264"}],"curies":[{"name":"wp","href":"https:\/\/api.w.org\/{rel}","templated":true}]}}

<p>Una giacca antipioggia per tutti coloro che svolgono attività lavorative che richiedono un abbigliamento antipioggia robusto ma mobile. È antivento e impermeabile, con cuciture nastrate, ventilazione sul retro e cappuccio staccabile e regolabile. È dotata di tasche facilmente accessibili, oltre a una tasca staccabile per carte d'identità, tasche anteriori con patta e bottoni a pressione e tasca Napoleone all'interno della patta antivento. Robusta cerniera a due vie che si estende fino al colletto e chiusura frontale con bottoni a pressione e bottone antibufera per tenere lontana l'umidità. Buona vestibilità grazie alla vita regolabile con cordoncino e alle maniche regolabili con chiusura a velcro e polsini interni in neoprene che trattengono il calore corporeo anche quando sono bagnati. Il colletto morbido e foderato in pile assicura un elevato livello di comfort. Certificato secondo la norma EN 343, abbigliamento protettivo contro le intemperie.</p>
<p>Poliestere 100%, rivestito in PU, antivento e impermeabile, 240g/m².</p>

<p>Eine Regenjacke für all jene mit Arbeitsaufgaben, die robuste aber bewegliche Regenkleidung erfordern. Sie ist wind- und wasserdicht mit verschweissten Nähten und hat eine Belüftung am Rücken und eine abnehmbare und verstellbare Kapuze. Sie besitzt leicht zugängliche Taschen, sowie eine abnehmbare Ausweistasche, Vordertaschen mit Patte und Druckknöpfe und Napoleontasche innerhalb der Windleiste. Robuster Zwei-Wege Reissverschluss, [&hellip;]</p>
