{"id":696232,"date":"2026-03-16T16:20:52","date_gmt":"2026-03-16T15:20:52","guid":{"rendered":"https:\/\/shop.kustom.ch\/?post_type=product&#038;p=696232"},"modified":"2026-03-31T08:59:25","modified_gmt":"2026-03-31T07:59:25","slug":"regenjacke-level-1","status":"publish","type":"product","link":"https:\/\/shop.kustom.ch\/it\/prodotto\/regenjacke-level-1\/","title":{"rendered":"Giacca antipioggia di livello 1"},"content":{"rendered":"<p>Una giacca antipioggia per tutti coloro che svolgono attivit\u00e0 lavorative che richiedono un abbigliamento antipioggia leggero e morbido. \u00c8 antivento e impermeabile, ha cuciture nastrate e un cappuccio staccabile e regolabile. La giacca \u00e8 dotata di un bordo antigoccia in vita con scarico sul retro e di tasche anteriori facilmente accessibili (una con anello a D). La chiusura anteriore \u00e8 dotata di una cerniera nascosta a due vie che si estende fino al bottone antitempesta sul colletto e di maniche regolabili con chiusura a velcro. La giacca \u00e8 dotata di strisce riflettenti sulle maniche e sulla schiena. \u00c8 certificata secondo la norma EN 343, abbigliamento protettivo contro le intemperie. I colori 4600 e 9900 sono stati aggiornati. Il vecchio modello sar\u00e0 consegnato fino a esaurimento scorte.<\/p>\n<p>Poliestere 100%, rivestito in PU, antivento e impermeabile, 185g\/m\u00b2.<\/p>","protected":false},"excerpt":{"rendered":"<p>Eine Regenjacke f\u00fcr all jene mit Arbeitsaufgaben, die leichte und sanfte Regenkleidung erfordern. Sie ist wind- und wasserdicht und hat veschweisste N\u00e4hte, sowie eine abnehmbare und verstellbare Kapuze. Die Jacke hat eine Tropfkante am Bund mit einem Ablauf am R\u00fccken und ist mit leicht zug\u00e4nglichen Vordertaschen (eine mit D-Ring) versehen. Der Frontverschluss hat einen verdeckten [&hellip;]<\/p>\n","protected":false},"featured_media":696233,"template":"","meta":[],"product_brand":[],"product_cat":[4186],"product_tag":[],"class_list":{"0":"post-696232","1":"product","2":"type-product","3":"status-publish","4":"has-post-thumbnail","6":"product_cat-jacken","7":"pa_brand-blaklaeder","8":"pa_brand-type-workwear","9":"pa_filter-color-schwarz","11":"first","12":"instock","13":"sale","14":"taxable","15":"shipping-taxable","16":"purchasable","17":"product-type-variable","18":"add-to-wishlist-before_image"},"exclude_global_add_ons":[],"addons":[],"acf":[],"_links":{"self":[{"href":"https:\/\/shop.kustom.ch\/it\/wp-json\/wp\/v2\/product\/696232"}],"collection":[{"href":"https:\/\/shop.kustom.ch\/it\/wp-json\/wp\/v2\/product"}],"about":[{"href":"https:\/\/shop.kustom.ch\/it\/wp-json\/wp\/v2\/types\/product"}],"wp:featuredmedia":[{"embeddable":true,"href":"https:\/\/shop.kustom.ch\/it\/wp-json\/wp\/v2\/media\/696233"}],"wp:attachment":[{"href":"https:\/\/shop.kustom.ch\/it\/wp-json\/wp\/v2\/media?parent=696232"}],"wp:term":[{"taxonomy":"product_brand","embeddable":true,"href":"https:\/\/shop.kustom.ch\/it\/wp-json\/wp\/v2\/product_brand?post=696232"},{"taxonomy":"product_cat","embeddable":true,"href":"https:\/\/shop.kustom.ch\/it\/wp-json\/wp\/v2\/product_cat?post=696232"},{"taxonomy":"product_tag","embeddable":true,"href":"https:\/\/shop.kustom.ch\/it\/wp-json\/wp\/v2\/product_tag?post=696232"}],"curies":[{"name":"wp","href":"https:\/\/api.w.org\/{rel}","templated":true}]}}

<p>Una giacca antipioggia per tutti coloro che svolgono attività lavorative che richiedono un abbigliamento antipioggia leggero e morbido. È antivento e impermeabile, ha cuciture nastrate e un cappuccio staccabile e regolabile. La giacca è dotata di un bordo antigoccia in vita con scarico sul retro e di tasche anteriori facilmente accessibili (una con anello a D). La chiusura anteriore è dotata di una cerniera nascosta a due vie che si estende fino al bottone antitempesta sul colletto e di maniche regolabili con chiusura a velcro. La giacca è dotata di strisce riflettenti sulle maniche e sulla schiena. È certificata secondo la norma EN 343, abbigliamento protettivo contro le intemperie. I colori 4600 e 9900 sono stati aggiornati. Il vecchio modello sarà consegnato fino a esaurimento scorte.</p>
<p>Poliestere 100%, rivestito in PU, antivento e impermeabile, 185g/m².</p>

<p>Eine Regenjacke für all jene mit Arbeitsaufgaben, die leichte und sanfte Regenkleidung erfordern. Sie ist wind- und wasserdicht und hat veschweisste Nähte, sowie eine abnehmbare und verstellbare Kapuze. Die Jacke hat eine Tropfkante am Bund mit einem Ablauf am Rücken und ist mit leicht zugänglichen Vordertaschen (eine mit D-Ring) versehen. Der Frontverschluss hat einen verdeckten [&hellip;]</p>
