{"id":696045,"date":"2026-03-16T16:18:24","date_gmt":"2026-03-16T15:18:24","guid":{"rendered":"https:\/\/shop.kustom.ch\/?post_type=product&#038;p=696045"},"modified":"2026-03-31T08:56:04","modified_gmt":"2026-03-31T07:56:04","slug":"damen-kapuzenjacke-2","status":"publish","type":"product","link":"https:\/\/shop.kustom.ch\/it\/prodotto\/damen-kapuzenjacke-2\/","title":{"rendered":"Giacca con cappuccio da donna"},"content":{"rendered":"<p>Un'elegante giacca con cappuccio adatta sia al lavoro che al tempo libero. Questa giacca con cappuccio in poliestere \u00e8 dotata di una zip bidirezionale su tutta la lunghezza e di un'accogliente scollatura leggermente pi\u00f9 alta sul cappuccio. Coulisse sull'orlo. I discreti dettagli riflettenti neri si trovano sia sul davanti che sul cappuccio e, per finire, \u00e8 presente una tasca sul petto con eccellenti possibilit\u00e0 di personalizzazione. Disponibile anche come modello 3540 da uomo.<\/p>\n<p>100% poliestere, pile piqu\u00e9, spazzolato su un lato, 260 g\/m\u00b2<\/p>","protected":false},"excerpt":{"rendered":"<p>Eine schicke Kapuzenjacke, die sich sowohl f\u00fcr die Arbeit als auch f\u00fcr die Freizeit eignet. Diese Kapuzenjacke aus Polyester hat einen durchgehenden Zwei-Wege-Reissverschluss und einen gem\u00fctlichen, etwas h\u00f6heren Halsausschnitt an der Kapuze. Kordelzug am Saum. Die dezenten schwarzen Reflexdetails befinden sich sowohl auf der Vorderseite als auch auf der Kapuze und als Kr\u00f6nung gibt es [&hellip;]<\/p>\n","protected":false},"featured_media":696046,"template":"","meta":[],"product_brand":[],"product_cat":[4186],"product_tag":[],"class_list":{"0":"post-696045","1":"product","2":"type-product","3":"status-publish","4":"has-post-thumbnail","6":"product_cat-jacken","7":"pa_brand-blaklaeder","8":"pa_brand-type-workwear","9":"pa_filter-color-gruen","10":"pa_filter-color-rot","11":"pa_filter-color-schwarz","13":"first","14":"instock","15":"sale","16":"taxable","17":"shipping-taxable","18":"purchasable","19":"product-type-variable","20":"add-to-wishlist-before_image"},"exclude_global_add_ons":[],"addons":[],"acf":[],"_links":{"self":[{"href":"https:\/\/shop.kustom.ch\/it\/wp-json\/wp\/v2\/product\/696045"}],"collection":[{"href":"https:\/\/shop.kustom.ch\/it\/wp-json\/wp\/v2\/product"}],"about":[{"href":"https:\/\/shop.kustom.ch\/it\/wp-json\/wp\/v2\/types\/product"}],"wp:featuredmedia":[{"embeddable":true,"href":"https:\/\/shop.kustom.ch\/it\/wp-json\/wp\/v2\/media\/696046"}],"wp:attachment":[{"href":"https:\/\/shop.kustom.ch\/it\/wp-json\/wp\/v2\/media?parent=696045"}],"wp:term":[{"taxonomy":"product_brand","embeddable":true,"href":"https:\/\/shop.kustom.ch\/it\/wp-json\/wp\/v2\/product_brand?post=696045"},{"taxonomy":"product_cat","embeddable":true,"href":"https:\/\/shop.kustom.ch\/it\/wp-json\/wp\/v2\/product_cat?post=696045"},{"taxonomy":"product_tag","embeddable":true,"href":"https:\/\/shop.kustom.ch\/it\/wp-json\/wp\/v2\/product_tag?post=696045"}],"curies":[{"name":"wp","href":"https:\/\/api.w.org\/{rel}","templated":true}]}}

<p>Un'elegante giacca con cappuccio adatta sia al lavoro che al tempo libero. Questa giacca con cappuccio in poliestere è dotata di una zip bidirezionale su tutta la lunghezza e di un'accogliente scollatura leggermente più alta sul cappuccio. Coulisse sull'orlo. I discreti dettagli riflettenti neri si trovano sia sul davanti che sul cappuccio e, per finire, è presente una tasca sul petto con eccellenti possibilità di personalizzazione. Disponibile anche come modello 3540 da uomo.</p>
<p>100% poliestere, pile piqué, spazzolato su un lato, 260 g/m²</p>

<p>Eine schicke Kapuzenjacke, die sich sowohl für die Arbeit als auch für die Freizeit eignet. Diese Kapuzenjacke aus Polyester hat einen durchgehenden Zwei-Wege-Reissverschluss und einen gemütlichen, etwas höheren Halsausschnitt an der Kapuze. Kordelzug am Saum. Die dezenten schwarzen Reflexdetails befinden sich sowohl auf der Vorderseite als auch auf der Kapuze und als Krönung gibt es [&hellip;]</p>
