{"id":695363,"date":"2026-03-16T16:07:16","date_gmt":"2026-03-16T15:07:16","guid":{"rendered":"https:\/\/shop.kustom.ch\/?post_type=product&#038;p=695363"},"modified":"2026-03-31T08:45:50","modified_gmt":"2026-03-31T07:45:50","slug":"winterhandschuh-supreme-warm-3","status":"publish","type":"product","link":"https:\/\/shop.kustom.ch\/it\/prodotto\/winterhandschuh-supreme-warm-3\/","title":{"rendered":"Guanto invernale Supreme Warm"},"content":{"rendered":"<p>Un guanto foderato e impermeabile di altissima qualit\u00e0 con una buona destrezza. La pelle morbida assicura un perfetto comfort di calzata e le aree rinforzate del palmo ne aumentano la durata. Il guanto ha un polsino corto con chiusura in velcro, ideale per essere indossato sotto le maniche della giacca. Progettato per ambienti rigidi e freddi. Da abbinare al guanto di lana (modello 2999) per un maggiore calore. Quando si utilizza un guanto interno, la taglia del guanto esterno deve essere aumentata. Il modello 2814 fa parte della collezione Supreme Warm, che garantisce la massima qualit\u00e0 e comfort. Impermeabile e completamente foderato Polsino corto con chiusura a velcro Pelle con palmo rinforzato Adatto per ambienti freddi e difficili Taglie 7-12<\/p>\n<p>Pelle di capra pieno fiore, poliammide<\/p>","protected":false},"excerpt":{"rendered":"<p>Ein gef\u00fctterter und wasserdichter Handschuh von h\u00f6chster Qualit\u00e4t mit guter Fingerfertigkeit. Das weiche Leder sorgt f\u00fcr perfekten Tragekomfort und die verst\u00e4rkten Handfl\u00e4chenbereiche erh\u00f6hen die Haltbarkeit. Der Handschuh hat eine kurze Stulpe mit Klettverschluss, ideal zum Tragen unter Jacken\u00e4rmeln. Entwickelt f\u00fcr raue und kalte Umgebungen. F\u00fcr zus\u00e4tzliche W\u00e4rme mit dem Wollhandschuh (Modell 2999) kombinieren. Bei Verwendung [&hellip;]<\/p>\n","protected":false},"featured_media":695365,"template":"","meta":[],"product_brand":[],"product_cat":[4180],"product_tag":[],"class_list":{"0":"post-695363","1":"product","2":"type-product","3":"status-publish","4":"has-post-thumbnail","6":"product_cat-handschuhe","7":"pa_brand-blaklaeder","8":"pa_brand-type-workwear","9":"pa_filter-color-schwarz","10":"pa_filter-color-weiss","12":"first","13":"instock","14":"sale","15":"taxable","16":"shipping-taxable","17":"purchasable","18":"product-type-variable","19":"add-to-wishlist-before_image"},"exclude_global_add_ons":[],"addons":[],"acf":[],"_links":{"self":[{"href":"https:\/\/shop.kustom.ch\/it\/wp-json\/wp\/v2\/product\/695363"}],"collection":[{"href":"https:\/\/shop.kustom.ch\/it\/wp-json\/wp\/v2\/product"}],"about":[{"href":"https:\/\/shop.kustom.ch\/it\/wp-json\/wp\/v2\/types\/product"}],"wp:featuredmedia":[{"embeddable":true,"href":"https:\/\/shop.kustom.ch\/it\/wp-json\/wp\/v2\/media\/695365"}],"wp:attachment":[{"href":"https:\/\/shop.kustom.ch\/it\/wp-json\/wp\/v2\/media?parent=695363"}],"wp:term":[{"taxonomy":"product_brand","embeddable":true,"href":"https:\/\/shop.kustom.ch\/it\/wp-json\/wp\/v2\/product_brand?post=695363"},{"taxonomy":"product_cat","embeddable":true,"href":"https:\/\/shop.kustom.ch\/it\/wp-json\/wp\/v2\/product_cat?post=695363"},{"taxonomy":"product_tag","embeddable":true,"href":"https:\/\/shop.kustom.ch\/it\/wp-json\/wp\/v2\/product_tag?post=695363"}],"curies":[{"name":"wp","href":"https:\/\/api.w.org\/{rel}","templated":true}]}}

<p>Un guanto foderato e impermeabile di altissima qualità con una buona destrezza. La pelle morbida assicura un perfetto comfort di calzata e le aree rinforzate del palmo ne aumentano la durata. Il guanto ha un polsino corto con chiusura in velcro, ideale per essere indossato sotto le maniche della giacca. Progettato per ambienti rigidi e freddi. Da abbinare al guanto di lana (modello 2999) per un maggiore calore. Quando si utilizza un guanto interno, la taglia del guanto esterno deve essere aumentata. Il modello 2814 fa parte della collezione Supreme Warm, che garantisce la massima qualità e comfort. Impermeabile e completamente foderato Polsino corto con chiusura a velcro Pelle con palmo rinforzato Adatto per ambienti freddi e difficili Taglie 7-12</p>
<p>Pelle di capra pieno fiore, poliammide</p>

<p>Ein gefütterter und wasserdichter Handschuh von höchster Qualität mit guter Fingerfertigkeit. Das weiche Leder sorgt für perfekten Tragekomfort und die verstärkten Handflächenbereiche erhöhen die Haltbarkeit. Der Handschuh hat eine kurze Stulpe mit Klettverschluss, ideal zum Tragen unter Jackenärmeln. Entwickelt für raue und kalte Umgebungen. Für zusätzliche Wärme mit dem Wollhandschuh (Modell 2999) kombinieren. Bei Verwendung [&hellip;]</p>
