{"id":695228,"date":"2026-03-16T16:05:11","date_gmt":"2026-03-16T15:05:11","guid":{"rendered":"https:\/\/shop.kustom.ch\/?post_type=product&#038;p=695228"},"modified":"2026-03-31T08:44:03","modified_gmt":"2026-03-31T07:44:03","slug":"blaklaeder-toolrig-hammerhalter","status":"publish","type":"product","link":"https:\/\/shop.kustom.ch\/it\/prodotto\/blaklaeder-toolrig-hammerhalter\/","title":{"rendered":"Bl\u00e5kl\u00e4der ToolRig\u2122 supporto per martello"},"content":{"rendered":"<p>Un robusto portamartello regolabile che facilita il lavoro. Grazie al sistema Bl\u00e5kl\u00e4der ToolRig\u2122, pu\u00f2 essere fissato rapidamente e offre un posto stabile per il martello, in modo da averlo sempre a portata di mano. La dimensione dell'anello pu\u00f2 essere regolata per ottenere il giusto equilibrio tra conservazione sicura e accesso rapido. Il supporto pu\u00f2 essere ruotato di 45\u00b0 in entrambe le direzioni, in modo che il martello possa essere facilmente inserito e rimosso e che sia i destri che i mancini possano lavorare comodamente. Grazie all'anello lungo 10 cm, il martello rimane saldamente in posizione senza oscillare, anche quando si \u00e8 in movimento. Se l'occhiello viene regolato alla misura pi\u00f9 piccola, \u00e8 ideale anche per il fissaggio di una staffa di arresto.<\/p>","protected":false},"excerpt":{"rendered":"<p>Ein robuster, verstellbarer Hammerhalter, der die Arbeit einfacher macht. Mit dem Bl\u00e5kl\u00e4der ToolRig\u2122 System l\u00e4sst er sich schnell befestigen und bietet einen stabilen Platz f\u00fcr deinen Hammer, wo du ihn immer schnell zur Hand hast. Die Schlaufengr\u00f6sse l\u00e4sst sich so einstellen, dass du genau das richtige Mass zwischen sicherer Aufbewahrung und schnellem Zugriff bekommst. Der [&hellip;]<\/p>\n","protected":false},"featured_media":695234,"template":"","meta":[],"product_brand":[],"product_cat":[4209],"product_tag":[],"class_list":{"0":"post-695228","1":"product","2":"type-product","3":"status-publish","4":"has-post-thumbnail","6":"product_cat-zubehoer","7":"pa_brand-blaklaeder","8":"pa_brand-type-workwear","9":"pa_filter-color-schwarz","11":"first","12":"instock","13":"sale","14":"taxable","15":"shipping-taxable","16":"purchasable","17":"product-type-variable","18":"add-to-wishlist-before_image"},"exclude_global_add_ons":[],"addons":[],"acf":[],"_links":{"self":[{"href":"https:\/\/shop.kustom.ch\/it\/wp-json\/wp\/v2\/product\/695228"}],"collection":[{"href":"https:\/\/shop.kustom.ch\/it\/wp-json\/wp\/v2\/product"}],"about":[{"href":"https:\/\/shop.kustom.ch\/it\/wp-json\/wp\/v2\/types\/product"}],"wp:featuredmedia":[{"embeddable":true,"href":"https:\/\/shop.kustom.ch\/it\/wp-json\/wp\/v2\/media\/695234"}],"wp:attachment":[{"href":"https:\/\/shop.kustom.ch\/it\/wp-json\/wp\/v2\/media?parent=695228"}],"wp:term":[{"taxonomy":"product_brand","embeddable":true,"href":"https:\/\/shop.kustom.ch\/it\/wp-json\/wp\/v2\/product_brand?post=695228"},{"taxonomy":"product_cat","embeddable":true,"href":"https:\/\/shop.kustom.ch\/it\/wp-json\/wp\/v2\/product_cat?post=695228"},{"taxonomy":"product_tag","embeddable":true,"href":"https:\/\/shop.kustom.ch\/it\/wp-json\/wp\/v2\/product_tag?post=695228"}],"curies":[{"name":"wp","href":"https:\/\/api.w.org\/{rel}","templated":true}]}}

Blåkläder ToolRig™ supporto per martello

<p>Un robusto portamartello regolabile che facilita il lavoro. Grazie al sistema Blåkläder ToolRig™, può essere fissato rapidamente e offre un posto stabile per il martello, in modo da averlo sempre a portata di mano. La dimensione dell'anello può essere regolata per ottenere il giusto equilibrio tra conservazione sicura e accesso rapido. Il supporto può essere ruotato di 45° in entrambe le direzioni, in modo che il martello possa essere facilmente inserito e rimosso e che sia i destri che i mancini possano lavorare comodamente. Grazie all'anello lungo 10 cm, il martello rimane saldamente in posizione senza oscillare, anche quando si è in movimento. Se l'occhiello viene regolato alla misura più piccola, è ideale anche per il fissaggio di una staffa di arresto.</p>

<p>Ein robuster, verstellbarer Hammerhalter, der die Arbeit einfacher macht. Mit dem Blåkläder ToolRig™ System lässt er sich schnell befestigen und bietet einen stabilen Platz für deinen Hammer, wo du ihn immer schnell zur Hand hast. Die Schlaufengrösse lässt sich so einstellen, dass du genau das richtige Mass zwischen sicherer Aufbewahrung und schnellem Zugriff bekommst. Der [&hellip;]</p>
