{"id":695220,"date":"2026-03-16T16:04:31","date_gmt":"2026-03-16T15:04:31","guid":{"rendered":"https:\/\/shop.kustom.ch\/?post_type=product&#038;p=695220"},"modified":"2026-03-31T08:44:01","modified_gmt":"2026-03-31T07:44:01","slug":"blaklaeder-toolrig-nagel-schraubentasche-4","status":"publish","type":"product","link":"https:\/\/shop.kustom.ch\/it\/prodotto\/blaklaeder-toolrig-nagel-schraubentasche-4\/","title":{"rendered":"Bl\u00e5kl\u00e4der ToolRig\u2122 borsa per chiodi e viti"},"content":{"rendered":"<p>Una borsa di grandi dimensioni per l'attrezzatura da lavoro quando si ha bisogno di maggiore capacit\u00e0 e di una buona visione d'insieme. La borsa \u00e8 facile da agganciare grazie al sistema Bl\u00e5kl\u00e4der ToolRig\u2122 ed \u00e8 adatta sia per i pantaloni che per gli accessori, consentendo una regolazione senza sforzo durante la giornata lavorativa. La struttura \u00e8 robusta e dimensionalmente stabile, in modo che le aperture rimangano aperte e facilmente accessibili. Due spaziosi scomparti affiancati mantengono il contenuto separato e organizzato in modo chiaro. Che si tratti di viti, tasselli, chiodi o simili, questa borsa spaziosa e pratica garantisce un lavoro efficiente. All'esterno sono presenti cinghie per il fissaggio di accessori aggiuntivi e uno scomparto interno per una staffa di arresto.<\/p>","protected":false},"excerpt":{"rendered":"<p>Eine grosse Tasche f\u00fcr Arbeitsmaterial, wenn du mehr Fassungsverm\u00f6gen und eine gute \u00dcbersicht ben\u00f6tigst. Die Tasche l\u00e4sst sich \u00fcber das Bl\u00e5kl\u00e4der ToolRig\u2122 System einfach befestigen und ist sowohl f\u00fcr Hosen als auch f\u00fcr Zubeh\u00f6r geeignet, was m\u00fchelose Anpassungen im Laufe des Arbeitstages erm\u00f6glicht. Die Konstruktion ist robust und formstabil, sodass die \u00d6ffnungen offen und leicht [&hellip;]<\/p>\n","protected":false},"featured_media":695226,"template":"","meta":[],"product_brand":[],"product_cat":[4209],"product_tag":[],"class_list":{"0":"post-695220","1":"product","2":"type-product","3":"status-publish","4":"has-post-thumbnail","6":"product_cat-zubehoer","7":"pa_brand-blaklaeder","8":"pa_brand-type-workwear","9":"pa_filter-color-schwarz","11":"first","12":"instock","13":"sale","14":"taxable","15":"shipping-taxable","16":"purchasable","17":"product-type-variable","18":"add-to-wishlist-before_image"},"exclude_global_add_ons":[],"addons":[],"acf":[],"_links":{"self":[{"href":"https:\/\/shop.kustom.ch\/it\/wp-json\/wp\/v2\/product\/695220"}],"collection":[{"href":"https:\/\/shop.kustom.ch\/it\/wp-json\/wp\/v2\/product"}],"about":[{"href":"https:\/\/shop.kustom.ch\/it\/wp-json\/wp\/v2\/types\/product"}],"wp:featuredmedia":[{"embeddable":true,"href":"https:\/\/shop.kustom.ch\/it\/wp-json\/wp\/v2\/media\/695226"}],"wp:attachment":[{"href":"https:\/\/shop.kustom.ch\/it\/wp-json\/wp\/v2\/media?parent=695220"}],"wp:term":[{"taxonomy":"product_brand","embeddable":true,"href":"https:\/\/shop.kustom.ch\/it\/wp-json\/wp\/v2\/product_brand?post=695220"},{"taxonomy":"product_cat","embeddable":true,"href":"https:\/\/shop.kustom.ch\/it\/wp-json\/wp\/v2\/product_cat?post=695220"},{"taxonomy":"product_tag","embeddable":true,"href":"https:\/\/shop.kustom.ch\/it\/wp-json\/wp\/v2\/product_tag?post=695220"}],"curies":[{"name":"wp","href":"https:\/\/api.w.org\/{rel}","templated":true}]}}

Blåkläder ToolRig™ borsa per chiodi e viti

<p>Una borsa di grandi dimensioni per l'attrezzatura da lavoro quando si ha bisogno di maggiore capacità e di una buona visione d'insieme. La borsa è facile da agganciare grazie al sistema Blåkläder ToolRig™ ed è adatta sia per i pantaloni che per gli accessori, consentendo una regolazione senza sforzo durante la giornata lavorativa. La struttura è robusta e dimensionalmente stabile, in modo che le aperture rimangano aperte e facilmente accessibili. Due spaziosi scomparti affiancati mantengono il contenuto separato e organizzato in modo chiaro. Che si tratti di viti, tasselli, chiodi o simili, questa borsa spaziosa e pratica garantisce un lavoro efficiente. All'esterno sono presenti cinghie per il fissaggio di accessori aggiuntivi e uno scomparto interno per una staffa di arresto.</p>

<p>Eine grosse Tasche für Arbeitsmaterial, wenn du mehr Fassungsvermögen und eine gute Übersicht benötigst. Die Tasche lässt sich über das Blåkläder ToolRig™ System einfach befestigen und ist sowohl für Hosen als auch für Zubehör geeignet, was mühelose Anpassungen im Laufe des Arbeitstages ermöglicht. Die Konstruktion ist robust und formstabil, sodass die Öffnungen offen und leicht [&hellip;]</p>
