{"id":695198,"date":"2026-03-16T16:03:22","date_gmt":"2026-03-16T15:03:22","guid":{"rendered":"https:\/\/shop.kustom.ch\/?post_type=product&#038;p=695198"},"modified":"2026-03-31T08:43:55","modified_gmt":"2026-03-31T07:43:55","slug":"blaklaeder-toolrig-werkzeugguertel","status":"publish","type":"product","link":"https:\/\/shop.kustom.ch\/it\/prodotto\/blaklaeder-toolrig-werkzeugguertel\/","title":{"rendered":"Cintura portautensili Bl\u00e5kl\u00e4der ToolRig"},"content":{"rendered":"<p>La vostra base stabile per i carichi pesanti. Questa cintura porta attrezzi utilizza la stessa cintura ToolRig\u2122 dei nostri pantaloni da lavoro. Le tasche e gli accessori possono quindi essere spostati esattamente dove servono. La vita imbottita riduce la pressione, la chiusura a sgancio rapido la rende facile da indossare e da togliere e la lunghezza regolabile assicura una vestibilit\u00e0 precisa, anche quando la cintura viene indossata sopra l'abbigliamento esterno. Per un'ergonomia ottimale, la cintura portautensili pu\u00f2 essere abbinata all'imbracatura ToolRig\u2122 (2521) o alle bretelle ToolRig\u2122 (2522).<\/p>","protected":false},"excerpt":{"rendered":"<p>Deine stabile Basis f\u00fcr schwere Lasten. Dieser Werkzeugg\u00fcrtel verwendet denselben ToolRig\u2122 G\u00fcrtel wie unsere Arbeitshosen. Taschen und Zubeh\u00f6r k\u00f6nnen also an genau die Stellen bewegt werden, wo sie ben\u00f6tigt werden. Die gepolsterte Taille reduziert den Druck, der Schnellverschluss erleichtert das An- und Ausziehen und die verstellbare L\u00e4nge sorgt f\u00fcr eine pr\u00e4zise Passform, auch wenn der [&hellip;]<\/p>\n","protected":false},"featured_media":695200,"template":"","meta":[],"product_brand":[],"product_cat":[4209],"product_tag":[],"class_list":{"0":"post-695198","1":"product","2":"type-product","3":"status-publish","4":"has-post-thumbnail","6":"product_cat-zubehoer","7":"pa_brand-blaklaeder","8":"pa_brand-type-workwear","9":"pa_filter-color-schwarz","11":"first","12":"instock","13":"sale","14":"taxable","15":"shipping-taxable","16":"purchasable","17":"product-type-variable","18":"add-to-wishlist-before_image"},"exclude_global_add_ons":[],"addons":[],"acf":[],"_links":{"self":[{"href":"https:\/\/shop.kustom.ch\/it\/wp-json\/wp\/v2\/product\/695198"}],"collection":[{"href":"https:\/\/shop.kustom.ch\/it\/wp-json\/wp\/v2\/product"}],"about":[{"href":"https:\/\/shop.kustom.ch\/it\/wp-json\/wp\/v2\/types\/product"}],"wp:featuredmedia":[{"embeddable":true,"href":"https:\/\/shop.kustom.ch\/it\/wp-json\/wp\/v2\/media\/695200"}],"wp:attachment":[{"href":"https:\/\/shop.kustom.ch\/it\/wp-json\/wp\/v2\/media?parent=695198"}],"wp:term":[{"taxonomy":"product_brand","embeddable":true,"href":"https:\/\/shop.kustom.ch\/it\/wp-json\/wp\/v2\/product_brand?post=695198"},{"taxonomy":"product_cat","embeddable":true,"href":"https:\/\/shop.kustom.ch\/it\/wp-json\/wp\/v2\/product_cat?post=695198"},{"taxonomy":"product_tag","embeddable":true,"href":"https:\/\/shop.kustom.ch\/it\/wp-json\/wp\/v2\/product_tag?post=695198"}],"curies":[{"name":"wp","href":"https:\/\/api.w.org\/{rel}","templated":true}]}}

Cintura portautensili Blåkläder ToolRig

<p>La vostra base stabile per i carichi pesanti. Questa cintura porta attrezzi utilizza la stessa cintura ToolRig™ dei nostri pantaloni da lavoro. Le tasche e gli accessori possono quindi essere spostati esattamente dove servono. La vita imbottita riduce la pressione, la chiusura a sgancio rapido la rende facile da indossare e da togliere e la lunghezza regolabile assicura una vestibilità precisa, anche quando la cintura viene indossata sopra l'abbigliamento esterno. Per un'ergonomia ottimale, la cintura portautensili può essere abbinata all'imbracatura ToolRig™ (2521) o alle bretelle ToolRig™ (2522).</p>

<p>Deine stabile Basis für schwere Lasten. Dieser Werkzeuggürtel verwendet denselben ToolRig™ Gürtel wie unsere Arbeitshosen. Taschen und Zubehör können also an genau die Stellen bewegt werden, wo sie benötigt werden. Die gepolsterte Taille reduziert den Druck, der Schnellverschluss erleichtert das An- und Ausziehen und die verstellbare Länge sorgt für eine präzise Passform, auch wenn der [&hellip;]</p>
