{"id":695041,"date":"2026-03-16T16:00:23","date_gmt":"2026-03-16T15:00:23","guid":{"rendered":"https:\/\/shop.kustom.ch\/?post_type=product&#038;p=695041"},"modified":"2026-03-31T08:40:28","modified_gmt":"2026-03-31T07:40:28","slug":"blaklaeder-toolrig-nagel-schraubentasche","status":"publish","type":"product","link":"https:\/\/shop.kustom.ch\/it\/prodotto\/blaklaeder-toolrig-nagel-schraubentasche\/","title":{"rendered":"Bl\u00e5kl\u00e4der ToolRig\u2122 borsa per chiodi e viti"},"content":{"rendered":"<p>Sottile e pratica, ma sufficientemente capiente per riporre gli attrezzi e i materiali pi\u00f9 importanti. La borsa \u00e8 facile da agganciare grazie al sistema Bl\u00e5kl\u00e4der ToolRig\u2122 ed \u00e8 adatta sia per i pantaloni che per gli accessori, consentendo una facile regolazione durante la giornata lavorativa. La borsa \u00e8 dotata di uno scomparto principale pi\u00f9 grande all'interno e di uno scomparto esterno pi\u00f9 piccolo, entrambi con chiusura a zip.<\/p>\n<p>100% Poliammide, CORDURA<\/p>","protected":false},"excerpt":{"rendered":"<p>Schlank und praktisch, aber ger\u00e4umig genug, um die wichtigsten Werkzeuge und Materialien unterzubringen. Die Tasche l\u00e4sst sich \u00fcber das Bl\u00e5kl\u00e4der ToolRig\u2122 System einfach befestigen und ist sowohl f\u00fcr Hosen als auch f\u00fcr Zubeh\u00f6r geeignet, was m\u00fchelose Anpassungen im Laufe des Arbeitstages erm\u00f6glicht. Die Tasche besitzt ein gr\u00f6sseres Hauptfach innen sowie ein kleineres Aussenfach \u2014 beide [&hellip;]<\/p>\n","protected":false},"featured_media":695044,"template":"","meta":[],"product_brand":[],"product_cat":[4209],"product_tag":[],"class_list":{"0":"post-695041","1":"product","2":"type-product","3":"status-publish","4":"has-post-thumbnail","6":"product_cat-zubehoer","7":"pa_brand-blaklaeder","8":"pa_brand-type-workwear","9":"pa_filter-color-schwarz","11":"first","12":"instock","13":"sale","14":"taxable","15":"shipping-taxable","16":"purchasable","17":"product-type-variable","18":"add-to-wishlist-before_image"},"exclude_global_add_ons":[],"addons":[],"acf":[],"_links":{"self":[{"href":"https:\/\/shop.kustom.ch\/it\/wp-json\/wp\/v2\/product\/695041"}],"collection":[{"href":"https:\/\/shop.kustom.ch\/it\/wp-json\/wp\/v2\/product"}],"about":[{"href":"https:\/\/shop.kustom.ch\/it\/wp-json\/wp\/v2\/types\/product"}],"wp:featuredmedia":[{"embeddable":true,"href":"https:\/\/shop.kustom.ch\/it\/wp-json\/wp\/v2\/media\/695044"}],"wp:attachment":[{"href":"https:\/\/shop.kustom.ch\/it\/wp-json\/wp\/v2\/media?parent=695041"}],"wp:term":[{"taxonomy":"product_brand","embeddable":true,"href":"https:\/\/shop.kustom.ch\/it\/wp-json\/wp\/v2\/product_brand?post=695041"},{"taxonomy":"product_cat","embeddable":true,"href":"https:\/\/shop.kustom.ch\/it\/wp-json\/wp\/v2\/product_cat?post=695041"},{"taxonomy":"product_tag","embeddable":true,"href":"https:\/\/shop.kustom.ch\/it\/wp-json\/wp\/v2\/product_tag?post=695041"}],"curies":[{"name":"wp","href":"https:\/\/api.w.org\/{rel}","templated":true}]}}

Blåkläder ToolRig™ borsa per chiodi e viti

<p>Sottile e pratica, ma sufficientemente capiente per riporre gli attrezzi e i materiali più importanti. La borsa è facile da agganciare grazie al sistema Blåkläder ToolRig™ ed è adatta sia per i pantaloni che per gli accessori, consentendo una facile regolazione durante la giornata lavorativa. La borsa è dotata di uno scomparto principale più grande all'interno e di uno scomparto esterno più piccolo, entrambi con chiusura a zip.</p>
<p>100% Poliammide, CORDURA</p>

<p>Schlank und praktisch, aber geräumig genug, um die wichtigsten Werkzeuge und Materialien unterzubringen. Die Tasche lässt sich über das Blåkläder ToolRig™ System einfach befestigen und ist sowohl für Hosen als auch für Zubehör geeignet, was mühelose Anpassungen im Laufe des Arbeitstages ermöglicht. Die Tasche besitzt ein grösseres Hauptfach innen sowie ein kleineres Aussenfach — beide [&hellip;]</p>
