{"id":695030,"date":"2026-03-16T15:59:56","date_gmt":"2026-03-16T14:59:56","guid":{"rendered":"https:\/\/shop.kustom.ch\/?post_type=product&#038;p=695030"},"modified":"2026-03-31T08:39:41","modified_gmt":"2026-03-31T07:39:41","slug":"stirnband","status":"publish","type":"product","link":"https:\/\/shop.kustom.ch\/it\/prodotto\/stirnband\/","title":{"rendered":"Fascia per capelli"},"content":{"rendered":"<p>Fascia funzionale con struttura a griglia che offre isolamento e un efficiente trasporto dell'umidit\u00e0. Copre le orecchie e mantiene i capelli in posizione. Il materiale elasticizzato si adatta comodamente, \u00e8 facile da lavare e si asciuga rapidamente. Un'alternativa intelligente quando un cappello \u00e8 troppo caldo ma \u00e8 necessario proteggersi dal freddo e dal vento.<\/p>\n<p>95% poliestere, 5% elastan, pile a griglia, 265g\/m\u00b2<\/p>","protected":false},"excerpt":{"rendered":"<p>Funktionelles Stirnband mit Gitterstruktur, die f\u00fcr Isolierung und einen effizienten Feuchtigkeitstransport sorgt. Es bedeckt die Ohren und h\u00e4lt das Haar an seinem Platz. Das elastische Material passt sich bequem an, ist leicht zu waschen und trocknet schnell. Eine clevere Alternative, wenn eine M\u00fctze zu warm ist, aber trotzdem Schutz vor K\u00e4lte und Wind erforderlich ist. [&hellip;]<\/p>\n","protected":false},"featured_media":695032,"template":"","meta":[],"product_brand":[],"product_cat":[4209],"product_tag":[],"class_list":{"0":"post-695030","1":"product","2":"type-product","3":"status-publish","4":"has-post-thumbnail","6":"product_cat-zubehoer","7":"pa_brand-blaklaeder","8":"pa_brand-type-workwear","9":"pa_filter-color-blau","10":"pa_filter-color-gruen","11":"pa_filter-color-schwarz","13":"first","14":"instock","15":"sale","16":"taxable","17":"shipping-taxable","18":"purchasable","19":"product-type-variable","20":"add-to-wishlist-before_image"},"exclude_global_add_ons":[],"addons":[],"acf":[],"_links":{"self":[{"href":"https:\/\/shop.kustom.ch\/it\/wp-json\/wp\/v2\/product\/695030"}],"collection":[{"href":"https:\/\/shop.kustom.ch\/it\/wp-json\/wp\/v2\/product"}],"about":[{"href":"https:\/\/shop.kustom.ch\/it\/wp-json\/wp\/v2\/types\/product"}],"wp:featuredmedia":[{"embeddable":true,"href":"https:\/\/shop.kustom.ch\/it\/wp-json\/wp\/v2\/media\/695032"}],"wp:attachment":[{"href":"https:\/\/shop.kustom.ch\/it\/wp-json\/wp\/v2\/media?parent=695030"}],"wp:term":[{"taxonomy":"product_brand","embeddable":true,"href":"https:\/\/shop.kustom.ch\/it\/wp-json\/wp\/v2\/product_brand?post=695030"},{"taxonomy":"product_cat","embeddable":true,"href":"https:\/\/shop.kustom.ch\/it\/wp-json\/wp\/v2\/product_cat?post=695030"},{"taxonomy":"product_tag","embeddable":true,"href":"https:\/\/shop.kustom.ch\/it\/wp-json\/wp\/v2\/product_tag?post=695030"}],"curies":[{"name":"wp","href":"https:\/\/api.w.org\/{rel}","templated":true}]}}

<p>Fascia funzionale con struttura a griglia che offre isolamento e un efficiente trasporto dell'umidità. Copre le orecchie e mantiene i capelli in posizione. Il materiale elasticizzato si adatta comodamente, è facile da lavare e si asciuga rapidamente. Un'alternativa intelligente quando un cappello è troppo caldo ma è necessario proteggersi dal freddo e dal vento.</p>
<p>95% poliestere, 5% elastan, pile a griglia, 265g/m²</p>

<p>Funktionelles Stirnband mit Gitterstruktur, die für Isolierung und einen effizienten Feuchtigkeitstransport sorgt. Es bedeckt die Ohren und hält das Haar an seinem Platz. Das elastische Material passt sich bequem an, ist leicht zu waschen und trocknet schnell. Eine clevere Alternative, wenn eine Mütze zu warm ist, aber trotzdem Schutz vor Kälte und Wind erforderlich ist. [&hellip;]</p>
