{"id":666512,"date":"2025-04-29T19:32:31","date_gmt":"2025-04-29T18:32:31","guid":{"rendered":"https:\/\/shop.kustom.ch\/?post_type=product&#038;p=666512"},"modified":"2026-03-31T08:39:39","modified_gmt":"2026-03-31T07:39:39","slug":"trucker-kappe-high-vis","status":"publish","type":"product","link":"https:\/\/shop.kustom.ch\/it\/prodotto\/trucker-kappe-high-vis\/","title":{"rendered":"Cappello trucker High Vis"},"content":{"rendered":"<p>Cappello trucker di alta qualit\u00e0 in versione high vis per una visibilit\u00e0 ottimale durante attivit\u00e0 come il trasporto. La parte inferiore della tesa \u00e8 nera per evitare i riflessi. Presenta raffinati dettagli interni, una morbida fascia antisudore e una rete di ventilazione, perfetta per le giornate calde. Eccellente area di branding sul davanti per ricami e stampe transfer. Chiusura a scatto sul retro.<\/p>\n<p>DETTAGLI: Logo Bl\u00e5kl\u00e4der intrecciato sul retro. Regolabile con snapback. Buone superfici per le rifiniture. ISTRUZIONI DI LAVAGGIO: Lavare a mano. Non candeggiare. Non stirare. Non lavare a secco. Non centrifugare. CARATTERISTICHE PRINCIPALI: Unisex. MISURA: 57-60 cm<\/p>\n<p>100% Poliestere<\/p>","protected":false},"excerpt":{"rendered":"<p>Hochwertige Trucker-Kappe in High Vis f\u00fcr optimale Sichtbarkeit bei Aktivit\u00e4ten wie Transport. Die Unterseite der Krempe ist schwarz, um Blendung zu vermeiden. Sie verf\u00fcgt \u00fcber eine feine Innendetails, ein weiches Schweissband und bel\u00fcftendes Mesh &#8211; perfekt f\u00fcr warme Tage. Hervorragende Brandingfl\u00e4che auf der Vorderseite f\u00fcr Stickereien und Transferdrucke. Snapback-Verschluss auf der R\u00fcckseite. DETAILS: Gewebtes Bl\u00e5kl\u00e4der [&hellip;]<\/p>\n","protected":false},"featured_media":666531,"template":"","meta":[],"product_brand":[],"product_cat":[4177,4209],"product_tag":[],"class_list":{"0":"post-666512","1":"product","2":"type-product","3":"status-publish","4":"has-post-thumbnail","6":"product_cat-caps-muetzen","7":"product_cat-zubehoer","8":"pa_brand-blaklaeder","9":"pa_brand-type-workwear","10":"pa_filter-color-gelb","11":"pa_filter-color-orange","12":"pa_filter-color-rot","14":"first","15":"instock","16":"sale","17":"taxable","18":"shipping-taxable","19":"purchasable","20":"product-type-variable","21":"add-to-wishlist-before_image"},"exclude_global_add_ons":[],"addons":[],"acf":[],"_links":{"self":[{"href":"https:\/\/shop.kustom.ch\/it\/wp-json\/wp\/v2\/product\/666512"}],"collection":[{"href":"https:\/\/shop.kustom.ch\/it\/wp-json\/wp\/v2\/product"}],"about":[{"href":"https:\/\/shop.kustom.ch\/it\/wp-json\/wp\/v2\/types\/product"}],"wp:featuredmedia":[{"embeddable":true,"href":"https:\/\/shop.kustom.ch\/it\/wp-json\/wp\/v2\/media\/666531"}],"wp:attachment":[{"href":"https:\/\/shop.kustom.ch\/it\/wp-json\/wp\/v2\/media?parent=666512"}],"wp:term":[{"taxonomy":"product_brand","embeddable":true,"href":"https:\/\/shop.kustom.ch\/it\/wp-json\/wp\/v2\/product_brand?post=666512"},{"taxonomy":"product_cat","embeddable":true,"href":"https:\/\/shop.kustom.ch\/it\/wp-json\/wp\/v2\/product_cat?post=666512"},{"taxonomy":"product_tag","embeddable":true,"href":"https:\/\/shop.kustom.ch\/it\/wp-json\/wp\/v2\/product_tag?post=666512"}],"curies":[{"name":"wp","href":"https:\/\/api.w.org\/{rel}","templated":true}]}}

<p>Cappello trucker di alta qualità in versione high vis per una visibilità ottimale durante attività come il trasporto. La parte inferiore della tesa è nera per evitare i riflessi. Presenta raffinati dettagli interni, una morbida fascia antisudore e una rete di ventilazione, perfetta per le giornate calde. Eccellente area di branding sul davanti per ricami e stampe transfer. Chiusura a scatto sul retro.</p>
<p>DETTAGLI: Logo Blåkläder intrecciato sul retro. Regolabile con snapback. Buone superfici per le rifiniture. ISTRUZIONI DI LAVAGGIO: Lavare a mano. Non candeggiare. Non stirare. Non lavare a secco. Non centrifugare. CARATTERISTICHE PRINCIPALI: Unisex. MISURA: 57-60 cm</p>
<p>100% Poliestere</p>

<p>Hochwertige Trucker-Kappe in High Vis für optimale Sichtbarkeit bei Aktivitäten wie Transport. Die Unterseite der Krempe ist schwarz, um Blendung zu vermeiden. Sie verfügt über eine feine Innendetails, ein weiches Schweissband und belüftendes Mesh &#8211; perfekt für warme Tage. Hervorragende Brandingfläche auf der Vorderseite für Stickereien und Transferdrucke. Snapback-Verschluss auf der Rückseite. DETAILS: Gewebtes Blåkläder [&hellip;]</p>
