{"id":659264,"date":"2025-04-29T04:44:50","date_gmt":"2025-04-29T03:44:50","guid":{"rendered":"https:\/\/shop.kustom.ch\/?post_type=product&#038;p=659264"},"modified":"2026-03-31T08:43:33","modified_gmt":"2026-03-31T07:43:33","slug":"funktionssocken-dry-2er-pack","status":"publish","type":"product","link":"https:\/\/shop.kustom.ch\/it\/prodotto\/funktionssocken-dry-2er-pack\/","title":{"rendered":"Calzini funzionali Dry 2-pack"},"content":{"rendered":"<p>Calzino funzionale in Dryarn\u00ae con un efficace trasporto dell'umidit\u00e0 per mantenere i piedi asciutti a qualsiasi temperatura, sia all'interno che all'esterno. Sezioni in maglia piqu\u00e9 in aree selezionate per una maggiore ventilazione e rinforzi sulle dita, sulla suola e sul tallone per la massima durata. Il supporto dell'arco plantare e la vestibilit\u00e0 aderente sostengono il piede e impediscono alla calza di scivolare verso il basso. Fornito in confezione da 2 paia.<\/p>\n<p>FUNZIONALIT\u00c0: Calze lunghe fino alla caviglia. Materiale a maglia elasticizzato sulla pianta del piede. Buon trasporto dell'umidit\u00e0. Tallone, suola e punta rinforzati. CONFEZIONE: Confezione da 2 pezzi. ISTRUZIONI DI LAVAGGIO: 40\u00b0 C. Non candeggiare. Non stirare. Non lavare a secco. Non centrifugare. PROPRIET\u00c0 PRINCIPALI: unisex. TESSUTO: nero<\/p>\n<p>60% poliammide, 37% polipropilene, 3% elastan<\/p>","protected":false},"excerpt":{"rendered":"<p>Funktionssocke aus Dryarn\u00ae mit effektivem Feuchtigkeitstransport, um Ihre F\u00fcsse bei jeder Temperatur trocken zu halten, sowohl drinnen als auch draussen. Piqu\u00e9-Strickpartien an ausgew\u00e4hlten Stellen f\u00fcr zus\u00e4tzliche Bel\u00fcftung und Verst\u00e4rkungen an Zehen, Sohle und Ferse f\u00fcr maximale Haltbarkeit. Die Fussgew\u00f6lbest\u00fctze und die enge Passform st\u00fctzen den Fuss und verhindern ein Herunterrutschen der Socke. Wird in einer [&hellip;]<\/p>\n","protected":false},"featured_media":659320,"template":"","meta":[],"product_brand":[],"product_cat":[4199],"product_tag":[],"class_list":{"0":"post-659264","1":"product","2":"type-product","3":"status-publish","4":"has-post-thumbnail","6":"product_cat-socken","7":"pa_brand-blaklaeder","8":"pa_brand-type-workwear","9":"pa_filter-color-schwarz","11":"first","12":"instock","13":"sale","14":"taxable","15":"shipping-taxable","16":"purchasable","17":"product-type-variable","18":"add-to-wishlist-before_image"},"exclude_global_add_ons":[],"addons":[],"acf":[],"_links":{"self":[{"href":"https:\/\/shop.kustom.ch\/it\/wp-json\/wp\/v2\/product\/659264"}],"collection":[{"href":"https:\/\/shop.kustom.ch\/it\/wp-json\/wp\/v2\/product"}],"about":[{"href":"https:\/\/shop.kustom.ch\/it\/wp-json\/wp\/v2\/types\/product"}],"wp:featuredmedia":[{"embeddable":true,"href":"https:\/\/shop.kustom.ch\/it\/wp-json\/wp\/v2\/media\/659320"}],"wp:attachment":[{"href":"https:\/\/shop.kustom.ch\/it\/wp-json\/wp\/v2\/media?parent=659264"}],"wp:term":[{"taxonomy":"product_brand","embeddable":true,"href":"https:\/\/shop.kustom.ch\/it\/wp-json\/wp\/v2\/product_brand?post=659264"},{"taxonomy":"product_cat","embeddable":true,"href":"https:\/\/shop.kustom.ch\/it\/wp-json\/wp\/v2\/product_cat?post=659264"},{"taxonomy":"product_tag","embeddable":true,"href":"https:\/\/shop.kustom.ch\/it\/wp-json\/wp\/v2\/product_tag?post=659264"}],"curies":[{"name":"wp","href":"https:\/\/api.w.org\/{rel}","templated":true}]}}

<p>Calzino funzionale in Dryarn® con un efficace trasporto dell'umidità per mantenere i piedi asciutti a qualsiasi temperatura, sia all'interno che all'esterno. Sezioni in maglia piqué in aree selezionate per una maggiore ventilazione e rinforzi sulle dita, sulla suola e sul tallone per la massima durata. Il supporto dell'arco plantare e la vestibilità aderente sostengono il piede e impediscono alla calza di scivolare verso il basso. Fornito in confezione da 2 paia.</p>
<p>FUNZIONALITÀ: Calze lunghe fino alla caviglia. Materiale a maglia elasticizzato sulla pianta del piede. Buon trasporto dell'umidità. Tallone, suola e punta rinforzati. CONFEZIONE: Confezione da 2 pezzi. ISTRUZIONI DI LAVAGGIO: 40° C. Non candeggiare. Non stirare. Non lavare a secco. Non centrifugare. PROPRIETÀ PRINCIPALI: unisex. TESSUTO: nero</p>
<p>60% poliammide, 37% polipropilene, 3% elastan</p>

<p>Funktionssocke aus Dryarn® mit effektivem Feuchtigkeitstransport, um Ihre Füsse bei jeder Temperatur trocken zu halten, sowohl drinnen als auch draussen. Piqué-Strickpartien an ausgewählten Stellen für zusätzliche Belüftung und Verstärkungen an Zehen, Sohle und Ferse für maximale Haltbarkeit. Die Fussgewölbestütze und die enge Passform stützen den Fuss und verhindern ein Herunterrutschen der Socke. Wird in einer [&hellip;]</p>
