{"id":649106,"date":"2025-04-08T02:48:17","date_gmt":"2025-04-08T01:48:17","guid":{"rendered":"https:\/\/shop.kustom.ch\/?post_type=product&#038;p=649106"},"modified":"2026-03-30T13:08:43","modified_gmt":"2026-03-30T12:08:43","slug":"jacke-accelerate-safe-4","status":"publish","type":"product","link":"https:\/\/shop.kustom.ch\/it\/prodotto\/jacke-accelerate-safe-4\/","title":{"rendered":"Giacca ACCELERATE SAFE"},"content":{"rendered":"<p>Fluorescente e con riflessi diagonali. Le parti del prodotto sono realizzate in tessuto elasticizzato. Combinazione di tessuto leggero di qualit\u00e0 236 e tessuto ULTIMATE STRETCH di qualit\u00e0 511, collo alto. Chiusura con cerniera e doppia pattina di protezione dalle intemperie. Anello a D. Tasca sul petto con cerniera. Tasche anteriori con zip. Tasche interne. Bordo inferiore elasticizzato ai lati. Polsi elasticizzati.<\/p>\n<p>OEKO-TEX\u00ae STANDARD 100; EN ISO 20471 - Classe 2 (XS-L); EN ISO 20471 - Classe 3 (XL-5XL); Hi-Vis Gruppo A; ProWash\u00ae.<br \/>\n70% poliestere\/30% cotone<br \/>\nTwill\/ripstop. Pu\u00f2 restringersi fino a un massimo di 2%. Il prodotto \u00e8 certificato per mantenere le sue propriet\u00e0 dopo 50 lavaggi domestici o \u2265 25 lavaggi industriali.<br \/>\n215 g\/m\u00b2<br \/>\nLavaggio colorato, max. 60\u00b0 C; non candeggiare; resiste all'asciugatrice - temperatura massima di uscita 80\u00b0 C; non stirare; resiste alla normale pulizia<\/p>\n<p><a href=\"https:\/\/mascotsitecore-1ccb8.kxcdn.com\/pdf\/24509-236-14-de.pdf\" target=\"_blank\" rel=\"noopener\"><u>Aprire la scheda tecnica del prodotto<\/u><\/a><\/p>","protected":false},"excerpt":{"rendered":"<ul>\n<li>Vestibilit\u00e0 moderna e aderente con ampia libert\u00e0 di movimento.<\/li>\n<li>Il prodotto \u00e8 una combinazione di tessuto rigido e tessuto elastico. Il tessuto elasticizzato si trova nei punti in cui \u00e8 richiesta una maggiore libert\u00e0 di movimento.<\/li>\n<li>Doppia striscia di protezione dalle intemperie per una maggiore protezione in caso di maltempo.<\/li>\n<li>Anello a D per chiavi o carte d'identit\u00e0.<\/li>\n<li>Tasche con zip.<\/li>\n<li>Fondo manica elasticizzato.<\/li>\n<li>Il prodotto \u00e8 adatto al lavaggio industriale.<\/li>\n<\/ul>","protected":false},"featured_media":649107,"template":"","meta":[],"product_brand":[],"product_cat":[4186],"product_tag":[],"class_list":{"0":"post-649106","1":"product","2":"type-product","3":"status-publish","4":"has-post-thumbnail","6":"product_cat-jacken","7":"pa_brand-mascot","8":"pa_brand-type-workwear","9":"pa_filter-color-orange","11":"first","12":"instock","13":"sale","14":"taxable","15":"shipping-taxable","16":"purchasable","17":"product-type-variable","18":"add-to-wishlist-before_image"},"exclude_global_add_ons":[],"addons":[],"acf":[],"_links":{"self":[{"href":"https:\/\/shop.kustom.ch\/it\/wp-json\/wp\/v2\/product\/649106"}],"collection":[{"href":"https:\/\/shop.kustom.ch\/it\/wp-json\/wp\/v2\/product"}],"about":[{"href":"https:\/\/shop.kustom.ch\/it\/wp-json\/wp\/v2\/types\/product"}],"wp:featuredmedia":[{"embeddable":true,"href":"https:\/\/shop.kustom.ch\/it\/wp-json\/wp\/v2\/media\/649107"}],"wp:attachment":[{"href":"https:\/\/shop.kustom.ch\/it\/wp-json\/wp\/v2\/media?parent=649106"}],"wp:term":[{"taxonomy":"product_brand","embeddable":true,"href":"https:\/\/shop.kustom.ch\/it\/wp-json\/wp\/v2\/product_brand?post=649106"},{"taxonomy":"product_cat","embeddable":true,"href":"https:\/\/shop.kustom.ch\/it\/wp-json\/wp\/v2\/product_cat?post=649106"},{"taxonomy":"product_tag","embeddable":true,"href":"https:\/\/shop.kustom.ch\/it\/wp-json\/wp\/v2\/product_tag?post=649106"}],"curies":[{"name":"wp","href":"https:\/\/api.w.org\/{rel}","templated":true}]}}

<p>Fluorescente e con riflessi diagonali. Le parti del prodotto sono realizzate in tessuto elasticizzato. Combinazione di tessuto leggero di qualità 236 e tessuto ULTIMATE STRETCH di qualità 511, collo alto. Chiusura con cerniera e doppia pattina di protezione dalle intemperie. Anello a D. Tasca sul petto con cerniera. Tasche anteriori con zip. Tasche interne. Bordo inferiore elasticizzato ai lati. Polsi elasticizzati.</p>
<p>OEKO-TEX® STANDARD 100; EN ISO 20471 - Classe 2 (XS-L); EN ISO 20471 - Classe 3 (XL-5XL); Hi-Vis Gruppo A; ProWash®.<br />
70% poliestere/30% cotone<br />
Twill/ripstop. Può restringersi fino a un massimo di 2%. Il prodotto è certificato per mantenere le sue proprietà dopo 50 lavaggi domestici o ≥ 25 lavaggi industriali.<br />
215 g/m²<br />
Lavaggio colorato, max. 60° C; non candeggiare; resiste all'asciugatrice - temperatura massima di uscita 80° C; non stirare; resiste alla normale pulizia</p>
<p><a href="https://mascotsitecore-1ccb8.kxcdn.com/pdf/24509-236-14-de.pdf" target="_blank" rel="noopener"><u>Aprire la scheda tecnica del prodotto</u></a></p>

<ul>
<li>Vestibilità moderna e aderente con ampia libertà di movimento.</li>
<li>Il prodotto è una combinazione di tessuto rigido e tessuto elastico. Il tessuto elasticizzato si trova nei punti in cui è richiesta una maggiore libertà di movimento.</li>
<li>Doppia striscia di protezione dalle intemperie per una maggiore protezione in caso di maltempo.</li>
<li>Anello a D per chiavi o carte d'identità.</li>
<li>Tasche con zip.</li>
<li>Fondo manica elasticizzato.</li>
<li>Il prodotto è adatto al lavaggio industriale.</li>
</ul>
