{"id":648165,"date":"2025-04-07T19:33:40","date_gmt":"2025-04-07T18:33:40","guid":{"rendered":"https:\/\/shop.kustom.ch\/?post_type=product&#038;p=648165"},"modified":"2026-03-31T09:51:30","modified_gmt":"2026-03-31T08:51:30","slug":"base-jacket","status":"publish","type":"product","link":"https:\/\/shop.kustom.ch\/it\/prodotto\/base-jacket\/","title":{"rendered":"Giacca base"},"content":{"rendered":"<p>Una giacca imbottita leggera ed essenziale per ogni occasione. Disegnata con una vestibilit\u00e0 regolare e trapuntata con linee diagonali dinamiche, Base unisce stile e funzionalit\u00e0. Con un cappuccio staccabile e bordi elasticizzati, questa giacca offre versatilit\u00e0 e comfort. La parte superiore del petto e la schiena sono strategicamente disegnate per evidenziare la vostra personalizzazione. Realizzata in poliammide riciclata certificata 100%, Base non solo \u00e8 ecologica, ma \u00e8 anche certificata Oeko-Tex 100. Confezionata in un sacchetto biodegradabile e compostabile.<\/p>\n<p>Materiale: Tessuto esterno: 100% poliammide riciclata 38 g\/m2. Fodera: 100% poliestere riciclato. Imbottitura: 100% poliestere riciclato 37 g\/m2. Oeko-Tex Standard 100<\/p>","protected":false},"excerpt":{"rendered":"<p>Eine essenzielle leichte wattierte Jacke f\u00fcr jede Gelegenheit. Im Regular Fit gestaltet und mit dynamischen diagonalen Linien gesteppt, vereint Base Stil und Funktionalit\u00e4t. Mit einer abnehmbaren Kapuze und elastischen Einfassungen entlang der R\u00e4nder bietet diese Jacke Vielseitigkeit und Komfort. Die obere Brustfront und der R\u00fccken sind strategisch gestaltet, um Ihre Personalisierung hervorzuheben. Hergestellt aus 100% [&hellip;]<\/p>\n","protected":false},"featured_media":648166,"template":"","meta":[],"product_brand":[],"product_cat":[4186],"product_tag":[],"class_list":{"0":"post-648165","1":"product","2":"type-product","3":"status-publish","4":"has-post-thumbnail","6":"product_cat-jacken","7":"pa_brand-printer","8":"pa_brand-type-workwear","9":"pa_filter-color-blau","10":"pa_filter-color-grau","11":"pa_filter-color-gruen","12":"pa_filter-color-rot","13":"pa_filter-color-schwarz","14":"pa_filter-color-weiss","16":"first","17":"instock","18":"sale","19":"taxable","20":"shipping-taxable","21":"purchasable","22":"product-type-variable","23":"add-to-wishlist-before_image"},"exclude_global_add_ons":[],"addons":[],"acf":[],"_links":{"self":[{"href":"https:\/\/shop.kustom.ch\/it\/wp-json\/wp\/v2\/product\/648165"}],"collection":[{"href":"https:\/\/shop.kustom.ch\/it\/wp-json\/wp\/v2\/product"}],"about":[{"href":"https:\/\/shop.kustom.ch\/it\/wp-json\/wp\/v2\/types\/product"}],"wp:featuredmedia":[{"embeddable":true,"href":"https:\/\/shop.kustom.ch\/it\/wp-json\/wp\/v2\/media\/648166"}],"wp:attachment":[{"href":"https:\/\/shop.kustom.ch\/it\/wp-json\/wp\/v2\/media?parent=648165"}],"wp:term":[{"taxonomy":"product_brand","embeddable":true,"href":"https:\/\/shop.kustom.ch\/it\/wp-json\/wp\/v2\/product_brand?post=648165"},{"taxonomy":"product_cat","embeddable":true,"href":"https:\/\/shop.kustom.ch\/it\/wp-json\/wp\/v2\/product_cat?post=648165"},{"taxonomy":"product_tag","embeddable":true,"href":"https:\/\/shop.kustom.ch\/it\/wp-json\/wp\/v2\/product_tag?post=648165"}],"curies":[{"name":"wp","href":"https:\/\/api.w.org\/{rel}","templated":true}]}}

<p>Una giacca imbottita leggera ed essenziale per ogni occasione. Disegnata con una vestibilità regolare e trapuntata con linee diagonali dinamiche, Base unisce stile e funzionalità. Con un cappuccio staccabile e bordi elasticizzati, questa giacca offre versatilità e comfort. La parte superiore del petto e la schiena sono strategicamente disegnate per evidenziare la vostra personalizzazione. Realizzata in poliammide riciclata certificata 100%, Base non solo è ecologica, ma è anche certificata Oeko-Tex 100. Confezionata in un sacchetto biodegradabile e compostabile.</p>
<p>Materiale: Tessuto esterno: 100% poliammide riciclata 38 g/m2. Fodera: 100% poliestere riciclato. Imbottitura: 100% poliestere riciclato 37 g/m2. Oeko-Tex Standard 100</p>

<p>Eine essenzielle leichte wattierte Jacke für jede Gelegenheit. Im Regular Fit gestaltet und mit dynamischen diagonalen Linien gesteppt, vereint Base Stil und Funktionalität. Mit einer abnehmbaren Kapuze und elastischen Einfassungen entlang der Ränder bietet diese Jacke Vielseitigkeit und Komfort. Die obere Brustfront und der Rücken sind strategisch gestaltet, um Ihre Personalisierung hervorzuheben. Hergestellt aus 100% [&hellip;]</p>
