{"id":646870,"date":"2025-04-05T01:29:24","date_gmt":"2025-04-05T00:29:24","guid":{"rendered":"https:\/\/shop.kustom.ch\/?post_type=product&#038;p=646870"},"modified":"2026-03-31T10:33:14","modified_gmt":"2026-03-31T09:33:14","slug":"scarsdale-vest-women","status":"publish","type":"product","link":"https:\/\/shop.kustom.ch\/it\/prodotto\/scarsdale-vest-women\/","title":{"rendered":"Gilet Scarsdale Donna"},"content":{"rendered":"<p>Il gilet Scarsdale \u00e8 il vostro preferito per un look elegante ma funzionale. Progettato con una trapuntatura verticale, questo gilet \u00e8 ideale per essere indossato su capi casual e business. Dotato di una cerniera bidirezionale color metallo per l'apertura principale e di tasche imbottite nascoste, offre un equilibrio tra stile e praticit\u00e0. Il morbido colletto a coste con strisce a contrasto della palette di colori della collezione aggiunge un accento sottile ma d'effetto. \u00c8 inoltre dotato di un rivestimento idrorepellente C0 Bionic Finish Eco.<\/p>\n<p>Materiale: Materiale esterno: 100% poliestere riciclato Imbottitura: 95% poliestere riciclato, 5% poliestere, Bluesign. Fodera: 100% poliestere riciclato<\/p>","protected":false},"excerpt":{"rendered":"<p>Die Scarsdale Weste ist Ihr Favorit f\u00fcr einen eleganten, aber funktionalen Look. Mit vertikaler Steppung designt, eignet sich diese Weste ideal zum \u00dcberziehen \u00fcber Freizeit- und Businesskleidung. Ausgestattet mit einem metallfarbenen Zwei-Wege-Reissverschluss f\u00fcr die Haupt\u00f6ffnung und versteckten gepolsterten Taschen, bietet sie eine Balance aus Stil und Praktikabilit\u00e4t. Der weiche, gerippte Kragen mit kontrastierenden Streifen aus [&hellip;]<\/p>\n","protected":false},"featured_media":646914,"template":"","meta":[],"product_brand":[],"product_cat":[4186],"product_tag":[],"class_list":{"0":"post-646870","1":"product","2":"type-product","3":"status-publish","4":"has-post-thumbnail","6":"product_cat-jacken","7":"pa_brand-harvest","8":"pa_brand-type-workwear","9":"pa_filter-color-blau","10":"pa_filter-color-schwarz","12":"first","13":"instock","14":"sale","15":"taxable","16":"shipping-taxable","17":"purchasable","18":"product-type-variable","19":"add-to-wishlist-before_image"},"exclude_global_add_ons":[],"addons":[],"acf":[],"_links":{"self":[{"href":"https:\/\/shop.kustom.ch\/it\/wp-json\/wp\/v2\/product\/646870"}],"collection":[{"href":"https:\/\/shop.kustom.ch\/it\/wp-json\/wp\/v2\/product"}],"about":[{"href":"https:\/\/shop.kustom.ch\/it\/wp-json\/wp\/v2\/types\/product"}],"wp:featuredmedia":[{"embeddable":true,"href":"https:\/\/shop.kustom.ch\/it\/wp-json\/wp\/v2\/media\/646914"}],"wp:attachment":[{"href":"https:\/\/shop.kustom.ch\/it\/wp-json\/wp\/v2\/media?parent=646870"}],"wp:term":[{"taxonomy":"product_brand","embeddable":true,"href":"https:\/\/shop.kustom.ch\/it\/wp-json\/wp\/v2\/product_brand?post=646870"},{"taxonomy":"product_cat","embeddable":true,"href":"https:\/\/shop.kustom.ch\/it\/wp-json\/wp\/v2\/product_cat?post=646870"},{"taxonomy":"product_tag","embeddable":true,"href":"https:\/\/shop.kustom.ch\/it\/wp-json\/wp\/v2\/product_tag?post=646870"}],"curies":[{"name":"wp","href":"https:\/\/api.w.org\/{rel}","templated":true}]}}

<p>Il gilet Scarsdale è il vostro preferito per un look elegante ma funzionale. Progettato con una trapuntatura verticale, questo gilet è ideale per essere indossato su capi casual e business. Dotato di una cerniera bidirezionale color metallo per l'apertura principale e di tasche imbottite nascoste, offre un equilibrio tra stile e praticità. Il morbido colletto a coste con strisce a contrasto della palette di colori della collezione aggiunge un accento sottile ma d'effetto. È inoltre dotato di un rivestimento idrorepellente C0 Bionic Finish Eco.</p>
<p>Materiale: Materiale esterno: 100% poliestere riciclato Imbottitura: 95% poliestere riciclato, 5% poliestere, Bluesign. Fodera: 100% poliestere riciclato</p>

<p>Die Scarsdale Weste ist Ihr Favorit für einen eleganten, aber funktionalen Look. Mit vertikaler Steppung designt, eignet sich diese Weste ideal zum Überziehen über Freizeit- und Businesskleidung. Ausgestattet mit einem metallfarbenen Zwei-Wege-Reissverschluss für die Hauptöffnung und versteckten gepolsterten Taschen, bietet sie eine Balance aus Stil und Praktikabilität. Der weiche, gerippte Kragen mit kontrastierenden Streifen aus [&hellip;]</p>
