{"id":646687,"date":"2025-04-05T01:28:01","date_gmt":"2025-04-05T00:28:01","guid":{"rendered":"https:\/\/shop.kustom.ch\/?post_type=product&#038;p=646687"},"modified":"2026-03-31T10:40:42","modified_gmt":"2026-03-31T09:40:42","slug":"meadows-woman","status":"publish","type":"product","link":"https:\/\/shop.kustom.ch\/it\/prodotto\/meadows-woman\/","title":{"rendered":"Donna dei prati"},"content":{"rendered":"<p>La giacca imbottita con cappuccio fisso \u00e8 realizzata in resistente tessuto esterno ripstop, prodotto con poliammide riciclata certificata. Una giacca elegante e calda che offre comfort e funzionalit\u00e0 eccezionali. Questo moderno gilet \u00e8 dotato di due tasche laterali con cerniera e di una tasca sul petto con cerniera per riporlo in modo pratico e sicuro. Il carr\u00e9 anteriore consente una facile personalizzazione, rendendo il gilet unico. Il bordo elasticizzato sulle maniche assicura una vestibilit\u00e0 aderente, mentre l'orlo regolabile con coulisse elastica offre un comfort individuale. La giacca \u00e8 inoltre dotata di una tasca interna con chiusura a velcro e di una protezione per il mento per un maggiore comfort e protezione. Confezionata in un sacchetto biodegradabile e compostabile.<\/p>\n<p>Materiale: Materiale esterno: poliammide riciclata 100%, ripstop 38 g\/m2. Fodera: 100% poliestere riciclato 37 g\/m2. Imbottitura: qualit\u00e0 riciclata 180 g\/m2. Oeko-Tex Standard 100<\/p>","protected":false},"excerpt":{"rendered":"<p>Die wattierte Jacke mit fester Kapuze ist aus strapazierf\u00e4higem Ripstop-Aussenstoff gefertigt, der aus zertifiziertem Recycling-Polyamid besteht. Eine stilvolle, warme Jacke, die aussergew\u00f6hnlichen Komfort und Funktionalit\u00e4t bietet. Diese moderne Weste verf\u00fcgt \u00fcber zwei Reissverschlusstaschen an den Seiten und eine Reissverschluss-Brusttasche f\u00fcr bequeme und sichere Aufbewahrung. Die vordere Passe erm\u00f6glicht eine einfache Personalisierung, sodass die Weste einzigartig [&hellip;]<\/p>\n","protected":false},"featured_media":646712,"template":"","meta":[],"product_brand":[],"product_cat":[4186],"product_tag":[],"class_list":{"0":"post-646687","1":"product","2":"type-product","3":"status-publish","4":"has-post-thumbnail","6":"product_cat-jacken","7":"pa_brand-harvest","8":"pa_brand-type-workwear","9":"pa_filter-color-blau","10":"pa_filter-color-grau","11":"pa_filter-color-rot","12":"pa_filter-color-schwarz","14":"first","15":"instock","16":"sale","17":"taxable","18":"shipping-taxable","19":"purchasable","20":"product-type-variable","21":"add-to-wishlist-before_image"},"exclude_global_add_ons":[],"addons":[],"acf":[],"_links":{"self":[{"href":"https:\/\/shop.kustom.ch\/it\/wp-json\/wp\/v2\/product\/646687"}],"collection":[{"href":"https:\/\/shop.kustom.ch\/it\/wp-json\/wp\/v2\/product"}],"about":[{"href":"https:\/\/shop.kustom.ch\/it\/wp-json\/wp\/v2\/types\/product"}],"wp:featuredmedia":[{"embeddable":true,"href":"https:\/\/shop.kustom.ch\/it\/wp-json\/wp\/v2\/media\/646712"}],"wp:attachment":[{"href":"https:\/\/shop.kustom.ch\/it\/wp-json\/wp\/v2\/media?parent=646687"}],"wp:term":[{"taxonomy":"product_brand","embeddable":true,"href":"https:\/\/shop.kustom.ch\/it\/wp-json\/wp\/v2\/product_brand?post=646687"},{"taxonomy":"product_cat","embeddable":true,"href":"https:\/\/shop.kustom.ch\/it\/wp-json\/wp\/v2\/product_cat?post=646687"},{"taxonomy":"product_tag","embeddable":true,"href":"https:\/\/shop.kustom.ch\/it\/wp-json\/wp\/v2\/product_tag?post=646687"}],"curies":[{"name":"wp","href":"https:\/\/api.w.org\/{rel}","templated":true}]}}

<p>La giacca imbottita con cappuccio fisso è realizzata in resistente tessuto esterno ripstop, prodotto con poliammide riciclata certificata. Una giacca elegante e calda che offre comfort e funzionalità eccezionali. Questo moderno gilet è dotato di due tasche laterali con cerniera e di una tasca sul petto con cerniera per riporlo in modo pratico e sicuro. Il carré anteriore consente una facile personalizzazione, rendendo il gilet unico. Il bordo elasticizzato sulle maniche assicura una vestibilità aderente, mentre l'orlo regolabile con coulisse elastica offre un comfort individuale. La giacca è inoltre dotata di una tasca interna con chiusura a velcro e di una protezione per il mento per un maggiore comfort e protezione. Confezionata in un sacchetto biodegradabile e compostabile.</p>
<p>Materiale: Materiale esterno: poliammide riciclata 100%, ripstop 38 g/m2. Fodera: 100% poliestere riciclato 37 g/m2. Imbottitura: qualità riciclata 180 g/m2. Oeko-Tex Standard 100</p>

<p>Die wattierte Jacke mit fester Kapuze ist aus strapazierfähigem Ripstop-Aussenstoff gefertigt, der aus zertifiziertem Recycling-Polyamid besteht. Eine stilvolle, warme Jacke, die aussergewöhnlichen Komfort und Funktionalität bietet. Diese moderne Weste verfügt über zwei Reissverschlusstaschen an den Seiten und eine Reissverschluss-Brusttasche für bequeme und sichere Aufbewahrung. Die vordere Passe ermöglicht eine einfache Personalisierung, sodass die Weste einzigartig [&hellip;]</p>
