{"id":644353,"date":"2025-04-03T21:55:51","date_gmt":"2025-04-03T20:55:51","guid":{"rendered":"https:\/\/shop.kustom.ch\/?post_type=product&#038;p=644353"},"modified":"2026-03-31T11:22:12","modified_gmt":"2026-03-31T10:22:12","slug":"yoke-fleece-full-zip-man","status":"publish","type":"product","link":"https:\/\/shop.kustom.ch\/it\/prodotto\/yoke-fleece-full-zip-man\/","title":{"rendered":"Pile carr\u00e9 uomo con zip intera"},"content":{"rendered":"<p>Una giacca in pile dal design senza tempo che vi terr\u00e0 al caldo tutto l'anno. Si adatta perfettamente a una giacca shell o pu\u00f2 essere indossata separatamente nelle giornate pi\u00f9 fresche. Abbinata ai jeans o a uno dei nostri pantaloni outdoor, \u00e8 perfetta per creare un look completo. Nelle due tasche con cerniera \u00e8 possibile riporre il cellulare e le chiavi. Inoltre, presenta un discreto logo Tenson sul braccio. La Yoke Full Zip \u00e8 perfetta come giacca per i giorni feriali in citt\u00e0 e per i fine settimana all'aperto.<\/p>\n<p>Materiale: poliestere riciclato 100%<\/p>","protected":false},"excerpt":{"rendered":"<p>Eine Fleecejacke mit zeitlosem Design, die Sie das ganze Jahr \u00fcber warm h\u00e4lt. Sie passt perfekt unter eine Shell-Jacke oder kann an k\u00fchlen Tagen auch separat getragen werden. Kombiniert mit einer Jeans oder einer unserer Outdoor-Hosen sieht sie grossartig aus und sorgt f\u00fcr einen kompletten Look. In den beiden Reissverschlusstaschen k\u00f6nnen Sie Ihr Handy und [&hellip;]<\/p>\n","protected":false},"featured_media":644416,"template":"","meta":[],"product_brand":[],"product_cat":[4186],"product_tag":[],"class_list":{"0":"post-644353","1":"product","2":"type-product","3":"status-publish","4":"has-post-thumbnail","6":"product_cat-jacken","7":"pa_brand-tenson","8":"pa_brand-type-sportswear","9":"pa_filter-color-beige","10":"pa_filter-color-schwarz","12":"first","13":"instock","14":"sale","15":"taxable","16":"shipping-taxable","17":"purchasable","18":"product-type-variable","19":"add-to-wishlist-before_image"},"exclude_global_add_ons":[],"addons":[],"acf":[],"_links":{"self":[{"href":"https:\/\/shop.kustom.ch\/it\/wp-json\/wp\/v2\/product\/644353"}],"collection":[{"href":"https:\/\/shop.kustom.ch\/it\/wp-json\/wp\/v2\/product"}],"about":[{"href":"https:\/\/shop.kustom.ch\/it\/wp-json\/wp\/v2\/types\/product"}],"wp:featuredmedia":[{"embeddable":true,"href":"https:\/\/shop.kustom.ch\/it\/wp-json\/wp\/v2\/media\/644416"}],"wp:attachment":[{"href":"https:\/\/shop.kustom.ch\/it\/wp-json\/wp\/v2\/media?parent=644353"}],"wp:term":[{"taxonomy":"product_brand","embeddable":true,"href":"https:\/\/shop.kustom.ch\/it\/wp-json\/wp\/v2\/product_brand?post=644353"},{"taxonomy":"product_cat","embeddable":true,"href":"https:\/\/shop.kustom.ch\/it\/wp-json\/wp\/v2\/product_cat?post=644353"},{"taxonomy":"product_tag","embeddable":true,"href":"https:\/\/shop.kustom.ch\/it\/wp-json\/wp\/v2\/product_tag?post=644353"}],"curies":[{"name":"wp","href":"https:\/\/api.w.org\/{rel}","templated":true}]}}

Pile carré uomo con zip intera

<p>Una giacca in pile dal design senza tempo che vi terrà al caldo tutto l'anno. Si adatta perfettamente a una giacca shell o può essere indossata separatamente nelle giornate più fresche. Abbinata ai jeans o a uno dei nostri pantaloni outdoor, è perfetta per creare un look completo. Nelle due tasche con cerniera è possibile riporre il cellulare e le chiavi. Inoltre, presenta un discreto logo Tenson sul braccio. La Yoke Full Zip è perfetta come giacca per i giorni feriali in città e per i fine settimana all'aperto.</p>
<p>Materiale: poliestere riciclato 100%</p>

<p>Eine Fleecejacke mit zeitlosem Design, die Sie das ganze Jahr über warm hält. Sie passt perfekt unter eine Shell-Jacke oder kann an kühlen Tagen auch separat getragen werden. Kombiniert mit einer Jeans oder einer unserer Outdoor-Hosen sieht sie grossartig aus und sorgt für einen kompletten Look. In den beiden Reissverschlusstaschen können Sie Ihr Handy und [&hellip;]</p>
