{"id":643777,"date":"2025-04-03T21:51:33","date_gmt":"2025-04-03T20:51:33","guid":{"rendered":"https:\/\/shop.kustom.ch\/?post_type=product&#038;p=643777"},"modified":"2026-03-31T11:26:22","modified_gmt":"2026-03-31T10:26:22","slug":"txlite-midlayer-full-zip-man","status":"publish","type":"product","link":"https:\/\/shop.kustom.ch\/it\/prodotto\/txlite-midlayer-full-zip-man\/","title":{"rendered":"TXlite Midlayer Uomo con zip intera"},"content":{"rendered":"<p>Il TXlite Midlayer Zip, con il suo tessuto PowerComfort\u2122 elastico e flessibile, sta comodamente sotto una giacca per tutto il giorno all'aperto, ma pu\u00f2 anche essere indossato separatamente quando il tempo lo permette. La cerniera \u00e8 dotata di una protezione per il mento che impedisce di impigliarsi quando la cerniera \u00e8 tirata fino in fondo. Per facilitare il trasporto dei vostri oggetti, \u00e8 dotato di due tasche anteriori, entrambe con cerniera, in cui potete riporre gli oggetti senza che cadano. Non solo si pu\u00f2 usare come strato intermedio, ma si pu\u00f2 anche indossare separatamente nelle fredde giornate primaverili o nelle serate di fine estate.<\/p>\n<p>- Comfort di potenza<br \/>\n- Stretch<\/p>\n<p>Materiale: 95% poliestere, 5% elastan<\/p>","protected":false},"excerpt":{"rendered":"<p>Der TXlite Midlayer Zip mit seinem dehnbaren und flexiblen PowerComfort\u2122-Gewebe sitzt den ganzen Tag \u00fcber in der Natur bequem unter einer Jacke, kann aber auch separat getragen werden, wenn das Wetter es zul\u00e4sst Der Reissverschluss ist mit einem Kinnschutz ausgestattet, der verhindert, dass Sie sich einklemmen, wenn der Reissverschluss ganz nach oben gezogen wird. Damit [&hellip;]<\/p>\n","protected":false},"featured_media":643864,"template":"","meta":[],"product_brand":[],"product_cat":[4191],"product_tag":[],"class_list":{"0":"post-643777","1":"product","2":"type-product","3":"status-publish","4":"has-post-thumbnail","6":"product_cat-longsleeves-sweatshirts","7":"pa_brand-tenson","8":"pa_brand-type-sportswear","9":"pa_filter-color-blau","10":"pa_filter-color-grau","11":"pa_filter-color-orange","12":"pa_filter-color-schwarz","14":"first","15":"instock","16":"sale","17":"taxable","18":"shipping-taxable","19":"purchasable","20":"product-type-variable","21":"add-to-wishlist-before_image"},"exclude_global_add_ons":[],"addons":[],"acf":[],"_links":{"self":[{"href":"https:\/\/shop.kustom.ch\/it\/wp-json\/wp\/v2\/product\/643777"}],"collection":[{"href":"https:\/\/shop.kustom.ch\/it\/wp-json\/wp\/v2\/product"}],"about":[{"href":"https:\/\/shop.kustom.ch\/it\/wp-json\/wp\/v2\/types\/product"}],"wp:featuredmedia":[{"embeddable":true,"href":"https:\/\/shop.kustom.ch\/it\/wp-json\/wp\/v2\/media\/643864"}],"wp:attachment":[{"href":"https:\/\/shop.kustom.ch\/it\/wp-json\/wp\/v2\/media?parent=643777"}],"wp:term":[{"taxonomy":"product_brand","embeddable":true,"href":"https:\/\/shop.kustom.ch\/it\/wp-json\/wp\/v2\/product_brand?post=643777"},{"taxonomy":"product_cat","embeddable":true,"href":"https:\/\/shop.kustom.ch\/it\/wp-json\/wp\/v2\/product_cat?post=643777"},{"taxonomy":"product_tag","embeddable":true,"href":"https:\/\/shop.kustom.ch\/it\/wp-json\/wp\/v2\/product_tag?post=643777"}],"curies":[{"name":"wp","href":"https:\/\/api.w.org\/{rel}","templated":true}]}}

<p>Il TXlite Midlayer Zip, con il suo tessuto PowerComfort™ elastico e flessibile, sta comodamente sotto una giacca per tutto il giorno all'aperto, ma può anche essere indossato separatamente quando il tempo lo permette. La cerniera è dotata di una protezione per il mento che impedisce di impigliarsi quando la cerniera è tirata fino in fondo. Per facilitare il trasporto dei vostri oggetti, è dotato di due tasche anteriori, entrambe con cerniera, in cui potete riporre gli oggetti senza che cadano. Non solo si può usare come strato intermedio, ma si può anche indossare separatamente nelle fredde giornate primaverili o nelle serate di fine estate.</p>
<p>- Comfort di potenza<br />
- Stretch</p>
<p>Materiale: 95% poliestere, 5% elastan</p>

<p>Der TXlite Midlayer Zip mit seinem dehnbaren und flexiblen PowerComfort™-Gewebe sitzt den ganzen Tag über in der Natur bequem unter einer Jacke, kann aber auch separat getragen werden, wenn das Wetter es zulässt Der Reissverschluss ist mit einem Kinnschutz ausgestattet, der verhindert, dass Sie sich einklemmen, wenn der Reissverschluss ganz nach oben gezogen wird. Damit [&hellip;]</p>
