{"id":643728,"date":"2025-04-03T21:51:04","date_gmt":"2025-04-03T20:51:04","guid":{"rendered":"https:\/\/shop.kustom.ch\/?post_type=product&#038;p=643728"},"modified":"2026-03-31T11:24:04","modified_gmt":"2026-03-31T10:24:04","slug":"txlite-hybrid-vest-man","status":"publish","type":"product","link":"https:\/\/shop.kustom.ch\/it\/prodotto\/txlite-hybrid-vest-man\/","title":{"rendered":"Gilet ibrido TXlite Uomo"},"content":{"rendered":"<p>Questo gilet leggero della gamma TXlite \u00e8 un perfetto strato intermedio facile da portare con s\u00e9. La parte anteriore e posteriore \u00e8 realizzata in tessuto trapuntato elasticizzato con leggera imbottitura in poliammide 10%. I fianchi sono realizzati in poliestere 90% ed elastan 10%. Sia la vita che il giromanica sono elasticizzati. Il modello \u00e8 inoltre dotato di due tasche anteriori con cerniera. Il gilet \u00e8 antivento e ha un colletto rialzato per proteggere il collo. Indossate questo gilet leggero con i nostri pantaloni e le nostre giacche shell. Nei viaggi pi\u00f9 lunghi, potete indossare questo gilet come strato intermedio riscaldante o separatamente quando la temperatura sale.<\/p>\n<p>- Comfort di potenza<br \/>\n- Asciugatura rapida<br \/>\n- Stretch<\/p>\n<p>Materiale: Materiale 1: poliestere 90%, elastan 10%. Materiale 2: poliammide 100%. Imbottitura: poliestere 100%<\/p>","protected":false},"excerpt":{"rendered":"<p>Diese leichte Weste aus der TXlite-Serie ist ein perfektes Midlayermodell, das sich leicht einpacken und mitnehmen l\u00e4sst. Die Vorder- und R\u00fcckseite bestehen aus einem dehnbaren gesteppten Stoff mit leichter Wattierung aus 10% Polyamid. Die Seiten bestehen aus 90% Polyester und 10% Elasthan. Sowohl die Taille als auch die Armausschnitte sind mit Gummiz\u00fcgen versehen. Ferner verf\u00fcgt [&hellip;]<\/p>\n","protected":false},"featured_media":643760,"template":"","meta":[],"product_brand":[],"product_cat":[4208],"product_tag":[],"class_list":{"0":"post-643728","1":"product","2":"type-product","3":"status-publish","4":"has-post-thumbnail","6":"product_cat-westen","7":"pa_brand-tenson","8":"pa_brand-type-sportswear","9":"pa_filter-color-blau","10":"pa_filter-color-schwarz","12":"first","13":"instock","14":"sale","15":"taxable","16":"shipping-taxable","17":"purchasable","18":"product-type-variable","19":"add-to-wishlist-before_image"},"exclude_global_add_ons":[],"addons":[],"acf":[],"_links":{"self":[{"href":"https:\/\/shop.kustom.ch\/it\/wp-json\/wp\/v2\/product\/643728"}],"collection":[{"href":"https:\/\/shop.kustom.ch\/it\/wp-json\/wp\/v2\/product"}],"about":[{"href":"https:\/\/shop.kustom.ch\/it\/wp-json\/wp\/v2\/types\/product"}],"wp:featuredmedia":[{"embeddable":true,"href":"https:\/\/shop.kustom.ch\/it\/wp-json\/wp\/v2\/media\/643760"}],"wp:attachment":[{"href":"https:\/\/shop.kustom.ch\/it\/wp-json\/wp\/v2\/media?parent=643728"}],"wp:term":[{"taxonomy":"product_brand","embeddable":true,"href":"https:\/\/shop.kustom.ch\/it\/wp-json\/wp\/v2\/product_brand?post=643728"},{"taxonomy":"product_cat","embeddable":true,"href":"https:\/\/shop.kustom.ch\/it\/wp-json\/wp\/v2\/product_cat?post=643728"},{"taxonomy":"product_tag","embeddable":true,"href":"https:\/\/shop.kustom.ch\/it\/wp-json\/wp\/v2\/product_tag?post=643728"}],"curies":[{"name":"wp","href":"https:\/\/api.w.org\/{rel}","templated":true}]}}

<p>Questo gilet leggero della gamma TXlite è un perfetto strato intermedio facile da portare con sé. La parte anteriore e posteriore è realizzata in tessuto trapuntato elasticizzato con leggera imbottitura in poliammide 10%. I fianchi sono realizzati in poliestere 90% ed elastan 10%. Sia la vita che il giromanica sono elasticizzati. Il modello è inoltre dotato di due tasche anteriori con cerniera. Il gilet è antivento e ha un colletto rialzato per proteggere il collo. Indossate questo gilet leggero con i nostri pantaloni e le nostre giacche shell. Nei viaggi più lunghi, potete indossare questo gilet come strato intermedio riscaldante o separatamente quando la temperatura sale.</p>
<p>- Comfort di potenza<br />
- Asciugatura rapida<br />
- Stretch</p>
<p>Materiale: Materiale 1: poliestere 90%, elastan 10%. Materiale 2: poliammide 100%. Imbottitura: poliestere 100%</p>

<p>Diese leichte Weste aus der TXlite-Serie ist ein perfektes Midlayermodell, das sich leicht einpacken und mitnehmen lässt. Die Vorder- und Rückseite bestehen aus einem dehnbaren gesteppten Stoff mit leichter Wattierung aus 10% Polyamid. Die Seiten bestehen aus 90% Polyester und 10% Elasthan. Sowohl die Taille als auch die Armausschnitte sind mit Gummizügen versehen. Ferner verfügt [&hellip;]</p>
