{"id":643727,"date":"2025-04-03T21:51:04","date_gmt":"2025-04-03T20:51:04","guid":{"rendered":"https:\/\/shop.kustom.ch\/?post_type=product&#038;p=643727"},"modified":"2026-03-31T11:27:46","modified_gmt":"2026-03-31T10:27:46","slug":"txlite-hybrid-jacket-women","status":"publish","type":"product","link":"https:\/\/shop.kustom.ch\/it\/prodotto\/txlite-hybrid-jacket-women\/","title":{"rendered":"Giacca ibrida TXlite Donna"},"content":{"rendered":"<p>La TXlite Hybrid Zip \u00e8 una giacca a strato intermedio perfetta, realizzata in un materiale confortevole, elastico, leggero e facile da trasportare. Si pu\u00f2 indossare separatamente o sotto un guscio o una giacca antipioggia nelle giornate pi\u00f9 fredde. Ha maniche allungate con gomiti preformati e fori per i pollici per evitare che le maniche si impiglino sotto la giacca. Il materiale si asciuga rapidamente ed \u00e8 dotato di isolamento trapuntato sul davanti e sul retro per tenervi al caldo. Le due tasche anteriori sono chiuse con cerniera per non perdere nulla.<\/p>\n<p>- Comfort di potenza<br \/>\n- Asciugatura rapida<br \/>\n- Stretch<\/p>\n<p>Materiale: Materiale 1: poliestere 90%, elastan 10%. Materiale 2: poliammide 100%. Imbottitura: poliestere 100%<\/p>","protected":false},"excerpt":{"rendered":"<p>Die TXlite Hybrid Zip ist die perfekte Midlayer-Jacke aus einem bequemen, dehnbaren, dabei aber federleichten und einfach zu verpackenden Material. Tragen Sie sie separat oder an k\u00e4lteren Tagen unter einer Shell- oder Regenjacke. Sie verf\u00fcgt \u00fcber verl\u00e4ngerte \u00c4rmel mit vorgeformten Ellbogen und Daumenl\u00f6cher, die verhindern, dass sich die \u00c4rmel unter Ihrer Jacke verfangen. Das Material [&hellip;]<\/p>\n","protected":false},"featured_media":643746,"template":"","meta":[],"product_brand":[],"product_cat":[4191],"product_tag":[],"class_list":{"0":"post-643727","1":"product","2":"type-product","3":"status-publish","4":"has-post-thumbnail","6":"product_cat-longsleeves-sweatshirts","7":"pa_brand-tenson","8":"pa_brand-type-sportswear","9":"pa_filter-color-blau","10":"pa_filter-color-schwarz","12":"first","13":"instock","14":"sale","15":"taxable","16":"shipping-taxable","17":"purchasable","18":"product-type-variable","19":"add-to-wishlist-before_image"},"exclude_global_add_ons":[],"addons":[],"acf":[],"_links":{"self":[{"href":"https:\/\/shop.kustom.ch\/it\/wp-json\/wp\/v2\/product\/643727"}],"collection":[{"href":"https:\/\/shop.kustom.ch\/it\/wp-json\/wp\/v2\/product"}],"about":[{"href":"https:\/\/shop.kustom.ch\/it\/wp-json\/wp\/v2\/types\/product"}],"wp:featuredmedia":[{"embeddable":true,"href":"https:\/\/shop.kustom.ch\/it\/wp-json\/wp\/v2\/media\/643746"}],"wp:attachment":[{"href":"https:\/\/shop.kustom.ch\/it\/wp-json\/wp\/v2\/media?parent=643727"}],"wp:term":[{"taxonomy":"product_brand","embeddable":true,"href":"https:\/\/shop.kustom.ch\/it\/wp-json\/wp\/v2\/product_brand?post=643727"},{"taxonomy":"product_cat","embeddable":true,"href":"https:\/\/shop.kustom.ch\/it\/wp-json\/wp\/v2\/product_cat?post=643727"},{"taxonomy":"product_tag","embeddable":true,"href":"https:\/\/shop.kustom.ch\/it\/wp-json\/wp\/v2\/product_tag?post=643727"}],"curies":[{"name":"wp","href":"https:\/\/api.w.org\/{rel}","templated":true}]}}

<p>La TXlite Hybrid Zip è una giacca a strato intermedio perfetta, realizzata in un materiale confortevole, elastico, leggero e facile da trasportare. Si può indossare separatamente o sotto un guscio o una giacca antipioggia nelle giornate più fredde. Ha maniche allungate con gomiti preformati e fori per i pollici per evitare che le maniche si impiglino sotto la giacca. Il materiale si asciuga rapidamente ed è dotato di isolamento trapuntato sul davanti e sul retro per tenervi al caldo. Le due tasche anteriori sono chiuse con cerniera per non perdere nulla.</p>
<p>- Comfort di potenza<br />
- Asciugatura rapida<br />
- Stretch</p>
<p>Materiale: Materiale 1: poliestere 90%, elastan 10%. Materiale 2: poliammide 100%. Imbottitura: poliestere 100%</p>

<p>Die TXlite Hybrid Zip ist die perfekte Midlayer-Jacke aus einem bequemen, dehnbaren, dabei aber federleichten und einfach zu verpackenden Material. Tragen Sie sie separat oder an kälteren Tagen unter einer Shell- oder Regenjacke. Sie verfügt über verlängerte Ärmel mit vorgeformten Ellbogen und Daumenlöcher, die verhindern, dass sich die Ärmel unter Ihrer Jacke verfangen. Das Material [&hellip;]</p>
