{"id":643354,"date":"2025-04-03T21:47:36","date_gmt":"2025-04-03T20:47:36","guid":{"rendered":"https:\/\/shop.kustom.ch\/?post_type=product&#038;p=643354"},"modified":"2026-03-31T11:27:44","modified_gmt":"2026-03-31T10:27:44","slug":"apelviken-pu-coat-men","status":"publish","type":"product","link":"https:\/\/shop.kustom.ch\/it\/prodotto\/apelviken-pu-coat-men\/","title":{"rendered":"Apelviken Cappotto PU Uomo"},"content":{"rendered":"<p>Apelviken ha un design classico in PU mackintosh con una silhouette dritta e un morbido tessuto jersey all'interno. Questo cappotto \u00e8 dotato di polsini regolabili e di uno spacco sul retro che offre una completa libert\u00e0 di movimento. L'impermeabilit\u00e0 \u00e8 di 5.000 mm, con un comodo cappuccio fisso e cuciture nastrate per mantenervi asciutti. Il mackintosh \u00e8 inoltre dotato di ventilazione supplementare sotto le braccia per evitare il surriscaldamento.<\/p>\n<p>- WP 5 000 mm<br \/>\n- Retro della maglia<br \/>\n- Tutte le cuciture sono saldate<\/p>\n<p>Materiale: poliuretano 100%<\/p>","protected":false},"excerpt":{"rendered":"<p>Apelviken hat ein klassisches PU-Regenmantel-Design mit einer geraden Silhouette und weichem Jerseystoff auf der Innenseite. Dieser Mantel verf\u00fcgt \u00fcber verstellbare Manschetten und einen Schlitz am R\u00fccken, der Ihnen vollst\u00e4ndige Bewegungsfreiheit verschafft. Die Wasserdichtigkeit betr\u00e4gt 5.000 mm, mit einer bequemen festen Kapuze und versiegelte N\u00e4hte, damit Sie trocken bleiben. Der Regenmantel hat ausserdem eine zus\u00e4tzliche Bel\u00fcftung [&hellip;]<\/p>\n","protected":false},"featured_media":643358,"template":"","meta":[],"product_brand":[],"product_cat":[4186],"product_tag":[],"class_list":{"0":"post-643354","1":"product","2":"type-product","3":"status-publish","4":"has-post-thumbnail","6":"product_cat-jacken","7":"pa_brand-tenson","8":"pa_brand-type-sportswear","9":"pa_filter-color-blau","10":"pa_filter-color-gruen","11":"pa_filter-color-schwarz","13":"first","14":"instock","15":"sale","16":"taxable","17":"shipping-taxable","18":"purchasable","19":"product-type-variable","20":"add-to-wishlist-before_image"},"exclude_global_add_ons":[],"addons":[],"acf":[],"_links":{"self":[{"href":"https:\/\/shop.kustom.ch\/it\/wp-json\/wp\/v2\/product\/643354"}],"collection":[{"href":"https:\/\/shop.kustom.ch\/it\/wp-json\/wp\/v2\/product"}],"about":[{"href":"https:\/\/shop.kustom.ch\/it\/wp-json\/wp\/v2\/types\/product"}],"wp:featuredmedia":[{"embeddable":true,"href":"https:\/\/shop.kustom.ch\/it\/wp-json\/wp\/v2\/media\/643358"}],"wp:attachment":[{"href":"https:\/\/shop.kustom.ch\/it\/wp-json\/wp\/v2\/media?parent=643354"}],"wp:term":[{"taxonomy":"product_brand","embeddable":true,"href":"https:\/\/shop.kustom.ch\/it\/wp-json\/wp\/v2\/product_brand?post=643354"},{"taxonomy":"product_cat","embeddable":true,"href":"https:\/\/shop.kustom.ch\/it\/wp-json\/wp\/v2\/product_cat?post=643354"},{"taxonomy":"product_tag","embeddable":true,"href":"https:\/\/shop.kustom.ch\/it\/wp-json\/wp\/v2\/product_tag?post=643354"}],"curies":[{"name":"wp","href":"https:\/\/api.w.org\/{rel}","templated":true}]}}

<p>Apelviken ha un design classico in PU mackintosh con una silhouette dritta e un morbido tessuto jersey all'interno. Questo cappotto è dotato di polsini regolabili e di uno spacco sul retro che offre una completa libertà di movimento. L'impermeabilità è di 5.000 mm, con un comodo cappuccio fisso e cuciture nastrate per mantenervi asciutti. Il mackintosh è inoltre dotato di ventilazione supplementare sotto le braccia per evitare il surriscaldamento.</p>
<p>- WP 5 000 mm<br />
- Retro della maglia<br />
- Tutte le cuciture sono saldate</p>
<p>Materiale: poliuretano 100%</p>

<p>Apelviken hat ein klassisches PU-Regenmantel-Design mit einer geraden Silhouette und weichem Jerseystoff auf der Innenseite. Dieser Mantel verfügt über verstellbare Manschetten und einen Schlitz am Rücken, der Ihnen vollständige Bewegungsfreiheit verschafft. Die Wasserdichtigkeit beträgt 5.000 mm, mit einer bequemen festen Kapuze und versiegelte Nähte, damit Sie trocken bleiben. Der Regenmantel hat ausserdem eine zusätzliche Belüftung [&hellip;]</p>
