{"id":637075,"date":"2025-03-22T03:38:09","date_gmt":"2025-03-22T02:38:09","guid":{"rendered":"https:\/\/shop.kustom.ch\/?post_type=product&#038;p=637075"},"modified":"2026-03-27T13:47:25","modified_gmt":"2026-03-27T12:47:25","slug":"adv-join-windbreaker-w","status":"publish","type":"product","link":"https:\/\/shop.kustom.ch\/it\/prodotto\/adv-join-windbreaker-w\/","title":{"rendered":"Giacca a vento ADV Join W"},"content":{"rendered":"<p>Questa moderna giacca a vento \u00e8 realizzata in tessuto sottile e leggero ed \u00e8 dotata di una funzionale fodera in rete che offre un eccellente trasporto dell'umidit\u00e0 per un comfort ottimale. La forma ampia, abbinata a un elastico in vita e a un corpetto in jersey aderente sul fondo, crea una silhouette straordinariamente femminile. La giacca a vento \u00e8 inoltre dotata di un cappuccio con coulisse regolabile e di due tasche con zip nascoste per riporre in modo sicuro chiavi e altri oggetti.<\/p>\n<p>- Tessuto sottile, leggero e resistente al vento<br \/>\n- Tessuto a rete in poliestere riciclato<br \/>\n- Fodera in rete funzionale<br \/>\n- Corpetto in jersey aderente in basso<br \/>\n- Coulisse elastica in vita per una vestibilit\u00e0 regolabile<br \/>\n- Cappuccio con coulisse regolabile<br \/>\n- Tasche laterali a scomparsa con zip<br \/>\n- Vestibilit\u00e0 ampia<\/p>\n<p>Materiale: Corpo: 100% poliammide riciclata. Fodera inferiore: 77% poliestere riciclato, 23% elastan. Fodera superiore<br \/>\n100% Poliestere riciclato<\/p>","protected":false},"excerpt":{"rendered":"<p>Diese moderne Windjacke ist aus d\u00fcnnem und leichtem Stoff gefertigt und verf\u00fcgt \u00fcber ein funktionelles Netzfutter, das einen hervorragenden Feuchtigkeitstransport f\u00fcr optimalen Tragekomfort bietet. Eine weite Form kombiniert mit einem Gummizug in der Taille und einem eng anliegenden Jersey-Mieder im unteren Bereich sorgt f\u00fcr eine umwerfend feminine Silhouette. Ausserdem verf\u00fcgt die Windjacke \u00fcber eine Kapuze [&hellip;]<\/p>\n","protected":false},"featured_media":626083,"template":"","meta":[],"product_brand":[],"product_cat":[4186],"product_tag":[],"class_list":{"0":"post-637075","1":"product","2":"type-product","3":"status-publish","4":"has-post-thumbnail","6":"product_cat-jacken","7":"pa_brand-craft-retail-sportswear","8":"pa_brand-type-sportswear","9":"pa_filter-color-gruen","10":"pa_filter-color-schwarz","12":"first","13":"instock","14":"sale","15":"taxable","16":"shipping-taxable","17":"purchasable","18":"product-type-variable","19":"add-to-wishlist-before_image"},"exclude_global_add_ons":[],"addons":[],"acf":[],"_links":{"self":[{"href":"https:\/\/shop.kustom.ch\/it\/wp-json\/wp\/v2\/product\/637075"}],"collection":[{"href":"https:\/\/shop.kustom.ch\/it\/wp-json\/wp\/v2\/product"}],"about":[{"href":"https:\/\/shop.kustom.ch\/it\/wp-json\/wp\/v2\/types\/product"}],"wp:featuredmedia":[{"embeddable":true,"href":"https:\/\/shop.kustom.ch\/it\/wp-json\/wp\/v2\/media\/626083"}],"wp:attachment":[{"href":"https:\/\/shop.kustom.ch\/it\/wp-json\/wp\/v2\/media?parent=637075"}],"wp:term":[{"taxonomy":"product_brand","embeddable":true,"href":"https:\/\/shop.kustom.ch\/it\/wp-json\/wp\/v2\/product_brand?post=637075"},{"taxonomy":"product_cat","embeddable":true,"href":"https:\/\/shop.kustom.ch\/it\/wp-json\/wp\/v2\/product_cat?post=637075"},{"taxonomy":"product_tag","embeddable":true,"href":"https:\/\/shop.kustom.ch\/it\/wp-json\/wp\/v2\/product_tag?post=637075"}],"curies":[{"name":"wp","href":"https:\/\/api.w.org\/{rel}","templated":true}]}}

<p>Questa moderna giacca a vento è realizzata in tessuto sottile e leggero ed è dotata di una funzionale fodera in rete che offre un eccellente trasporto dell'umidità per un comfort ottimale. La forma ampia, abbinata a un elastico in vita e a un corpetto in jersey aderente sul fondo, crea una silhouette straordinariamente femminile. La giacca a vento è inoltre dotata di un cappuccio con coulisse regolabile e di due tasche con zip nascoste per riporre in modo sicuro chiavi e altri oggetti.</p>
<p>- Tessuto sottile, leggero e resistente al vento<br />
- Tessuto a rete in poliestere riciclato<br />
- Fodera in rete funzionale<br />
- Corpetto in jersey aderente in basso<br />
- Coulisse elastica in vita per una vestibilità regolabile<br />
- Cappuccio con coulisse regolabile<br />
- Tasche laterali a scomparsa con zip<br />
- Vestibilità ampia</p>
<p>Materiale: Corpo: 100% poliammide riciclata. Fodera inferiore: 77% poliestere riciclato, 23% elastan. Fodera superiore<br />
100% Poliestere riciclato</p>

<p>Diese moderne Windjacke ist aus dünnem und leichtem Stoff gefertigt und verfügt über ein funktionelles Netzfutter, das einen hervorragenden Feuchtigkeitstransport für optimalen Tragekomfort bietet. Eine weite Form kombiniert mit einem Gummizug in der Taille und einem eng anliegenden Jersey-Mieder im unteren Bereich sorgt für eine umwerfend feminine Silhouette. Ausserdem verfügt die Windjacke über eine Kapuze [&hellip;]</p>
