{"id":636373,"date":"2025-03-22T03:33:00","date_gmt":"2025-03-22T02:33:00","guid":{"rendered":"https:\/\/shop.kustom.ch\/?post_type=product&#038;p=636373"},"modified":"2026-03-27T14:01:32","modified_gmt":"2026-03-27T13:01:32","slug":"adv-essence-short-tights-2-m","status":"publish","type":"product","link":"https:\/\/shop.kustom.ch\/it\/prodotto\/adv-essence-short-tights-2-m\/","title":{"rendered":"ADV Essence Collant corto 2 M"},"content":{"rendered":"<p>Questa calzamaglia corta da allenamento offre una vestibilit\u00e0 eccezionale e un'ottima funzionalit\u00e0 durante le sessioni di allenamento ad alta intensit\u00e0. La calzamaglia \u00e8 realizzata in jersey di poliestere elastan riciclato e presenta un elastico in vita con coulisse, una tasca per le chiavi sulla cintura e un'ampia tasca per il cellulare.<\/p>\n<p>- Maglia realizzata in poliestere riciclato ed elastan<br \/>\n- Vita elastica con coulisse<br \/>\n- Tasca per cellulare sulla gamba destra<br \/>\n- Tasca portachiavi in vita<\/p>\n<p>Materiale: 72% poliestere riciclato, 28% elastan<\/p>","protected":false},"excerpt":{"rendered":"<p>Diese kurzen Trainingstights bieten eine hervorragende Passform und eine ausgezeichnete Funktion bei hochintensiven Trainingseinheiten. Die Tights sind aus recyceltem Polyester-Elastan-Jersey gefertigt und verf\u00fcgt \u00fcber einen elastischen Bund mit Kordelzug, eine Schl\u00fcsseltasche am Bund und eine grosse Handytasche. \u2022 Jersey aus recyceltem Polyester und Elastan \u2022 Elastischer Bund mit Kordelzug \u2022 Handytasche am rechten Bein \u2022 [&hellip;]<\/p>\n","protected":false},"featured_media":625181,"template":"","meta":[],"product_brand":[],"product_cat":[4190],"product_tag":[],"class_list":{"0":"post-636373","1":"product","2":"type-product","3":"status-publish","4":"has-post-thumbnail","6":"product_cat-leggings","7":"pa_brand-craft-retail-sportswear","8":"pa_brand-type-sportswear","9":"pa_filter-color-schwarz","11":"first","12":"instock","13":"sale","14":"taxable","15":"shipping-taxable","16":"purchasable","17":"product-type-variable","18":"add-to-wishlist-before_image"},"exclude_global_add_ons":[],"addons":[],"acf":[],"_links":{"self":[{"href":"https:\/\/shop.kustom.ch\/it\/wp-json\/wp\/v2\/product\/636373"}],"collection":[{"href":"https:\/\/shop.kustom.ch\/it\/wp-json\/wp\/v2\/product"}],"about":[{"href":"https:\/\/shop.kustom.ch\/it\/wp-json\/wp\/v2\/types\/product"}],"wp:featuredmedia":[{"embeddable":true,"href":"https:\/\/shop.kustom.ch\/it\/wp-json\/wp\/v2\/media\/625181"}],"wp:attachment":[{"href":"https:\/\/shop.kustom.ch\/it\/wp-json\/wp\/v2\/media?parent=636373"}],"wp:term":[{"taxonomy":"product_brand","embeddable":true,"href":"https:\/\/shop.kustom.ch\/it\/wp-json\/wp\/v2\/product_brand?post=636373"},{"taxonomy":"product_cat","embeddable":true,"href":"https:\/\/shop.kustom.ch\/it\/wp-json\/wp\/v2\/product_cat?post=636373"},{"taxonomy":"product_tag","embeddable":true,"href":"https:\/\/shop.kustom.ch\/it\/wp-json\/wp\/v2\/product_tag?post=636373"}],"curies":[{"name":"wp","href":"https:\/\/api.w.org\/{rel}","templated":true}]}}

<p>Questa calzamaglia corta da allenamento offre una vestibilità eccezionale e un'ottima funzionalità durante le sessioni di allenamento ad alta intensità. La calzamaglia è realizzata in jersey di poliestere elastan riciclato e presenta un elastico in vita con coulisse, una tasca per le chiavi sulla cintura e un'ampia tasca per il cellulare.</p>
<p>- Maglia realizzata in poliestere riciclato ed elastan<br />
- Vita elastica con coulisse<br />
- Tasca per cellulare sulla gamba destra<br />
- Tasca portachiavi in vita</p>
<p>Materiale: 72% poliestere riciclato, 28% elastan</p>

<p>Diese kurzen Trainingstights bieten eine hervorragende Passform und eine ausgezeichnete Funktion bei hochintensiven Trainingseinheiten. Die Tights sind aus recyceltem Polyester-Elastan-Jersey gefertigt und verfügt über einen elastischen Bund mit Kordelzug, eine Schlüsseltasche am Bund und eine grosse Handytasche. • Jersey aus recyceltem Polyester und Elastan • Elastischer Bund mit Kordelzug • Handytasche am rechten Bein • [&hellip;]</p>
