{"id":618669,"date":"2025-03-12T02:52:55","date_gmt":"2025-03-12T01:52:55","guid":{"rendered":"https:\/\/shop.kustom.ch\/?post_type=product&#038;p=618669"},"modified":"2026-03-31T12:50:53","modified_gmt":"2026-03-31T11:50:53","slug":"guard-stays-2","status":"publish","type":"product","link":"https:\/\/shop.kustom.ch\/it\/prodotto\/guard-stays-2\/","title":{"rendered":"Soste di guardia"},"content":{"rendered":"<p>Pratici portacalze regolabili per un sostegno ottimale.<br \/>\nPer una vestibilit\u00e0 antiscivolo dei parastinchi; pratico set con due supporti; logo sfalsato sul retro per un'ottima possibilit\u00e0 di personalizzazione; la chiusura in velcro adattata sul retro impedisce che i calzini si strappino; elastico e regolabile individualmente; dimensioni: 27\u00d76,5 cm<br \/>\n50% gomma, 30% elastan, 20% nylon<\/p>","protected":false},"excerpt":{"rendered":"<p>Praktische, verstellbare Stutzenhalter f\u00fcr optimalen Halt. F\u00fcr rutschfesten Sitz der Schienbeinschoner; Praktisches Set mit zwei Haltern; Nach hinten versetztes Logo f\u00fcr optimale Veredelungsm\u00f6glichkeiten; Angepasster Klettverschluss hinten verhindert Aufreissen der Stutzen; Elastisch und individuell anpassbar; Masse: 27&#215;6,5 cm 50% Rubber, 30% Elasthan, 20% Nylon<\/p>","protected":false},"featured_media":618720,"template":"","meta":[],"product_brand":[],"product_cat":[4209],"product_tag":[],"class_list":{"0":"post-618669","1":"product","2":"type-product","3":"status-publish","4":"has-post-thumbnail","6":"product_cat-zubehoer","7":"pa_brand-erima","8":"pa_brand-type-sportswear","9":"pa_filter-color-blau","10":"pa_filter-color-gelb","11":"pa_filter-color-gruen","12":"pa_filter-color-rot","13":"pa_filter-color-schwarz","14":"pa_filter-color-weiss","16":"first","17":"instock","18":"sale","19":"taxable","20":"shipping-taxable","21":"purchasable","22":"product-type-variable","23":"add-to-wishlist-before_image"},"exclude_global_add_ons":[],"addons":[],"acf":[],"_links":{"self":[{"href":"https:\/\/shop.kustom.ch\/it\/wp-json\/wp\/v2\/product\/618669"}],"collection":[{"href":"https:\/\/shop.kustom.ch\/it\/wp-json\/wp\/v2\/product"}],"about":[{"href":"https:\/\/shop.kustom.ch\/it\/wp-json\/wp\/v2\/types\/product"}],"wp:featuredmedia":[{"embeddable":true,"href":"https:\/\/shop.kustom.ch\/it\/wp-json\/wp\/v2\/media\/618720"}],"wp:attachment":[{"href":"https:\/\/shop.kustom.ch\/it\/wp-json\/wp\/v2\/media?parent=618669"}],"wp:term":[{"taxonomy":"product_brand","embeddable":true,"href":"https:\/\/shop.kustom.ch\/it\/wp-json\/wp\/v2\/product_brand?post=618669"},{"taxonomy":"product_cat","embeddable":true,"href":"https:\/\/shop.kustom.ch\/it\/wp-json\/wp\/v2\/product_cat?post=618669"},{"taxonomy":"product_tag","embeddable":true,"href":"https:\/\/shop.kustom.ch\/it\/wp-json\/wp\/v2\/product_tag?post=618669"}],"curies":[{"name":"wp","href":"https:\/\/api.w.org\/{rel}","templated":true}]}}

<p>Pratici portacalze regolabili per un sostegno ottimale.<br />
Per una vestibilità antiscivolo dei parastinchi; pratico set con due supporti; logo sfalsato sul retro per un'ottima possibilità di personalizzazione; la chiusura in velcro adattata sul retro impedisce che i calzini si strappino; elastico e regolabile individualmente; dimensioni: 27×6,5 cm<br />
50% gomma, 30% elastan, 20% nylon</p>

<p>Praktische, verstellbare Stutzenhalter für optimalen Halt. Für rutschfesten Sitz der Schienbeinschoner; Praktisches Set mit zwei Haltern; Nach hinten versetztes Logo für optimale Veredelungsmöglichkeiten; Angepasster Klettverschluss hinten verhindert Aufreissen der Stutzen; Elastisch und individuell anpassbar; Masse: 27&#215;6,5 cm 50% Rubber, 30% Elasthan, 20% Nylon</p>
