{"id":618641,"date":"2025-03-12T02:52:15","date_gmt":"2025-03-12T01:52:15","guid":{"rendered":"https:\/\/shop.kustom.ch\/?post_type=product&#038;p=618641"},"modified":"2026-03-31T12:49:34","modified_gmt":"2026-03-31T11:49:34","slug":"travel-line-laptop-backpack","status":"publish","type":"product","link":"https:\/\/shop.kustom.ch\/it\/prodotto\/travel-line-laptop-backpack\/","title":{"rendered":"Zaino per laptop TRAVEL LINE"},"content":{"rendered":"<p>Super pratico: la spaziosa combinazione di zaino sportivo e zaino business offre ampio spazio per tutti gli oggetti importanti.<br \/>\nIl materiale ripstop di alta qualit\u00e0 impedisce allo zaino di aprirsi; elegante design completamente nero per un aspetto elegante in ogni viaggio; spazioso scomparto principale a doppia imbottitura con cerniera bidirezionale, ideale per laptop e documenti; scomparto principale aggiuntivo per documenti o vestiti; 3 scomparti organizzatori con clip per chiavi per piccoli oggetti; Due tasche laterali in rete, ideali per le bottiglie d'acqua; robusto materiale idrorepellente sul fondo, facile da pulire; schienale e spallacci comodamente imbottiti; discreta tasca con zip sul retro, perfetta per gli oggetti di valore; copertura antipioggia integrata per il maltempo; Dimensioni (L x P x A) ca. 55x30x15 cm; Volume circa 25 litri<br \/>\n100% Poliestere<\/p>","protected":false},"excerpt":{"rendered":"<p>Super praktisch: Die ger\u00e4umige Kombination aus Sport- und Businessrucksack bietet ausreichend Stauraum f\u00fcr alle wichtigen Utensilien. Hochwertiges Ripstop-Material verhindert Aufreissen des Rucksacks; Edles All-Black Design f\u00fcr den stilvollen Auftritt auf jeder Reise; Ger\u00e4umiges, doppelt gepolstertes Hauptfach mit Zwei Wege Reissverschluss, ideal f\u00fcr Laptops und Dokumente; Zus\u00e4tzliches Hauptfach f\u00fcr Unterlagen oder Klamotten; 3 Organizerf\u00e4cher mit Schl\u00fcsselclip, [&hellip;]<\/p>\n","protected":false},"featured_media":618652,"template":"","meta":[],"product_brand":[],"product_cat":[4195,4209],"product_tag":[],"class_list":{"0":"post-618641","1":"product","2":"type-product","3":"status-publish","4":"has-post-thumbnail","6":"product_cat-rucksaecke-taschen","7":"product_cat-zubehoer","8":"pa_brand-erima","9":"pa_brand-type-sportswear","10":"pa_filter-color-schwarz","12":"first","13":"instock","14":"sale","15":"taxable","16":"shipping-taxable","17":"purchasable","18":"product-type-variable","19":"add-to-wishlist-before_image"},"exclude_global_add_ons":[],"addons":[],"acf":[],"_links":{"self":[{"href":"https:\/\/shop.kustom.ch\/it\/wp-json\/wp\/v2\/product\/618641"}],"collection":[{"href":"https:\/\/shop.kustom.ch\/it\/wp-json\/wp\/v2\/product"}],"about":[{"href":"https:\/\/shop.kustom.ch\/it\/wp-json\/wp\/v2\/types\/product"}],"wp:featuredmedia":[{"embeddable":true,"href":"https:\/\/shop.kustom.ch\/it\/wp-json\/wp\/v2\/media\/618652"}],"wp:attachment":[{"href":"https:\/\/shop.kustom.ch\/it\/wp-json\/wp\/v2\/media?parent=618641"}],"wp:term":[{"taxonomy":"product_brand","embeddable":true,"href":"https:\/\/shop.kustom.ch\/it\/wp-json\/wp\/v2\/product_brand?post=618641"},{"taxonomy":"product_cat","embeddable":true,"href":"https:\/\/shop.kustom.ch\/it\/wp-json\/wp\/v2\/product_cat?post=618641"},{"taxonomy":"product_tag","embeddable":true,"href":"https:\/\/shop.kustom.ch\/it\/wp-json\/wp\/v2\/product_tag?post=618641"}],"curies":[{"name":"wp","href":"https:\/\/api.w.org\/{rel}","templated":true}]}}

<p>Super pratico: la spaziosa combinazione di zaino sportivo e zaino business offre ampio spazio per tutti gli oggetti importanti.<br />
Il materiale ripstop di alta qualità impedisce allo zaino di aprirsi; elegante design completamente nero per un aspetto elegante in ogni viaggio; spazioso scomparto principale a doppia imbottitura con cerniera bidirezionale, ideale per laptop e documenti; scomparto principale aggiuntivo per documenti o vestiti; 3 scomparti organizzatori con clip per chiavi per piccoli oggetti; Due tasche laterali in rete, ideali per le bottiglie d'acqua; robusto materiale idrorepellente sul fondo, facile da pulire; schienale e spallacci comodamente imbottiti; discreta tasca con zip sul retro, perfetta per gli oggetti di valore; copertura antipioggia integrata per il maltempo; Dimensioni (L x P x A) ca. 55x30x15 cm; Volume circa 25 litri<br />
100% Poliestere</p>

<p>Super praktisch: Die geräumige Kombination aus Sport- und Businessrucksack bietet ausreichend Stauraum für alle wichtigen Utensilien. Hochwertiges Ripstop-Material verhindert Aufreissen des Rucksacks; Edles All-Black Design für den stilvollen Auftritt auf jeder Reise; Geräumiges, doppelt gepolstertes Hauptfach mit Zwei Wege Reissverschluss, ideal für Laptops und Dokumente; Zusätzliches Hauptfach für Unterlagen oder Klamotten; 3 Organizerfächer mit Schlüsselclip, [&hellip;]</p>
