{"id":612118,"date":"2025-03-06T04:32:49","date_gmt":"2025-03-06T03:32:49","guid":{"rendered":"https:\/\/shop.kustom.ch\/?post_type=product&#038;p=612118"},"modified":"2026-04-01T07:16:27","modified_gmt":"2026-04-01T06:16:27","slug":"fhb-original-georg-arbeitsjacke-primaloft","status":"publish","type":"product","link":"https:\/\/shop.kustom.ch\/it\/prodotto\/fhb-original-georg-arbeitsjacke-primaloft\/","title":{"rendered":"Giacca da lavoro GEORG Primaloft"},"content":{"rendered":"<p>Vestibilit\u00e0 ampia:<br \/>\nGeorg ha un taglio libero.<br \/>\nLa giacca veste comodamente e non limita i movimenti.<br \/>\nCome parte di un sistema di stratificazione, Georg pu\u00f2 essere indossato con uno o due strati intermedi al di sotto.<br \/>\nLa speciale vestibilit\u00e0 delle maniche impedisce alla giacca di alzarsi e le maniche sono leggermente pi\u00f9 lunghe in modo da coprire i polsi anche quando le braccia sono distese.<br \/>\nIl retro \u00e8 inoltre leggermente pi\u00f9 lungo e copre la zona della schiena anche quando si \u00e8 piegati o inginocchiati, il che \u00e8 particolarmente comodo nelle giornate pi\u00f9 fredde.<br \/>\nColletto in morbido pile.<br \/>\nRegolazione della larghezza:<br \/>\nL'orlo pu\u00f2 essere regolato alla larghezza ideale con una coulisse e fissato con un tappo.<br \/>\nQuesto garantisce una buona vestibilit\u00e0 della giacca e l'assenza di spiacevoli infiltrazioni di freddo, mentre i polsini sono dotati di una linguetta con chiusura a velcro per regolarne l'ampiezza.<br \/>\nBorse:<br \/>\n2 x 2 tasche laterali con zip.<br \/>\nLe tasche sono dotate di una fodera resistente.<br \/>\nTasca esterna a scomparsa sul petto con chiusura a zip, tasca interna con chiusura a zip, taschino portapenne sul braccio sinistro.<br \/>\nZip funzionale YKK:<br \/>\nZip anteriore YKK a tutta lunghezza, molto scorrevole, con cerniera estesa per facilitare l'uso della zip anche quando si indossano i guanti.<br \/>\nLa cerniera \u00e8 morbidamente sagomata e ha un interno antiscivolo, mentre la mentoniera (zip garage) sul colletto alto impedisce alla cerniera chiusa di graffiarsi.<br \/>\nStriscia di protezione dal vento:<br \/>\nDietro la cerniera anteriore \u00e8 cucito un lembo di protezione per tutta la lunghezza per tenere fuori l'aria fredda.<br \/>\nCappuccio con visiera:<br \/>\nIn combinazione con il collare antibufera a chiusura alta, il cappuccio protegge in modo affidabile la testa dalla pioggia e dal vento, \u00e8 regolabile e pu\u00f2 essere adattato individualmente al campo visivo.<br \/>\nSi pu\u00f2 anche indossare un cappello o un cappuccio dello strato intermedio sotto il cappuccio, che pu\u00f2 essere rimosso con il bel tempo.<br \/>\nQuando il cappuccio viene rimosso, la parte rimanente della cerniera pu\u00f2 essere coperta in modo ordinato da un lembo.<br \/>\nIl vostro logo:<br \/>\nBuone possibilit\u00e0 di finitura su entrambi i lati del petto e della schiena.<br \/>\nFacile gestione delle finiture grazie alla zip interna per l'apertura della fodera interna. Materiale: poliestere 100%<\/p>","protected":false},"excerpt":{"rendered":"<p>Lockere Passform: Georg ist locker geschnitten. Die Jacke sitzt bequem und schr\u00e4nkt dich in deiner Bewegung nicht ein. Als Teil eines Schichtensystems kann Georg mit einer oder zwei Zwischenschichten darunter getragen werden. So bleibst du flexibel und kannst auf wechselnde Wetterbedingungen reagieren.Die spezielle \u00c4rmelpassform verhindert ein Hochrutschen der Jacke.Die \u00c4rmel sind leicht verl\u00e4ngert, so dass [&hellip;]<\/p>\n","protected":false},"featured_media":672045,"template":"","meta":[],"product_brand":[],"product_cat":[4186],"product_tag":[],"class_list":{"0":"post-612118","1":"product","2":"type-product","3":"status-publish","4":"has-post-thumbnail","6":"product_cat-jacken","7":"pa_brand-fhb","8":"pa_brand-type-workwear","9":"pa_filter-color-anthrazit-schwarz","10":"pa_filter-color-beige-schwarz","11":"pa_filter-color-grau-schwarz","12":"pa_filter-color-gruen-schwarz","13":"pa_filter-color-marine-schwarz","14":"pa_filter-color-oliv-schwarz","15":"pa_filter-color-rot-schwarz","16":"pa_filter-color-royalblau-schwarz","17":"pa_filter-color-schwarz","18":"pa_filter-color-weiss-anthrazit","20":"first","21":"instock","22":"sale","23":"taxable","24":"shipping-taxable","25":"purchasable","26":"product-type-variable","27":"add-to-wishlist-before_image"},"exclude_global_add_ons":[],"addons":[],"acf":[],"_links":{"self":[{"href":"https:\/\/shop.kustom.ch\/it\/wp-json\/wp\/v2\/product\/612118"}],"collection":[{"href":"https:\/\/shop.kustom.ch\/it\/wp-json\/wp\/v2\/product"}],"about":[{"href":"https:\/\/shop.kustom.ch\/it\/wp-json\/wp\/v2\/types\/product"}],"wp:featuredmedia":[{"embeddable":true,"href":"https:\/\/shop.kustom.ch\/it\/wp-json\/wp\/v2\/media\/672045"}],"wp:attachment":[{"href":"https:\/\/shop.kustom.ch\/it\/wp-json\/wp\/v2\/media?parent=612118"}],"wp:term":[{"taxonomy":"product_brand","embeddable":true,"href":"https:\/\/shop.kustom.ch\/it\/wp-json\/wp\/v2\/product_brand?post=612118"},{"taxonomy":"product_cat","embeddable":true,"href":"https:\/\/shop.kustom.ch\/it\/wp-json\/wp\/v2\/product_cat?post=612118"},{"taxonomy":"product_tag","embeddable":true,"href":"https:\/\/shop.kustom.ch\/it\/wp-json\/wp\/v2\/product_tag?post=612118"}],"curies":[{"name":"wp","href":"https:\/\/api.w.org\/{rel}","templated":true}]}}

<p>Vestibilità ampia:<br />
Georg ha un taglio libero.<br />
La giacca veste comodamente e non limita i movimenti.<br />
Come parte di un sistema di stratificazione, Georg può essere indossato con uno o due strati intermedi al di sotto.<br />
La speciale vestibilità delle maniche impedisce alla giacca di alzarsi e le maniche sono leggermente più lunghe in modo da coprire i polsi anche quando le braccia sono distese.<br />
Il retro è inoltre leggermente più lungo e copre la zona della schiena anche quando si è piegati o inginocchiati, il che è particolarmente comodo nelle giornate più fredde.<br />
Colletto in morbido pile.<br />
Regolazione della larghezza:<br />
L'orlo può essere regolato alla larghezza ideale con una coulisse e fissato con un tappo.<br />
Questo garantisce una buona vestibilità della giacca e l'assenza di spiacevoli infiltrazioni di freddo, mentre i polsini sono dotati di una linguetta con chiusura a velcro per regolarne l'ampiezza.<br />
Borse:<br />
2 x 2 tasche laterali con zip.<br />
Le tasche sono dotate di una fodera resistente.<br />
Tasca esterna a scomparsa sul petto con chiusura a zip, tasca interna con chiusura a zip, taschino portapenne sul braccio sinistro.<br />
Zip funzionale YKK:<br />
Zip anteriore YKK a tutta lunghezza, molto scorrevole, con cerniera estesa per facilitare l'uso della zip anche quando si indossano i guanti.<br />
La cerniera è morbidamente sagomata e ha un interno antiscivolo, mentre la mentoniera (zip garage) sul colletto alto impedisce alla cerniera chiusa di graffiarsi.<br />
Striscia di protezione dal vento:<br />
Dietro la cerniera anteriore è cucito un lembo di protezione per tutta la lunghezza per tenere fuori l'aria fredda.<br />
Cappuccio con visiera:<br />
In combinazione con il collare antibufera a chiusura alta, il cappuccio protegge in modo affidabile la testa dalla pioggia e dal vento, è regolabile e può essere adattato individualmente al campo visivo.<br />
Si può anche indossare un cappello o un cappuccio dello strato intermedio sotto il cappuccio, che può essere rimosso con il bel tempo.<br />
Quando il cappuccio viene rimosso, la parte rimanente della cerniera può essere coperta in modo ordinato da un lembo.<br />
Il vostro logo:<br />
Buone possibilità di finitura su entrambi i lati del petto e della schiena.<br />
Facile gestione delle finiture grazie alla zip interna per l'apertura della fodera interna. Materiale: poliestere 100%</p>

<p>Lockere Passform: Georg ist locker geschnitten. Die Jacke sitzt bequem und schränkt dich in deiner Bewegung nicht ein. Als Teil eines Schichtensystems kann Georg mit einer oder zwei Zwischenschichten darunter getragen werden. So bleibst du flexibel und kannst auf wechselnde Wetterbedingungen reagieren.Die spezielle Ärmelpassform verhindert ein Hochrutschen der Jacke.Die Ärmel sind leicht verlängert, so dass [&hellip;]</p>
