{"id":611558,"date":"2025-03-06T04:27:23","date_gmt":"2025-03-06T03:27:23","guid":{"rendered":"https:\/\/shop.kustom.ch\/?post_type=product&#038;p=611558"},"modified":"2026-04-01T07:19:33","modified_gmt":"2026-04-01T06:19:33","slug":"fhb-original-justus-softshell-weste","status":"publish","type":"product","link":"https:\/\/shop.kustom.ch\/it\/prodotto\/fhb-original-justus-softshell-weste\/","title":{"rendered":"Gilet in softshell JUSTUS"},"content":{"rendered":"<p>In forma:<br \/>\nJustus ha un taglio sportivo.<br \/>\nLe aperture per le braccia appositamente sagomate e il tessuto softshell FHB elasticizzato garantiscono la massima libert\u00e0 di movimento e il massimo comfort, mentre la schiena leggermente allungata copre la zona lombare anche quando si \u00e8 piegati o inginocchiati, il che \u00e8 particolarmente piacevole nelle giornate pi\u00f9 fredde.<br \/>\nCollo alto:<br \/>\nIl colletto a chiusura alta protegge dal vento freddo.<br \/>\nPer il colletto interno viene utilizzato un pile piacevolmente morbido e riscaldante.<br \/>\nLa protezione per il mento (zip garage) sul colletto alto impedisce alla zip chiusa di graffiarsi.<br \/>\nRegolazione della larghezza:<br \/>\nIl girovita in basso pu\u00f2 essere regolato alla larghezza ideale con una coulisse e si chiude con un tappo.<br \/>\nIn questo modo si garantisce una buona vestibilit\u00e0 della giacca e l'assenza di infiltrazioni di freddo fastidioso.<br \/>\nBorse:<br \/>\n2 ampie tasche con chiusura a zip.<br \/>\nLe due tasche anteriori sono dotate di una resistente fodera. 1 tasca sul petto con cerniera.<br \/>\nChiusure lampo funzionali:<br \/>\nZip frontale YKK a tutta lunghezza e molto scorrevole.<br \/>\nTutte le cerniere hanno una catena attorcigliata (rivolta verso l'interno): Sporco e trucioli non si incastrano e la cerniera \u00e8 allungata in modo da essere facilmente azionabile anche indossando i guanti.<br \/>\nLa cerniera ha una forma morbida ed \u00e8 dotata di grip all'interno.<br \/>\nStriscia di protezione dal vento:<br \/>\nDietro la cerniera anteriore \u00e8 cucito un lembo di protezione per tutta la lunghezza per tenere fuori l'aria fredda.<br \/>\nCappuccio con visiera:<br \/>\nIl cappuccio \u00e8 regolabile con una coulisse (con fermacorda) e pu\u00f2 essere adattato al campo visivo.<br \/>\nInsieme al colletto alto, protegge bene la testa in caso di maltempo e il cappuccio pu\u00f2 essere rimosso in caso di bel tempo.<br \/>\nQuando il cappuccio viene rimosso, la parte rimanente della cerniera pu\u00f2 essere coperta in modo ordinato da un lembo.<br \/>\nNessuna cucitura sulla spalla:<br \/>\nIl<br \/>\n:<br \/>\nLa cucitura della spalla di Justus \u00e8 appoggiata di lato.<br \/>\nIl vantaggio: se si trasporta una borsa o una trave di legno sulla spalla, non c'\u00e8 un punto di pressione scomodo.<br \/>\nStrato intermedio:<br \/>\nPotete indossare questo versatile gilet come strato aggiuntivo di calore sotto un'altra giacca nelle giornate pi\u00f9 fresche.<br \/>\nIl vantaggio di un gilet come strato intermedio \u00e8 che le braccia non aggiungono troppo ingombro e quindi non limitano i movimenti. Materiale: poliestere 100%<\/p>","protected":false},"excerpt":{"rendered":"<p>Passform: Justus ist sportlich geschnitten. Die speziell geformten Arm\u00f6ffnungen und das dehnbare FHB-Softshell-Gewebe garantieren maximale Bewegungsfreiheit und angenehmen Tragekomfort.Der R\u00fccken ist leicht verl\u00e4ngert und deckt auch bei gebeugter oder kniender Haltung den R\u00fcckbereich sauber ab, was insbesondere an k\u00e4lteren Tagen sehr angenehm ist. Hochschliessender Kragen: Der hochschliessende Kragen sch\u00fctzt vor kaltem Wind. Beim Innenkragen wird [&hellip;]<\/p>\n","protected":false},"featured_media":672160,"template":"","meta":[],"product_brand":[],"product_cat":[4208],"product_tag":[],"class_list":{"0":"post-611558","1":"product","2":"type-product","3":"status-publish","4":"has-post-thumbnail","6":"product_cat-westen","7":"pa_brand-fhb","8":"pa_brand-type-workwear","9":"pa_filter-color-anthrazit-schwarz","10":"pa_filter-color-beige-schwarz","11":"pa_filter-color-grau-schwarz","12":"pa_filter-color-gruen-schwarz","13":"pa_filter-color-marine-schwarz","14":"pa_filter-color-oliv-schwarz","15":"pa_filter-color-rot-schwarz","16":"pa_filter-color-royalblau-schwarz","17":"pa_filter-color-schwarz","18":"pa_filter-color-weiss-anthrazit","20":"first","21":"instock","22":"sale","23":"taxable","24":"shipping-taxable","25":"purchasable","26":"product-type-variable","27":"add-to-wishlist-before_image"},"exclude_global_add_ons":[],"addons":[],"acf":[],"_links":{"self":[{"href":"https:\/\/shop.kustom.ch\/it\/wp-json\/wp\/v2\/product\/611558"}],"collection":[{"href":"https:\/\/shop.kustom.ch\/it\/wp-json\/wp\/v2\/product"}],"about":[{"href":"https:\/\/shop.kustom.ch\/it\/wp-json\/wp\/v2\/types\/product"}],"wp:featuredmedia":[{"embeddable":true,"href":"https:\/\/shop.kustom.ch\/it\/wp-json\/wp\/v2\/media\/672160"}],"wp:attachment":[{"href":"https:\/\/shop.kustom.ch\/it\/wp-json\/wp\/v2\/media?parent=611558"}],"wp:term":[{"taxonomy":"product_brand","embeddable":true,"href":"https:\/\/shop.kustom.ch\/it\/wp-json\/wp\/v2\/product_brand?post=611558"},{"taxonomy":"product_cat","embeddable":true,"href":"https:\/\/shop.kustom.ch\/it\/wp-json\/wp\/v2\/product_cat?post=611558"},{"taxonomy":"product_tag","embeddable":true,"href":"https:\/\/shop.kustom.ch\/it\/wp-json\/wp\/v2\/product_tag?post=611558"}],"curies":[{"name":"wp","href":"https:\/\/api.w.org\/{rel}","templated":true}]}}

<p>In forma:<br />
Justus ha un taglio sportivo.<br />
Le aperture per le braccia appositamente sagomate e il tessuto softshell FHB elasticizzato garantiscono la massima libertà di movimento e il massimo comfort, mentre la schiena leggermente allungata copre la zona lombare anche quando si è piegati o inginocchiati, il che è particolarmente piacevole nelle giornate più fredde.<br />
Collo alto:<br />
Il colletto a chiusura alta protegge dal vento freddo.<br />
Per il colletto interno viene utilizzato un pile piacevolmente morbido e riscaldante.<br />
La protezione per il mento (zip garage) sul colletto alto impedisce alla zip chiusa di graffiarsi.<br />
Regolazione della larghezza:<br />
Il girovita in basso può essere regolato alla larghezza ideale con una coulisse e si chiude con un tappo.<br />
In questo modo si garantisce una buona vestibilità della giacca e l'assenza di infiltrazioni di freddo fastidioso.<br />
Borse:<br />
2 ampie tasche con chiusura a zip.<br />
Le due tasche anteriori sono dotate di una resistente fodera. 1 tasca sul petto con cerniera.<br />
Chiusure lampo funzionali:<br />
Zip frontale YKK a tutta lunghezza e molto scorrevole.<br />
Tutte le cerniere hanno una catena attorcigliata (rivolta verso l'interno): Sporco e trucioli non si incastrano e la cerniera è allungata in modo da essere facilmente azionabile anche indossando i guanti.<br />
La cerniera ha una forma morbida ed è dotata di grip all'interno.<br />
Striscia di protezione dal vento:<br />
Dietro la cerniera anteriore è cucito un lembo di protezione per tutta la lunghezza per tenere fuori l'aria fredda.<br />
Cappuccio con visiera:<br />
Il cappuccio è regolabile con una coulisse (con fermacorda) e può essere adattato al campo visivo.<br />
Insieme al colletto alto, protegge bene la testa in caso di maltempo e il cappuccio può essere rimosso in caso di bel tempo.<br />
Quando il cappuccio viene rimosso, la parte rimanente della cerniera può essere coperta in modo ordinato da un lembo.<br />
Nessuna cucitura sulla spalla:<br />
Il<br />
:<br />
La cucitura della spalla di Justus è appoggiata di lato.<br />
Il vantaggio: se si trasporta una borsa o una trave di legno sulla spalla, non c'è un punto di pressione scomodo.<br />
Strato intermedio:<br />
Potete indossare questo versatile gilet come strato aggiuntivo di calore sotto un'altra giacca nelle giornate più fresche.<br />
Il vantaggio di un gilet come strato intermedio è che le braccia non aggiungono troppo ingombro e quindi non limitano i movimenti. Materiale: poliestere 100%</p>

<p>Passform: Justus ist sportlich geschnitten. Die speziell geformten Armöffnungen und das dehnbare FHB-Softshell-Gewebe garantieren maximale Bewegungsfreiheit und angenehmen Tragekomfort.Der Rücken ist leicht verlängert und deckt auch bei gebeugter oder kniender Haltung den Rückbereich sauber ab, was insbesondere an kälteren Tagen sehr angenehm ist. Hochschliessender Kragen: Der hochschliessende Kragen schützt vor kaltem Wind. Beim Innenkragen wird [&hellip;]</p>
