{"id":611237,"date":"2025-03-06T04:23:58","date_gmt":"2025-03-06T03:23:58","guid":{"rendered":"https:\/\/shop.kustom.ch\/?post_type=product&#038;p=611237"},"modified":"2026-04-01T07:29:40","modified_gmt":"2026-04-01T06:29:40","slug":"fhb-original-martin-softshell-weste","status":"publish","type":"product","link":"https:\/\/shop.kustom.ch\/it\/prodotto\/fhb-original-martin-softshell-weste\/","title":{"rendered":"Gilet in softshell MARTIN"},"content":{"rendered":"<p>In forma:<br \/>\nIl gilet da lavoro ha un taglio ampio e dritto.<br \/>\nIl tessuto softshell FHB di alta qualit\u00e0 \u00e8 elasticizzato ed estremamente flessibile.<br \/>\nIl gilet da lavoro si adatta perfettamente a chi lo indossa senza limitare i movimenti.<br \/>\nLa schiena \u00e8 leggermente pi\u00f9 lunga e copre la zona lombare anche quando si \u00e8 piegati o inginocchiati, il che \u00e8 particolarmente comodo nelle giornate pi\u00f9 fredde.<br \/>\nCollo alto:<br \/>\nIl colletto a chiusura alta protegge dal vento freddo.<br \/>\nPer il colletto interno viene utilizzato un micropile piacevolmente morbido e riscaldante.<br \/>\nBorse:<br \/>\n2 grandi tasche laterali con ampia apertura.<br \/>\nLe tasche sono dotate di una cerniera con catena intrecciata (protegge dallo sporco e le schegge non si incastrano).<br \/>\nLe borse resistenti sono realizzate con un robusto materiale di rivestimento.<br \/>\n1 tasca per cellulare sul lato anteriore sinistro con cerniera (catena intrecciata).1 tasca interna con cerniera e 2 scomparti per penne.<br \/>\nRegolazione della larghezza:<br \/>\nIl girovita pu\u00f2 essere regolato alla larghezza ideale con una coulisse e chiuso con stopper.<br \/>\nDi conseguenza, il gilet si adatta bene e non pu\u00f2 penetrare alcun freddo fastidioso.<br \/>\nChiusure lampo funzionali:<br \/>\nZip anteriore YKK molto scorrevole, con cerniera allungata per facilitare l'azionamento della zip anche quando si indossano i guanti.<br \/>\nLa cerniera ha una forma morbida ed \u00e8 dotata di grip all'interno.<br \/>\nIl vostro logo:<br \/>\nIl gilet da lavoro \u00e8 ideale per posizionare perfettamente il vostro logo: Area pulita e ampia senza cuciture sulla schiena, area libera sul petto a destra. Materiale: 96% poliestere, 4% elastan<\/p>","protected":false},"excerpt":{"rendered":"<p>Passform: Die Arbeitsweste ist locker und gerade geschnitten. Das hochwertigen FHB-Softshell-Gewebe ist elastisch und extrem geschmeidig. Die Arbeitsweste passt sich optimal an den Tr\u00e4ger an, ohne ihn bei der Bewegung einzuschr\u00e4nken. Der R\u00fccken ist leicht verl\u00e4ngert und deckt auch bei gebeugter oder kniender Haltung den R\u00fcckbereich sauber ab, was insbesondere an k\u00e4lteren Tagen sehr angenehm [&hellip;]<\/p>\n","protected":false},"featured_media":672236,"template":"","meta":[],"product_brand":[],"product_cat":[4208],"product_tag":[],"class_list":{"0":"post-611237","1":"product","2":"type-product","3":"status-publish","4":"has-post-thumbnail","6":"product_cat-westen","7":"pa_brand-fhb","8":"pa_brand-type-workwear","9":"pa_filter-color-schwarz","11":"first","12":"instock","13":"sale","14":"taxable","15":"shipping-taxable","16":"purchasable","17":"product-type-variable","18":"add-to-wishlist-before_image"},"exclude_global_add_ons":[],"addons":[],"acf":[],"_links":{"self":[{"href":"https:\/\/shop.kustom.ch\/it\/wp-json\/wp\/v2\/product\/611237"}],"collection":[{"href":"https:\/\/shop.kustom.ch\/it\/wp-json\/wp\/v2\/product"}],"about":[{"href":"https:\/\/shop.kustom.ch\/it\/wp-json\/wp\/v2\/types\/product"}],"wp:featuredmedia":[{"embeddable":true,"href":"https:\/\/shop.kustom.ch\/it\/wp-json\/wp\/v2\/media\/672236"}],"wp:attachment":[{"href":"https:\/\/shop.kustom.ch\/it\/wp-json\/wp\/v2\/media?parent=611237"}],"wp:term":[{"taxonomy":"product_brand","embeddable":true,"href":"https:\/\/shop.kustom.ch\/it\/wp-json\/wp\/v2\/product_brand?post=611237"},{"taxonomy":"product_cat","embeddable":true,"href":"https:\/\/shop.kustom.ch\/it\/wp-json\/wp\/v2\/product_cat?post=611237"},{"taxonomy":"product_tag","embeddable":true,"href":"https:\/\/shop.kustom.ch\/it\/wp-json\/wp\/v2\/product_tag?post=611237"}],"curies":[{"name":"wp","href":"https:\/\/api.w.org\/{rel}","templated":true}]}}

<p>In forma:<br />
Il gilet da lavoro ha un taglio ampio e dritto.<br />
Il tessuto softshell FHB di alta qualità è elasticizzato ed estremamente flessibile.<br />
Il gilet da lavoro si adatta perfettamente a chi lo indossa senza limitare i movimenti.<br />
La schiena è leggermente più lunga e copre la zona lombare anche quando si è piegati o inginocchiati, il che è particolarmente comodo nelle giornate più fredde.<br />
Collo alto:<br />
Il colletto a chiusura alta protegge dal vento freddo.<br />
Per il colletto interno viene utilizzato un micropile piacevolmente morbido e riscaldante.<br />
Borse:<br />
2 grandi tasche laterali con ampia apertura.<br />
Le tasche sono dotate di una cerniera con catena intrecciata (protegge dallo sporco e le schegge non si incastrano).<br />
Le borse resistenti sono realizzate con un robusto materiale di rivestimento.<br />
1 tasca per cellulare sul lato anteriore sinistro con cerniera (catena intrecciata).1 tasca interna con cerniera e 2 scomparti per penne.<br />
Regolazione della larghezza:<br />
Il girovita può essere regolato alla larghezza ideale con una coulisse e chiuso con stopper.<br />
Di conseguenza, il gilet si adatta bene e non può penetrare alcun freddo fastidioso.<br />
Chiusure lampo funzionali:<br />
Zip anteriore YKK molto scorrevole, con cerniera allungata per facilitare l'azionamento della zip anche quando si indossano i guanti.<br />
La cerniera ha una forma morbida ed è dotata di grip all'interno.<br />
Il vostro logo:<br />
Il gilet da lavoro è ideale per posizionare perfettamente il vostro logo: Area pulita e ampia senza cuciture sulla schiena, area libera sul petto a destra. Materiale: 96% poliestere, 4% elastan</p>

<p>Passform: Die Arbeitsweste ist locker und gerade geschnitten. Das hochwertigen FHB-Softshell-Gewebe ist elastisch und extrem geschmeidig. Die Arbeitsweste passt sich optimal an den Träger an, ohne ihn bei der Bewegung einzuschränken. Der Rücken ist leicht verlängert und deckt auch bei gebeugter oder kniender Haltung den Rückbereich sauber ab, was insbesondere an kälteren Tagen sehr angenehm [&hellip;]</p>
