{"id":601661,"date":"2025-03-05T03:04:02","date_gmt":"2025-03-05T02:04:02","guid":{"rendered":"https:\/\/shop.kustom.ch\/?post_type=product&#038;p=601661"},"modified":"2026-03-31T08:56:59","modified_gmt":"2026-03-31T07:56:59","slug":"weste-high-vis","status":"publish","type":"product","link":"https:\/\/shop.kustom.ch\/it\/prodotto\/weste-high-vis\/","title":{"rendered":"Gilet High Vis"},"content":{"rendered":"<p>Gilet ad alta visibilit\u00e0 con catarifrangenti segmentati che vi rendono particolarmente visibili quando necessario. Perfetto per le giornate di lavoro pi\u00f9 calde.<\/p>\n<p>DETTAGLI: Stampa - Bl\u00e5kl\u00e4der. Collo rotondo. FUNZIONALIT\u00c0: Vestibilit\u00e0 ampia. CARATTERISTICHE PRINCIPALI: Artigianale. EN 13758-2. REFLEX: strisce riflettenti a trasferimento larghe 50 mm. TESSUTO: Uomo. blu. Protezione UV. Alta visibilit\u00e0. ISTRUZIONI DI LAVAGGIO: Numero di lavaggi: 50. Non lavare a secco. CERTIFICAZIONE: EN 13758-2 UPF 40+. Gli indumenti di classe 2 e 3 in arancione sono conformi alla norma RIS-3279-TOM, edizione 2.<\/p>\n<p>100% poliestere, maglia birdseye, trasporto dell'umidit\u00e0, protezione UV, 130g\/m\u00b2<\/p>","protected":false},"excerpt":{"rendered":"<p>High Vis Weste mit segmentierten Reflektoren, die Sie bei Bedarf besonders gut sichtbar machen. Perfekt f\u00fcr die heissesten Arbeitstage. DETAILS: Aufdruck &#8211; Bl\u00e5kl\u00e4der. Rundhals. FUNKTIONALIT\u00c4T: Lockere Passform. HAUPTEIGENSCHAFTEN: Handwerker. EN 13758-2. REFLEX: 50 mm breite Transferreflexstreifen. STOFF: Herren. blau. UV-Schutz. Warnschutz. WASCHANLEITUNG: Anzahl der W\u00e4schen: 50. Nicht chemisch reinigen. ZERTIFIZIERUNG: EN 13758-2 UPF 40 +. [&hellip;]<\/p>\n","protected":false},"featured_media":601705,"template":"","meta":[],"product_brand":[],"product_cat":[4201],"product_tag":[],"class_list":{"0":"post-601661","1":"product","2":"type-product","3":"status-publish","4":"has-post-thumbnail","6":"product_cat-t-shirts","7":"pa_brand-blaklaeder","8":"pa_brand-type-workwear","9":"pa_filter-color-blau","10":"pa_filter-color-gelb","12":"first","13":"instock","14":"sale","15":"taxable","16":"shipping-taxable","17":"purchasable","18":"product-type-variable","19":"add-to-wishlist-before_image"},"exclude_global_add_ons":[],"addons":[],"acf":[],"_links":{"self":[{"href":"https:\/\/shop.kustom.ch\/it\/wp-json\/wp\/v2\/product\/601661"}],"collection":[{"href":"https:\/\/shop.kustom.ch\/it\/wp-json\/wp\/v2\/product"}],"about":[{"href":"https:\/\/shop.kustom.ch\/it\/wp-json\/wp\/v2\/types\/product"}],"wp:featuredmedia":[{"embeddable":true,"href":"https:\/\/shop.kustom.ch\/it\/wp-json\/wp\/v2\/media\/601705"}],"wp:attachment":[{"href":"https:\/\/shop.kustom.ch\/it\/wp-json\/wp\/v2\/media?parent=601661"}],"wp:term":[{"taxonomy":"product_brand","embeddable":true,"href":"https:\/\/shop.kustom.ch\/it\/wp-json\/wp\/v2\/product_brand?post=601661"},{"taxonomy":"product_cat","embeddable":true,"href":"https:\/\/shop.kustom.ch\/it\/wp-json\/wp\/v2\/product_cat?post=601661"},{"taxonomy":"product_tag","embeddable":true,"href":"https:\/\/shop.kustom.ch\/it\/wp-json\/wp\/v2\/product_tag?post=601661"}],"curies":[{"name":"wp","href":"https:\/\/api.w.org\/{rel}","templated":true}]}}

<p>Gilet ad alta visibilità con catarifrangenti segmentati che vi rendono particolarmente visibili quando necessario. Perfetto per le giornate di lavoro più calde.</p>
<p>DETTAGLI: Stampa - Blåkläder. Collo rotondo. FUNZIONALITÀ: Vestibilità ampia. CARATTERISTICHE PRINCIPALI: Artigianale. EN 13758-2. REFLEX: strisce riflettenti a trasferimento larghe 50 mm. TESSUTO: Uomo. blu. Protezione UV. Alta visibilità. ISTRUZIONI DI LAVAGGIO: Numero di lavaggi: 50. Non lavare a secco. CERTIFICAZIONE: EN 13758-2 UPF 40+. Gli indumenti di classe 2 e 3 in arancione sono conformi alla norma RIS-3279-TOM, edizione 2.</p>
<p>100% poliestere, maglia birdseye, trasporto dell'umidità, protezione UV, 130g/m²</p>

<p>High Vis Weste mit segmentierten Reflektoren, die Sie bei Bedarf besonders gut sichtbar machen. Perfekt für die heissesten Arbeitstage. DETAILS: Aufdruck &#8211; Blåkläder. Rundhals. FUNKTIONALITÄT: Lockere Passform. HAUPTEIGENSCHAFTEN: Handwerker. EN 13758-2. REFLEX: 50 mm breite Transferreflexstreifen. STOFF: Herren. blau. UV-Schutz. Warnschutz. WASCHANLEITUNG: Anzahl der Wäschen: 50. Nicht chemisch reinigen. ZERTIFIZIERUNG: EN 13758-2 UPF 40 +. [&hellip;]</p>
