{"id":599461,"date":"2025-03-05T02:21:53","date_gmt":"2025-03-05T01:21:53","guid":{"rendered":"https:\/\/shop.kustom.ch\/?post_type=product&#038;p=599461"},"modified":"2026-03-31T09:01:21","modified_gmt":"2026-03-31T08:01:21","slug":"leichte-gefuetterte-winterjacke-stretch","status":"publish","type":"product","link":"https:\/\/shop.kustom.ch\/it\/prodotto\/leichte-gefuetterte-winterjacke-stretch\/","title":{"rendered":"Giacca invernale elasticizzata, leggera e foderata"},"content":{"rendered":"<p>Questa giacca invernale foderata in air mesh \u00e8 perfetta per le condizioni climatiche pi\u00f9 fredde. \u00c8 antivento e impermeabile, altamente traspirante e dotata di cuciture nastrate. La giacca \u00e8 realizzata in un materiale elastico a 4 vie molto confortevole e morbido. Disponibile anche come modello da donna 4408.<\/p>\n<p>CHIUSURA: Vita regolabile con coulisse. Polsino interno con foro per il pollice. DETTAGLI: cerniera nella fodera per facilitare la rifinitura del tessuto. Cappuccio staccabile con fodera in rete. CHIUSURA ANTERIORE: cerniera in plastica. FUNZIONALIT\u00c0: materiale antivento e impermeabile con traspirabilit\u00e0, cuciture nastrate. CARATTERISTICHE PRINCIPALI: Strato di fondo. REFLEX: Materiale riflettente sulle maniche. TESSUTO: Uomo. Traspirabilit\u00e0. Unito. TASCHE: Tasca sul petto con zip. Tasche anteriori, una con anello a D. ISTRUZIONI DI LAVAGGIO: Non lavare a secco. CERTIFICAZIONE: EN 342 insieme all'Art. 1810. EN 343, Classe 4.1. Non certificato High Vis.<\/p>\n<p>Poliammide 83%, elastan 17%, laminato, impermeabile 15000 mm, antivento, traspirante Ret 11.3, elasticizzato, 170 g\/m\u00b2.<\/p>","protected":false},"excerpt":{"rendered":"<p>Diese mit Air-Mesh gef\u00fctterte Winterjacke ist perfekt f\u00fcr k\u00e4ltere Wetterbedingungen. Sie ist wind- und wasserdicht, sehr atmungsaktiv und hat versiegelte N\u00e4hte. Die Jacke ist aus einem sehr bequemen und weichen 4-Wege-Stretchmaterial gefertigt. Auch als Damenmodell 4408 erh\u00e4ltlich. ABSCHLUSS: Verstellbarer Bund mit Kordelzug. Innenb\u00fcndchen mit Daumenloch. DETAILS: Reissverschluss im Futter, f\u00fcr einfache Textilveredelung. Abnehmbare Kapuze mit [&hellip;]<\/p>\n","protected":false},"featured_media":599516,"template":"","meta":[],"product_brand":[],"product_cat":[4186],"product_tag":[],"class_list":{"0":"post-599461","1":"product","2":"type-product","3":"status-publish","4":"has-post-thumbnail","6":"product_cat-jacken","7":"pa_brand-blaklaeder","8":"pa_brand-type-workwear","9":"pa_filter-color-blau","10":"pa_filter-color-gelb","11":"pa_filter-color-rot","12":"pa_filter-color-schwarz","14":"first","15":"instock","16":"sale","17":"taxable","18":"shipping-taxable","19":"purchasable","20":"product-type-variable","21":"add-to-wishlist-before_image"},"exclude_global_add_ons":[],"addons":[],"acf":[],"_links":{"self":[{"href":"https:\/\/shop.kustom.ch\/it\/wp-json\/wp\/v2\/product\/599461"}],"collection":[{"href":"https:\/\/shop.kustom.ch\/it\/wp-json\/wp\/v2\/product"}],"about":[{"href":"https:\/\/shop.kustom.ch\/it\/wp-json\/wp\/v2\/types\/product"}],"wp:featuredmedia":[{"embeddable":true,"href":"https:\/\/shop.kustom.ch\/it\/wp-json\/wp\/v2\/media\/599516"}],"wp:attachment":[{"href":"https:\/\/shop.kustom.ch\/it\/wp-json\/wp\/v2\/media?parent=599461"}],"wp:term":[{"taxonomy":"product_brand","embeddable":true,"href":"https:\/\/shop.kustom.ch\/it\/wp-json\/wp\/v2\/product_brand?post=599461"},{"taxonomy":"product_cat","embeddable":true,"href":"https:\/\/shop.kustom.ch\/it\/wp-json\/wp\/v2\/product_cat?post=599461"},{"taxonomy":"product_tag","embeddable":true,"href":"https:\/\/shop.kustom.ch\/it\/wp-json\/wp\/v2\/product_tag?post=599461"}],"curies":[{"name":"wp","href":"https:\/\/api.w.org\/{rel}","templated":true}]}}

<p>Questa giacca invernale foderata in air mesh è perfetta per le condizioni climatiche più fredde. È antivento e impermeabile, altamente traspirante e dotata di cuciture nastrate. La giacca è realizzata in un materiale elastico a 4 vie molto confortevole e morbido. Disponibile anche come modello da donna 4408.</p>
<p>CHIUSURA: Vita regolabile con coulisse. Polsino interno con foro per il pollice. DETTAGLI: cerniera nella fodera per facilitare la rifinitura del tessuto. Cappuccio staccabile con fodera in rete. CHIUSURA ANTERIORE: cerniera in plastica. FUNZIONALITÀ: materiale antivento e impermeabile con traspirabilità, cuciture nastrate. CARATTERISTICHE PRINCIPALI: Strato di fondo. REFLEX: Materiale riflettente sulle maniche. TESSUTO: Uomo. Traspirabilità. Unito. TASCHE: Tasca sul petto con zip. Tasche anteriori, una con anello a D. ISTRUZIONI DI LAVAGGIO: Non lavare a secco. CERTIFICAZIONE: EN 342 insieme all'Art. 1810. EN 343, Classe 4.1. Non certificato High Vis.</p>
<p>Poliammide 83%, elastan 17%, laminato, impermeabile 15000 mm, antivento, traspirante Ret 11.3, elasticizzato, 170 g/m².</p>

<p>Diese mit Air-Mesh gefütterte Winterjacke ist perfekt für kältere Wetterbedingungen. Sie ist wind- und wasserdicht, sehr atmungsaktiv und hat versiegelte Nähte. Die Jacke ist aus einem sehr bequemen und weichen 4-Wege-Stretchmaterial gefertigt. Auch als Damenmodell 4408 erhältlich. ABSCHLUSS: Verstellbarer Bund mit Kordelzug. Innenbündchen mit Daumenloch. DETAILS: Reissverschluss im Futter, für einfache Textilveredelung. Abnehmbare Kapuze mit [&hellip;]</p>
