{"id":599392,"date":"2025-03-05T02:21:10","date_gmt":"2025-03-05T01:21:10","guid":{"rendered":"https:\/\/shop.kustom.ch\/?post_type=product&#038;p=599392"},"modified":"2026-03-31T09:00:02","modified_gmt":"2026-03-31T08:00:02","slug":"leichte-gefuetterte-damen-winterjacke-stretch","status":"publish","type":"product","link":"https:\/\/shop.kustom.ch\/it\/prodotto\/leichte-gefuetterte-damen-winterjacke-stretch\/","title":{"rendered":"Giacca invernale da donna leggera ed elasticizzata con fodera"},"content":{"rendered":"<p>Giacca invernale foderata in air mesh, perfetta per le condizioni invernali pi\u00f9 fredde. \u00c8 antivento e impermeabile, con un'eccellente traspirabilit\u00e0 e cuciture nastrate. La giacca ha una vestibilit\u00e0 femminile ed \u00e8 realizzata in tessuto elasticizzato a 4 vie incredibilmente confortevole e morbido. Disponibile anche come modello 4484 da uomo.<\/p>\n<p>CHIUSURA: Schienale allungato. Polsini interni con foro per il pollice. DETTAGLI: cerniera nella fodera per facilitare la rifinitura del tessuto. Cappuccio staccabile con fodera in rete. CHIUSURA ANTERIORE: cerniera in plastica a due vie. FUNZIONALIT\u00c0: materiale antivento e impermeabile con traspirabilit\u00e0, cuciture nastrate. CARATTERISTICHE PRINCIPALI: Strato di fondo. REFLEX: Materiale riflettente sulle maniche. TESSUTO: Donna. Stretch. Unito. TASCHE: Tasca sul petto con zip. Tasche anteriori con cerniera. ISTRUZIONI DI LAVAGGIO: Non centrifugare. CERTIFICAZIONE: EN 342 insieme all'Art. 1810. EN 343, Classe 4.1. Non certificato High Vis.<\/p>\n<p>Poliammide 83%, elastan 17%, laminato, impermeabile 15000 mm, antivento, traspirante Ret 11.3, elasticizzato, 170 g\/m\u00b2.<\/p>","protected":false},"excerpt":{"rendered":"<p>Mit Air-Mesh gef\u00fctterte Winterjacke, die sich perfekt f\u00fcr k\u00e4ltere Winterbedingungen eignet. Sie ist wind- und wasserdicht mit hervorragender Atmungsaktivit\u00e4t und hat versiegelte N\u00e4hte. Die Jacke in Damenpassform ist aus unglaublich komfortablem und weichem 4-Wege-Stretch gefertigt. Auch als Herrenmodell 4484 erh\u00e4ltlich. ABSCHLUSS: Verl\u00e4ngerter R\u00fccken. Innenb\u00fcndchen mit Daumenloch. DETAILS: Reissverschluss im Futter, f\u00fcr einfache Textilveredelung. Abnehmbare Kapuze [&hellip;]<\/p>\n","protected":false},"featured_media":599449,"template":"","meta":[],"product_brand":[],"product_cat":[4186],"product_tag":[],"class_list":{"0":"post-599392","1":"product","2":"type-product","3":"status-publish","4":"has-post-thumbnail","6":"product_cat-jacken","7":"pa_brand-blaklaeder","8":"pa_brand-type-workwear","9":"pa_filter-color-blau","10":"pa_filter-color-gelb","11":"pa_filter-color-rot","12":"pa_filter-color-schwarz","14":"first","15":"instock","16":"sale","17":"taxable","18":"shipping-taxable","19":"purchasable","20":"product-type-variable","21":"add-to-wishlist-before_image"},"exclude_global_add_ons":[],"addons":[],"acf":[],"_links":{"self":[{"href":"https:\/\/shop.kustom.ch\/it\/wp-json\/wp\/v2\/product\/599392"}],"collection":[{"href":"https:\/\/shop.kustom.ch\/it\/wp-json\/wp\/v2\/product"}],"about":[{"href":"https:\/\/shop.kustom.ch\/it\/wp-json\/wp\/v2\/types\/product"}],"wp:featuredmedia":[{"embeddable":true,"href":"https:\/\/shop.kustom.ch\/it\/wp-json\/wp\/v2\/media\/599449"}],"wp:attachment":[{"href":"https:\/\/shop.kustom.ch\/it\/wp-json\/wp\/v2\/media?parent=599392"}],"wp:term":[{"taxonomy":"product_brand","embeddable":true,"href":"https:\/\/shop.kustom.ch\/it\/wp-json\/wp\/v2\/product_brand?post=599392"},{"taxonomy":"product_cat","embeddable":true,"href":"https:\/\/shop.kustom.ch\/it\/wp-json\/wp\/v2\/product_cat?post=599392"},{"taxonomy":"product_tag","embeddable":true,"href":"https:\/\/shop.kustom.ch\/it\/wp-json\/wp\/v2\/product_tag?post=599392"}],"curies":[{"name":"wp","href":"https:\/\/api.w.org\/{rel}","templated":true}]}}

<p>Giacca invernale foderata in air mesh, perfetta per le condizioni invernali più fredde. È antivento e impermeabile, con un'eccellente traspirabilità e cuciture nastrate. La giacca ha una vestibilità femminile ed è realizzata in tessuto elasticizzato a 4 vie incredibilmente confortevole e morbido. Disponibile anche come modello 4484 da uomo.</p>
<p>CHIUSURA: Schienale allungato. Polsini interni con foro per il pollice. DETTAGLI: cerniera nella fodera per facilitare la rifinitura del tessuto. Cappuccio staccabile con fodera in rete. CHIUSURA ANTERIORE: cerniera in plastica a due vie. FUNZIONALITÀ: materiale antivento e impermeabile con traspirabilità, cuciture nastrate. CARATTERISTICHE PRINCIPALI: Strato di fondo. REFLEX: Materiale riflettente sulle maniche. TESSUTO: Donna. Stretch. Unito. TASCHE: Tasca sul petto con zip. Tasche anteriori con cerniera. ISTRUZIONI DI LAVAGGIO: Non centrifugare. CERTIFICAZIONE: EN 342 insieme all'Art. 1810. EN 343, Classe 4.1. Non certificato High Vis.</p>
<p>Poliammide 83%, elastan 17%, laminato, impermeabile 15000 mm, antivento, traspirante Ret 11.3, elasticizzato, 170 g/m².</p>

<p>Mit Air-Mesh gefütterte Winterjacke, die sich perfekt für kältere Winterbedingungen eignet. Sie ist wind- und wasserdicht mit hervorragender Atmungsaktivität und hat versiegelte Nähte. Die Jacke in Damenpassform ist aus unglaublich komfortablem und weichem 4-Wege-Stretch gefertigt. Auch als Herrenmodell 4484 erhältlich. ABSCHLUSS: Verlängerter Rücken. Innenbündchen mit Daumenloch. DETAILS: Reissverschluss im Futter, für einfache Textilveredelung. Abnehmbare Kapuze [&hellip;]</p>
