{"id":598386,"date":"2025-03-05T01:54:32","date_gmt":"2025-03-05T00:54:32","guid":{"rendered":"https:\/\/shop.kustom.ch\/?post_type=product&#038;p=598386"},"modified":"2026-03-31T09:05:48","modified_gmt":"2026-03-31T08:05:48","slug":"winterjacke-10","status":"publish","type":"product","link":"https:\/\/shop.kustom.ch\/it\/prodotto\/winterjacke-10\/","title":{"rendered":"Giacca invernale"},"content":{"rendered":"<p>Giacca di base pratica e robusta per le giornate fresche. La scelta ideale quando si ha bisogno di una giacca pratica e funzionale che tenga caldo senza essere ingombrante. Il materiale \u00e8 antivento e impermeabile con una buona traspirabilit\u00e0 e consente una buona libert\u00e0 di movimento con un confortevole calore corporeo. La giacca \u00e8 spaziosa e completamente foderata con una calda fodera trapuntata e ha un colletto foderato in pile.<\/p>\n<p>CHIUSURA: vita regolabile con coulisse. Polsini regolabili. DETTAGLI: cerniera nella fodera per facilitare la rifinitura del tessuto. CHIUSURA ANTERIORE: patta antivento con chiusura a velcro. FUNZIONALIT\u00c0: materiale antivento e idrorepellente, cuciture non saldate. CARATTERISTICHE PRINCIPALI: Artigianale. REFLEX: Dettagli riflettenti sulle maniche. TESSUTO: Uomo. nero. idrorepellente. Vento\/umido\/freddo. TASCHE: Tasca sul petto con zip. Tasca interna con chiusura a velcro. Tasche anteriori con cerniera. ISTRUZIONI DI LAVAGGIO: Non stirare.<\/p>\n<p>100% poliestere, Oxford, rivestito, impermeabile 15.000 mm, antivento, traspirante Ret 8.5, 200g\/m\u00b2<\/p>","protected":false},"excerpt":{"rendered":"<p>Praktische und stabile Basisjacke f\u00fcr k\u00fchle Tage. Die ideale Wahl wenn eine praktische und funktionelle Jacke ben\u00f6tigt wird, die warm h\u00e4lt ohne klobig zu wirken. Das Material ist wind- und wasserdicht mit guter Atmungsaktivit\u00e4t und erm\u00f6glicht gute Bewegungsfreiheit mit einer komfortablen K\u00f6rperw\u00e4rme. Die Jacke ist ger\u00e4umig und komplett gef\u00fcttert mit einem warmen Steppfutter und hat [&hellip;]<\/p>\n","protected":false},"featured_media":598426,"template":"","meta":[],"product_brand":[],"product_cat":[4186],"product_tag":[],"class_list":{"0":"post-598386","1":"product","2":"type-product","3":"status-publish","4":"has-post-thumbnail","6":"product_cat-jacken","7":"pa_brand-blaklaeder","8":"pa_brand-type-workwear","9":"pa_filter-color-grau","10":"pa_filter-color-schwarz","12":"first","13":"instock","14":"sale","15":"taxable","16":"shipping-taxable","17":"purchasable","18":"product-type-variable","19":"add-to-wishlist-before_image"},"exclude_global_add_ons":[],"addons":[],"acf":[],"_links":{"self":[{"href":"https:\/\/shop.kustom.ch\/it\/wp-json\/wp\/v2\/product\/598386"}],"collection":[{"href":"https:\/\/shop.kustom.ch\/it\/wp-json\/wp\/v2\/product"}],"about":[{"href":"https:\/\/shop.kustom.ch\/it\/wp-json\/wp\/v2\/types\/product"}],"wp:featuredmedia":[{"embeddable":true,"href":"https:\/\/shop.kustom.ch\/it\/wp-json\/wp\/v2\/media\/598426"}],"wp:attachment":[{"href":"https:\/\/shop.kustom.ch\/it\/wp-json\/wp\/v2\/media?parent=598386"}],"wp:term":[{"taxonomy":"product_brand","embeddable":true,"href":"https:\/\/shop.kustom.ch\/it\/wp-json\/wp\/v2\/product_brand?post=598386"},{"taxonomy":"product_cat","embeddable":true,"href":"https:\/\/shop.kustom.ch\/it\/wp-json\/wp\/v2\/product_cat?post=598386"},{"taxonomy":"product_tag","embeddable":true,"href":"https:\/\/shop.kustom.ch\/it\/wp-json\/wp\/v2\/product_tag?post=598386"}],"curies":[{"name":"wp","href":"https:\/\/api.w.org\/{rel}","templated":true}]}}

<p>Giacca di base pratica e robusta per le giornate fresche. La scelta ideale quando si ha bisogno di una giacca pratica e funzionale che tenga caldo senza essere ingombrante. Il materiale è antivento e impermeabile con una buona traspirabilità e consente una buona libertà di movimento con un confortevole calore corporeo. La giacca è spaziosa e completamente foderata con una calda fodera trapuntata e ha un colletto foderato in pile.</p>
<p>CHIUSURA: vita regolabile con coulisse. Polsini regolabili. DETTAGLI: cerniera nella fodera per facilitare la rifinitura del tessuto. CHIUSURA ANTERIORE: patta antivento con chiusura a velcro. FUNZIONALITÀ: materiale antivento e idrorepellente, cuciture non saldate. CARATTERISTICHE PRINCIPALI: Artigianale. REFLEX: Dettagli riflettenti sulle maniche. TESSUTO: Uomo. nero. idrorepellente. Vento/umido/freddo. TASCHE: Tasca sul petto con zip. Tasca interna con chiusura a velcro. Tasche anteriori con cerniera. ISTRUZIONI DI LAVAGGIO: Non stirare.</p>
<p>100% poliestere, Oxford, rivestito, impermeabile 15.000 mm, antivento, traspirante Ret 8.5, 200g/m²</p>

<p>Praktische und stabile Basisjacke für kühle Tage. Die ideale Wahl wenn eine praktische und funktionelle Jacke benötigt wird, die warm hält ohne klobig zu wirken. Das Material ist wind- und wasserdicht mit guter Atmungsaktivität und ermöglicht gute Bewegungsfreiheit mit einer komfortablen Körperwärme. Die Jacke ist geräumig und komplett gefüttert mit einem warmen Steppfutter und hat [&hellip;]</p>
