{"id":597865,"date":"2025-03-05T01:46:06","date_gmt":"2025-03-05T00:46:06","guid":{"rendered":"https:\/\/shop.kustom.ch\/?post_type=product&#038;p=597865"},"modified":"2026-03-31T09:04:54","modified_gmt":"2026-03-31T08:04:54","slug":"high-vis-softshell-jacke-5","status":"publish","type":"product","link":"https:\/\/shop.kustom.ch\/it\/prodotto\/high-vis-softshell-jacke-5\/","title":{"rendered":"Giacca Softshell High Vis"},"content":{"rendered":"<p>Giacca softshell morbida e leggera ad alta visibilit\u00e0. Taglio ergonomico per un'eccellente libert\u00e0 di movimento. La giacca ha una superficie idrorepellente ad altissima traspirabilit\u00e0 e una morbida fodera in pile.<\/p>\n<p>CHIUSURA: Schiena allungata. Polsini elasticizzati. DETTAGLI: Anello a D. Collo alto. Spallacci in colore a contrasto. CHIUSURA ANTERIORE: robusta cerniera in plastica. FUNZIONALIT\u00c0: Materiale antivento e idrorepellente, cuciture non saldate. PROPRIET\u00c0 PRINCIPALI: Lavoratori stradali ed edili. EN ISO 20471. REFLEX: strisce riflettenti larghe 50 mm. TESSUTO: Uomo. Giallo alta visibilit\u00e0. Traspirabilit\u00e0. Alta visibilit\u00e0. TASCHE: Tasche anteriori con cerniera. ISTRUZIONI DI LAVAGGIO: Numero di lavaggi: 20. 40\u00b0 C. CERTIFICAZIONE: EN ISO 20471, classe 2.<\/p>\n<p>100% Poliestere, 2 strati, softshell, sigillato, idrorepellente 255 g\/m\u00b2<\/p>","protected":false},"excerpt":{"rendered":"<p>Geschmeidige und leichte Warnschutz-Softshelljacke. Ergonomischer Schnitt f\u00fcr eine exzellente Bewegungsfreiheit. Die Jacke hat eine wasserabweisende Oberfl\u00e4che mit sehr hoher Atmungsaktivit\u00e4t und einem weichen Fleece-Innenfutter. ABSCHLUSS: Verl\u00e4ngerter R\u00fccken. \u00c4rmelb\u00fcndchen mit Gummizug. DETAILS: D-Ring. Hoher Kragen. Schulterpartien in Kontrastfarbe. FRONTVERSCHLUSS: Robuster Reissverschluss aus Kunststoff. FUNKTIONALIT\u00c4T: Wind- &amp;amp; wasserabweisendes Material, nicht verschweisste N\u00e4hte. HAUPTEIGENSCHAFTEN: Strassen- und Bauarbeiter. EN [&hellip;]<\/p>\n","protected":false},"featured_media":597897,"template":"","meta":[],"product_brand":[],"product_cat":[4186],"product_tag":[],"class_list":{"0":"post-597865","1":"product","2":"type-product","3":"status-publish","4":"has-post-thumbnail","6":"product_cat-jacken","7":"pa_brand-blaklaeder","8":"pa_brand-type-workwear","9":"pa_filter-color-blau","10":"pa_filter-color-gelb","11":"pa_filter-color-grau","12":"pa_filter-color-orange","13":"pa_filter-color-rot","14":"pa_filter-color-schwarz","16":"first","17":"instock","18":"sale","19":"taxable","20":"shipping-taxable","21":"purchasable","22":"product-type-variable","23":"add-to-wishlist-before_image"},"exclude_global_add_ons":[],"addons":[],"acf":[],"_links":{"self":[{"href":"https:\/\/shop.kustom.ch\/it\/wp-json\/wp\/v2\/product\/597865"}],"collection":[{"href":"https:\/\/shop.kustom.ch\/it\/wp-json\/wp\/v2\/product"}],"about":[{"href":"https:\/\/shop.kustom.ch\/it\/wp-json\/wp\/v2\/types\/product"}],"wp:featuredmedia":[{"embeddable":true,"href":"https:\/\/shop.kustom.ch\/it\/wp-json\/wp\/v2\/media\/597897"}],"wp:attachment":[{"href":"https:\/\/shop.kustom.ch\/it\/wp-json\/wp\/v2\/media?parent=597865"}],"wp:term":[{"taxonomy":"product_brand","embeddable":true,"href":"https:\/\/shop.kustom.ch\/it\/wp-json\/wp\/v2\/product_brand?post=597865"},{"taxonomy":"product_cat","embeddable":true,"href":"https:\/\/shop.kustom.ch\/it\/wp-json\/wp\/v2\/product_cat?post=597865"},{"taxonomy":"product_tag","embeddable":true,"href":"https:\/\/shop.kustom.ch\/it\/wp-json\/wp\/v2\/product_tag?post=597865"}],"curies":[{"name":"wp","href":"https:\/\/api.w.org\/{rel}","templated":true}]}}

<p>Giacca softshell morbida e leggera ad alta visibilità. Taglio ergonomico per un'eccellente libertà di movimento. La giacca ha una superficie idrorepellente ad altissima traspirabilità e una morbida fodera in pile.</p>
<p>CHIUSURA: Schiena allungata. Polsini elasticizzati. DETTAGLI: Anello a D. Collo alto. Spallacci in colore a contrasto. CHIUSURA ANTERIORE: robusta cerniera in plastica. FUNZIONALITÀ: Materiale antivento e idrorepellente, cuciture non saldate. PROPRIETÀ PRINCIPALI: Lavoratori stradali ed edili. EN ISO 20471. REFLEX: strisce riflettenti larghe 50 mm. TESSUTO: Uomo. Giallo alta visibilità. Traspirabilità. Alta visibilità. TASCHE: Tasche anteriori con cerniera. ISTRUZIONI DI LAVAGGIO: Numero di lavaggi: 20. 40° C. CERTIFICAZIONE: EN ISO 20471, classe 2.</p>
<p>100% Poliestere, 2 strati, softshell, sigillato, idrorepellente 255 g/m²</p>

<p>Geschmeidige und leichte Warnschutz-Softshelljacke. Ergonomischer Schnitt für eine exzellente Bewegungsfreiheit. Die Jacke hat eine wasserabweisende Oberfläche mit sehr hoher Atmungsaktivität und einem weichen Fleece-Innenfutter. ABSCHLUSS: Verlängerter Rücken. Ärmelbündchen mit Gummizug. DETAILS: D-Ring. Hoher Kragen. Schulterpartien in Kontrastfarbe. FRONTVERSCHLUSS: Robuster Reissverschluss aus Kunststoff. FUNKTIONALITÄT: Wind- &amp;amp; wasserabweisendes Material, nicht verschweisste Nähte. HAUPTEIGENSCHAFTEN: Strassen- und Bauarbeiter. EN [&hellip;]</p>
