{"id":597737,"date":"2025-03-05T01:44:03","date_gmt":"2025-03-05T00:44:03","guid":{"rendered":"https:\/\/shop.kustom.ch\/?post_type=product&#038;p=597737"},"modified":"2026-03-31T09:04:39","modified_gmt":"2026-03-31T08:04:39","slug":"maler-jacke","status":"publish","type":"product","link":"https:\/\/shop.kustom.ch\/it\/prodotto\/maler-jacke\/","title":{"rendered":"Giacca da pittore"},"content":{"rendered":"<p>Fodera in pelliccia di fibra nel colletto, tasche sul petto con patta e tasche laterali con zip e polsini a costine. Tasche anteriori con patta e tasche laterali. La giacca \u00e8 regolabile in vita e ha una schiena allungata con pieghe. Dispone inoltre di una tasca interna, di una tasca per il cellulare e di una tasca per le penne sul braccio, nonch\u00e9 di una cerniera nella fodera interna e di un anello a D.<\/p>\n<p>CHIUSURA: Schiena allungata. Polsini interni. DETTAGLI: Tasca per carte d'identit\u00e0 incassata. Soffietti sul retro. Bottoni a pressione in metallo. Collo alto con cerniera. Vita regolabile. CHIUSURA ANTERIORE: Zip metallica nascosta. FUNZIONALIT\u00c0: Caldamente foderato. Maniche preformate. PROPRIET\u00c0 PRINCIPALI: Muratore \/ piastrellista. TESSUTO: Uomo. bianco. idrorepellente. Vento \/ bagnato \/ freddo. TASCHE: Tasche sul petto con patta e bottoni a pressione. Tasca interna con portacellulare. Tasche anteriori con pattina e tasche laterali. Tasca sulla manica con pattina. ISTRUZIONI DI LAVAGGIO: 40\u00b0 C - delicato<\/p>\n<p>70% poliestere, 30% cotone, twill, tessuto esterno idrorepellente, 230g\/m\u00b2.<\/p>","protected":false},"excerpt":{"rendered":"<p>Faserpelzfutter im Kragen, Brusttaschen mit Patte und Seitentaschen mit Reissverschluss und Rippenstrickb\u00fcndchen. Fronttaschen mit Patte und Seitentaschen. Die Jacke ist in der Taille verstellbar und hat einen verl\u00e4ngerten R\u00fccken mit Faltenbalg. Zus\u00e4tzlich hat sie eine Innentasche, Handytasche und Stifttasche am Arm sowie einen Reissverschluss im Innenfutter und D-Ring. ABSCHLUSS: Verl\u00e4ngerter R\u00fccken. \u00c4rmelb\u00fcndchen mit innenliegenden Manschetten. [&hellip;]<\/p>\n","protected":false},"featured_media":597771,"template":"","meta":[],"product_brand":[],"product_cat":[4186],"product_tag":[],"class_list":{"0":"post-597737","1":"product","2":"type-product","3":"status-publish","4":"has-post-thumbnail","6":"product_cat-jacken","7":"pa_brand-blaklaeder","8":"pa_brand-type-workwear","9":"pa_filter-color-grau","10":"pa_filter-color-weiss","12":"first","13":"instock","14":"sale","15":"taxable","16":"shipping-taxable","17":"purchasable","18":"product-type-variable","19":"add-to-wishlist-before_image"},"exclude_global_add_ons":[],"addons":[],"acf":[],"_links":{"self":[{"href":"https:\/\/shop.kustom.ch\/it\/wp-json\/wp\/v2\/product\/597737"}],"collection":[{"href":"https:\/\/shop.kustom.ch\/it\/wp-json\/wp\/v2\/product"}],"about":[{"href":"https:\/\/shop.kustom.ch\/it\/wp-json\/wp\/v2\/types\/product"}],"wp:featuredmedia":[{"embeddable":true,"href":"https:\/\/shop.kustom.ch\/it\/wp-json\/wp\/v2\/media\/597771"}],"wp:attachment":[{"href":"https:\/\/shop.kustom.ch\/it\/wp-json\/wp\/v2\/media?parent=597737"}],"wp:term":[{"taxonomy":"product_brand","embeddable":true,"href":"https:\/\/shop.kustom.ch\/it\/wp-json\/wp\/v2\/product_brand?post=597737"},{"taxonomy":"product_cat","embeddable":true,"href":"https:\/\/shop.kustom.ch\/it\/wp-json\/wp\/v2\/product_cat?post=597737"},{"taxonomy":"product_tag","embeddable":true,"href":"https:\/\/shop.kustom.ch\/it\/wp-json\/wp\/v2\/product_tag?post=597737"}],"curies":[{"name":"wp","href":"https:\/\/api.w.org\/{rel}","templated":true}]}}

<p>Fodera in pelliccia di fibra nel colletto, tasche sul petto con patta e tasche laterali con zip e polsini a costine. Tasche anteriori con patta e tasche laterali. La giacca è regolabile in vita e ha una schiena allungata con pieghe. Dispone inoltre di una tasca interna, di una tasca per il cellulare e di una tasca per le penne sul braccio, nonché di una cerniera nella fodera interna e di un anello a D.</p>
<p>CHIUSURA: Schiena allungata. Polsini interni. DETTAGLI: Tasca per carte d'identità incassata. Soffietti sul retro. Bottoni a pressione in metallo. Collo alto con cerniera. Vita regolabile. CHIUSURA ANTERIORE: Zip metallica nascosta. FUNZIONALITÀ: Caldamente foderato. Maniche preformate. PROPRIETÀ PRINCIPALI: Muratore / piastrellista. TESSUTO: Uomo. bianco. idrorepellente. Vento / bagnato / freddo. TASCHE: Tasche sul petto con patta e bottoni a pressione. Tasca interna con portacellulare. Tasche anteriori con pattina e tasche laterali. Tasca sulla manica con pattina. ISTRUZIONI DI LAVAGGIO: 40° C - delicato</p>
<p>70% poliestere, 30% cotone, twill, tessuto esterno idrorepellente, 230g/m².</p>

<p>Faserpelzfutter im Kragen, Brusttaschen mit Patte und Seitentaschen mit Reissverschluss und Rippenstrickbündchen. Fronttaschen mit Patte und Seitentaschen. Die Jacke ist in der Taille verstellbar und hat einen verlängerten Rücken mit Faltenbalg. Zusätzlich hat sie eine Innentasche, Handytasche und Stifttasche am Arm sowie einen Reissverschluss im Innenfutter und D-Ring. ABSCHLUSS: Verlängerter Rücken. Ärmelbündchen mit innenliegenden Manschetten. [&hellip;]</p>
