{"id":597713,"date":"2025-03-05T01:43:00","date_gmt":"2025-03-05T00:43:00","guid":{"rendered":"https:\/\/shop.kustom.ch\/?post_type=product&#038;p=597713"},"modified":"2026-03-31T09:04:38","modified_gmt":"2026-03-31T08:04:38","slug":"fiberfleece-jacke","status":"publish","type":"product","link":"https:\/\/shop.kustom.ch\/it\/prodotto\/fiberfleece-jacke\/","title":{"rendered":"Giacca in pile in fibra"},"content":{"rendered":"<p>Confortevole giacca in fibra di pile che mantiene il calore nelle fresche giornate autunnali. La giacca ha un cappuccio fisso e tasche sul petto e laterali con cerniera. La schiena \u00e8 pi\u00f9 lunga e presenta una fascia elastica sull'orlo inferiore per proteggere dall'aria fredda che entra dalla vita. I polsini sono elasticizzati e dotati di aperture per i pollici.<\/p>\n<p>CHIUSURA: Schiena allungata. Polsini estesi con apertura per il pollice e orlo elasticizzato. DETTAGLI: Cappuccio fisso. CHIUSURA ANTERIORE: Patta antivento con fodera in pile all'interno. CARATTERISTICHE PRINCIPALI: Isolamento. TESSUTO: Uomo. verde. Vento \/ umidit\u00e0 \/ freddo. TASCHE: Tasca sul petto con zip. Tasche laterali con zip. ISTRUZIONI DI LAVAGGIO: Non candeggiare.<\/p>\n<p>100% poliestere, pile similpelliccia, 250g\/m\u00b2<\/p>","protected":false},"excerpt":{"rendered":"<p>Bequeme Fiberfleece Jacke, die Sie an k\u00fchlen Herbsttagen warm h\u00e4lt. Die Jacke hat eine feste Kapuze und Brust- und Seitentaschen mit Reissverschluss. Der R\u00fcckenteil ist verl\u00e4ngert und besitzt ein elastisches Band im unteren Saum, um vor kalter Luft zu sch\u00fctzen, die \u00fcber die Taille eindringen kann. Die \u00c4rmelb\u00fcndchen sind elastisch und haben Daumen\u00f6ffnungen. ABSCHLUSS: Verl\u00e4ngerter [&hellip;]<\/p>\n","protected":false},"featured_media":597768,"template":"","meta":[],"product_brand":[],"product_cat":[4186],"product_tag":[],"class_list":{"0":"post-597713","1":"product","2":"type-product","3":"status-publish","4":"has-post-thumbnail","6":"product_cat-jacken","7":"pa_brand-blaklaeder","8":"pa_brand-type-workwear","9":"pa_filter-color-gruen","11":"first","12":"instock","13":"sale","14":"taxable","15":"shipping-taxable","16":"purchasable","17":"product-type-variable","18":"add-to-wishlist-before_image"},"exclude_global_add_ons":[],"addons":[],"acf":[],"_links":{"self":[{"href":"https:\/\/shop.kustom.ch\/it\/wp-json\/wp\/v2\/product\/597713"}],"collection":[{"href":"https:\/\/shop.kustom.ch\/it\/wp-json\/wp\/v2\/product"}],"about":[{"href":"https:\/\/shop.kustom.ch\/it\/wp-json\/wp\/v2\/types\/product"}],"wp:featuredmedia":[{"embeddable":true,"href":"https:\/\/shop.kustom.ch\/it\/wp-json\/wp\/v2\/media\/597768"}],"wp:attachment":[{"href":"https:\/\/shop.kustom.ch\/it\/wp-json\/wp\/v2\/media?parent=597713"}],"wp:term":[{"taxonomy":"product_brand","embeddable":true,"href":"https:\/\/shop.kustom.ch\/it\/wp-json\/wp\/v2\/product_brand?post=597713"},{"taxonomy":"product_cat","embeddable":true,"href":"https:\/\/shop.kustom.ch\/it\/wp-json\/wp\/v2\/product_cat?post=597713"},{"taxonomy":"product_tag","embeddable":true,"href":"https:\/\/shop.kustom.ch\/it\/wp-json\/wp\/v2\/product_tag?post=597713"}],"curies":[{"name":"wp","href":"https:\/\/api.w.org\/{rel}","templated":true}]}}

<p>Confortevole giacca in fibra di pile che mantiene il calore nelle fresche giornate autunnali. La giacca ha un cappuccio fisso e tasche sul petto e laterali con cerniera. La schiena è più lunga e presenta una fascia elastica sull'orlo inferiore per proteggere dall'aria fredda che entra dalla vita. I polsini sono elasticizzati e dotati di aperture per i pollici.</p>
<p>CHIUSURA: Schiena allungata. Polsini estesi con apertura per il pollice e orlo elasticizzato. DETTAGLI: Cappuccio fisso. CHIUSURA ANTERIORE: Patta antivento con fodera in pile all'interno. CARATTERISTICHE PRINCIPALI: Isolamento. TESSUTO: Uomo. verde. Vento / umidità / freddo. TASCHE: Tasca sul petto con zip. Tasche laterali con zip. ISTRUZIONI DI LAVAGGIO: Non candeggiare.</p>
<p>100% poliestere, pile similpelliccia, 250g/m²</p>

<p>Bequeme Fiberfleece Jacke, die Sie an kühlen Herbsttagen warm hält. Die Jacke hat eine feste Kapuze und Brust- und Seitentaschen mit Reissverschluss. Der Rückenteil ist verlängert und besitzt ein elastisches Band im unteren Saum, um vor kalter Luft zu schützen, die über die Taille eindringen kann. Die Ärmelbündchen sind elastisch und haben Daumenöffnungen. ABSCHLUSS: Verlängerter [&hellip;]</p>
