{"id":597626,"date":"2025-03-05T01:29:53","date_gmt":"2025-03-05T00:29:53","guid":{"rendered":"https:\/\/shop.kustom.ch\/?post_type=product&#038;p=597626"},"modified":"2026-03-31T09:04:30","modified_gmt":"2026-03-31T08:04:30","slug":"high-vis-winterjacke-5","status":"publish","type":"product","link":"https:\/\/shop.kustom.ch\/it\/prodotto\/high-vis-winterjacke-5\/","title":{"rendered":"Giacca invernale High Vis"},"content":{"rendered":"<p>Assicuratevi di essere visti. La nostra gamma di indumenti ad alta visibilit\u00e0 offre una protezione personale avanzata. Offre la consueta funzionalit\u00e0 e comfort di lavoro, garantendo al contempo la visibilit\u00e0. Questa giacca \u00e8 dotata di numerose soluzioni di tasche intelligenti sulle maniche, sul petto e all'interno. \u00c8 inoltre possibile regolare l'ampiezza della vita, le coulisse delle maniche e la piega della schiena, ad esempio, per ottimizzare il comfort. Certificato secondo la norma EN 471 Classe 2, per indumenti ad alta visibilit\u00e0. Protezione EN 342 contro il freddo.<\/p>\n<p>CHIUSURA: Vita regolabile con coulisse. Polsini regolabili con chiusura in velcro. DETTAGLI: Tasca per carte d'identit\u00e0 incassata. Soffietti sul retro. Colletto foderato in pile. CHIUSURA ANTERIORE: Zip nascosta in plastica rinforzata. CARATTERISTICHE PRINCIPALI: Artigianale. EN ISO 20471. REFLEX: strisce riflettenti larghe 50 mm. TESSUTO: Uomo. nero. Alta visibilit\u00e0. TASCHE: Tasche sul petto con soffietto e patta. Tasche interne, una con cerniera e una con velcro. Tasche anteriori con chiusura a zip. Tasca sulla manica con portapenne. ISTRUZIONI DI LAVAGGIO: Numero di lavaggi: 25. Stiratura - media. CERTIFICAZIONE: EN 342 insieme all'art. 1883 o 1885. EN ISO 20471, classe 2.<\/p>\n<p>65% poliestere, 35% cotone, twill, tessuto esterno idrorepellente, 240g\/m\u00b2.<\/p>","protected":false},"excerpt":{"rendered":"<p>Sorgen Sie daf\u00fcr, dass Sie gesehen werden. Unser Angebot an Warnschutzkleidung bietet fortschrittlichen pers\u00f6nlichen Schutz. Sie bietet die gewohnte Funktionalit\u00e4t und den \u00fcblichen Arbeitskomfort und sorgt gleichzeitig daf\u00fcr, dass Sie gesehen werden. Diese Jacke verf\u00fcgt \u00fcber viele intelligente Taschenl\u00f6sungen an den \u00c4rmeln, auf der Brust und auf der Innenseite. Ausserdem k\u00f6nnen Sie z. B. die [&hellip;]<\/p>\n","protected":false},"featured_media":597689,"template":"","meta":[],"product_brand":[],"product_cat":[4186],"product_tag":[],"class_list":{"0":"post-597626","1":"product","2":"type-product","3":"status-publish","4":"has-post-thumbnail","6":"product_cat-jacken","7":"pa_brand-blaklaeder","8":"pa_brand-type-workwear","9":"pa_filter-color-gelb","10":"pa_filter-color-schwarz","12":"first","13":"instock","14":"sale","15":"taxable","16":"shipping-taxable","17":"purchasable","18":"product-type-variable","19":"add-to-wishlist-before_image"},"exclude_global_add_ons":[],"addons":[],"acf":[],"_links":{"self":[{"href":"https:\/\/shop.kustom.ch\/it\/wp-json\/wp\/v2\/product\/597626"}],"collection":[{"href":"https:\/\/shop.kustom.ch\/it\/wp-json\/wp\/v2\/product"}],"about":[{"href":"https:\/\/shop.kustom.ch\/it\/wp-json\/wp\/v2\/types\/product"}],"wp:featuredmedia":[{"embeddable":true,"href":"https:\/\/shop.kustom.ch\/it\/wp-json\/wp\/v2\/media\/597689"}],"wp:attachment":[{"href":"https:\/\/shop.kustom.ch\/it\/wp-json\/wp\/v2\/media?parent=597626"}],"wp:term":[{"taxonomy":"product_brand","embeddable":true,"href":"https:\/\/shop.kustom.ch\/it\/wp-json\/wp\/v2\/product_brand?post=597626"},{"taxonomy":"product_cat","embeddable":true,"href":"https:\/\/shop.kustom.ch\/it\/wp-json\/wp\/v2\/product_cat?post=597626"},{"taxonomy":"product_tag","embeddable":true,"href":"https:\/\/shop.kustom.ch\/it\/wp-json\/wp\/v2\/product_tag?post=597626"}],"curies":[{"name":"wp","href":"https:\/\/api.w.org\/{rel}","templated":true}]}}

<p>Assicuratevi di essere visti. La nostra gamma di indumenti ad alta visibilità offre una protezione personale avanzata. Offre la consueta funzionalità e comfort di lavoro, garantendo al contempo la visibilità. Questa giacca è dotata di numerose soluzioni di tasche intelligenti sulle maniche, sul petto e all'interno. È inoltre possibile regolare l'ampiezza della vita, le coulisse delle maniche e la piega della schiena, ad esempio, per ottimizzare il comfort. Certificato secondo la norma EN 471 Classe 2, per indumenti ad alta visibilità. Protezione EN 342 contro il freddo.</p>
<p>CHIUSURA: Vita regolabile con coulisse. Polsini regolabili con chiusura in velcro. DETTAGLI: Tasca per carte d'identità incassata. Soffietti sul retro. Colletto foderato in pile. CHIUSURA ANTERIORE: Zip nascosta in plastica rinforzata. CARATTERISTICHE PRINCIPALI: Artigianale. EN ISO 20471. REFLEX: strisce riflettenti larghe 50 mm. TESSUTO: Uomo. nero. Alta visibilità. TASCHE: Tasche sul petto con soffietto e patta. Tasche interne, una con cerniera e una con velcro. Tasche anteriori con chiusura a zip. Tasca sulla manica con portapenne. ISTRUZIONI DI LAVAGGIO: Numero di lavaggi: 25. Stiratura - media. CERTIFICAZIONE: EN 342 insieme all'art. 1883 o 1885. EN ISO 20471, classe 2.</p>
<p>65% poliestere, 35% cotone, twill, tessuto esterno idrorepellente, 240g/m².</p>

<p>Sorgen Sie dafür, dass Sie gesehen werden. Unser Angebot an Warnschutzkleidung bietet fortschrittlichen persönlichen Schutz. Sie bietet die gewohnte Funktionalität und den üblichen Arbeitskomfort und sorgt gleichzeitig dafür, dass Sie gesehen werden. Diese Jacke verfügt über viele intelligente Taschenlösungen an den Ärmeln, auf der Brust und auf der Innenseite. Ausserdem können Sie z. B. die [&hellip;]</p>
