{"id":597602,"date":"2025-03-05T01:29:20","date_gmt":"2025-03-05T00:29:20","guid":{"rendered":"https:\/\/shop.kustom.ch\/?post_type=product&#038;p=597602"},"modified":"2026-03-31T09:04:29","modified_gmt":"2026-03-31T08:04:29","slug":"high-vis-softshell-jacke-4","status":"publish","type":"product","link":"https:\/\/shop.kustom.ch\/it\/prodotto\/high-vis-softshell-jacke-4\/","title":{"rendered":"Giacca Softshell High Vis"},"content":{"rendered":"<p>Una giacca softshell per le applicazioni pi\u00f9 difficili. La giacca \u00e8 antivento e idrorepellente in un materiale traspirante. L'orlo \u00e8 regolabile con una coulisse per la massima libert\u00e0 di movimento e protezione dal freddo. La schiena allungata migliora ulteriormente il comfort. Dettagli riflettenti su tutta la giacca, anche sulle spalle, per essere visibili da ogni angolazione, anche quando ci si china. Certificato secondo la norma EN 471 Classe 3 per gli indumenti ad alta visibilit\u00e0.<\/p>\n<p>CHIUSURA: Vita regolabile con coulisse. Polsini regolabili con chiusura in velcro. DETTAGLI: Tasca per carte d'identit\u00e0 a scomparsa. Collo alto. CHIUSURA ANTERIORE: zip in plastica. FUNZIONALIT\u00c0: Antivento e impermeabile, cuciture non sigillate, traspirante. CARATTERISTICHE PRINCIPALI: Artigianale. EN ISO 20471. REFLEX: Materiale riflettente su corpo, maniche e spalle. TESSUTO: Uomo. Giallo alta visibilit\u00e0. idrorepellente. Protezione ad alta visibilit\u00e0. TASCHE: Tasca interna in rete. Tasche anteriori con cerniera. ISTRUZIONI DI LAVAGGIO: Numero di lavaggi: 20, non candeggiare. CERTIFICAZIONE: EN ISO 20471, classe 3.<\/p>\n<p>100% poliestere, tessuto softshell a 3 strati, impermeabile 17.000 mm, antivento, traspirante Ret 7.2, 300 g\/m\u00b2<\/p>","protected":false},"excerpt":{"rendered":"<p>Eine Softshell-Jacke f\u00fcr die h\u00e4rtesten Eins\u00e4tze. Die Jacke ist wind- und wasserabweisend in einem atmungsaktiven Material. Am Saum mit Kordelzug verstellbar f\u00fcr maximale Bewegungsfreiheit und zum Schutz vor K\u00e4lte. Der verl\u00e4ngerte R\u00fccken verbessert den Komfort zus\u00e4tzlich. Reflektierende Details rund um die Jacke, auch an den Schultern, damit Sie aus allen Winkeln gesehen werden, auch wenn [&hellip;]<\/p>\n","protected":false},"featured_media":597663,"template":"","meta":[],"product_brand":[],"product_cat":[4186],"product_tag":[],"class_list":{"0":"post-597602","1":"product","2":"type-product","3":"status-publish","4":"has-post-thumbnail","6":"product_cat-jacken","7":"pa_brand-blaklaeder","8":"pa_brand-type-workwear","9":"pa_filter-color-gelb","10":"pa_filter-color-orange","12":"first","13":"instock","14":"sale","15":"taxable","16":"shipping-taxable","17":"purchasable","18":"product-type-variable","19":"add-to-wishlist-before_image"},"exclude_global_add_ons":[],"addons":[],"acf":[],"_links":{"self":[{"href":"https:\/\/shop.kustom.ch\/it\/wp-json\/wp\/v2\/product\/597602"}],"collection":[{"href":"https:\/\/shop.kustom.ch\/it\/wp-json\/wp\/v2\/product"}],"about":[{"href":"https:\/\/shop.kustom.ch\/it\/wp-json\/wp\/v2\/types\/product"}],"wp:featuredmedia":[{"embeddable":true,"href":"https:\/\/shop.kustom.ch\/it\/wp-json\/wp\/v2\/media\/597663"}],"wp:attachment":[{"href":"https:\/\/shop.kustom.ch\/it\/wp-json\/wp\/v2\/media?parent=597602"}],"wp:term":[{"taxonomy":"product_brand","embeddable":true,"href":"https:\/\/shop.kustom.ch\/it\/wp-json\/wp\/v2\/product_brand?post=597602"},{"taxonomy":"product_cat","embeddable":true,"href":"https:\/\/shop.kustom.ch\/it\/wp-json\/wp\/v2\/product_cat?post=597602"},{"taxonomy":"product_tag","embeddable":true,"href":"https:\/\/shop.kustom.ch\/it\/wp-json\/wp\/v2\/product_tag?post=597602"}],"curies":[{"name":"wp","href":"https:\/\/api.w.org\/{rel}","templated":true}]}}

<p>Una giacca softshell per le applicazioni più difficili. La giacca è antivento e idrorepellente in un materiale traspirante. L'orlo è regolabile con una coulisse per la massima libertà di movimento e protezione dal freddo. La schiena allungata migliora ulteriormente il comfort. Dettagli riflettenti su tutta la giacca, anche sulle spalle, per essere visibili da ogni angolazione, anche quando ci si china. Certificato secondo la norma EN 471 Classe 3 per gli indumenti ad alta visibilità.</p>
<p>CHIUSURA: Vita regolabile con coulisse. Polsini regolabili con chiusura in velcro. DETTAGLI: Tasca per carte d'identità a scomparsa. Collo alto. CHIUSURA ANTERIORE: zip in plastica. FUNZIONALITÀ: Antivento e impermeabile, cuciture non sigillate, traspirante. CARATTERISTICHE PRINCIPALI: Artigianale. EN ISO 20471. REFLEX: Materiale riflettente su corpo, maniche e spalle. TESSUTO: Uomo. Giallo alta visibilità. idrorepellente. Protezione ad alta visibilità. TASCHE: Tasca interna in rete. Tasche anteriori con cerniera. ISTRUZIONI DI LAVAGGIO: Numero di lavaggi: 20, non candeggiare. CERTIFICAZIONE: EN ISO 20471, classe 3.</p>
<p>100% poliestere, tessuto softshell a 3 strati, impermeabile 17.000 mm, antivento, traspirante Ret 7.2, 300 g/m²</p>

<p>Eine Softshell-Jacke für die härtesten Einsätze. Die Jacke ist wind- und wasserabweisend in einem atmungsaktiven Material. Am Saum mit Kordelzug verstellbar für maximale Bewegungsfreiheit und zum Schutz vor Kälte. Der verlängerte Rücken verbessert den Komfort zusätzlich. Reflektierende Details rund um die Jacke, auch an den Schultern, damit Sie aus allen Winkeln gesehen werden, auch wenn [&hellip;]</p>
