{"id":597510,"date":"2025-03-05T01:27:30","date_gmt":"2025-03-05T00:27:30","guid":{"rendered":"https:\/\/shop.kustom.ch\/?post_type=product&#038;p=597510"},"modified":"2026-03-31T09:04:20","modified_gmt":"2026-03-31T08:04:20","slug":"high-vis-fleecejacke","status":"publish","type":"product","link":"https:\/\/shop.kustom.ch\/it\/prodotto\/high-vis-fleecejacke\/","title":{"rendered":"Giacca in pile High Vis"},"content":{"rendered":"<p>Questa comoda giacca in pile ad alta visibilit\u00e0 \u00e8 perfetta da indossare come strato intermedio. \u00c8 dotata di due tasche anteriori con cerniera e di strisce riflettenti larghe 50 mm sul corpo e sulle maniche. Certificato secondo la norma EN 471\/EN ISO 20471, XS-S classe 2, M-XXXL classe 3, abbigliamento di segnalazione ad alta visibilit\u00e0.<\/p>\n<p>CHIUSURA: Polsini elasticizzati. DETTAGLI: Tasca per carte d'identit\u00e0 incassata. CHIUSURA ANTERIORE: Cerniera in plastica. PROPRIET\u00c0 PRINCIPALI: Lavoratori stradali ed edili. EN ISO 20471. REFLEX: strisce riflettenti larghe 50 mm. TESSUTO: Uomo. Giallo alta visibilit\u00e0. Alta visibilit\u00e0. TASCHE: Tasche anteriori con cerniera. ISTRUZIONI DI LAVAGGIO: Numero di lavaggi: 25, non stirare. CERTIFICAZIONE: Gruppo di certificazione C -&gt;M<\/p>\n<p>100 poliestere %, pile, spazzolato su un lato, antipilling, 250 g\/m\u00b2<\/p>","protected":false},"excerpt":{"rendered":"<p>Diese bequeme High Vis Fleece Jacke ist perfekt, um sie als mittlere Schicht zu tragen. Sie besitzt zwei Fronttaschen mit Reissverschluss sowie 50mm breite Reflexstreifen an K\u00f6rper und \u00c4rmeln. Zertifiziert nach EN 471\/EN ISO 20471, XS-S Klasse 2, M-XXXL Klasse 3, hochsichtbare Warnkleidung. ABSCHLUSS: \u00c4rmelb\u00fcndchen mit Gummizug. DETAILS: Ausweistasche versenkbar. FRONTVERSCHLUSS: Reissverschluss aus Kunststoff. HAUPTEIGENSCHAFTEN: [&hellip;]<\/p>\n","protected":false},"featured_media":597545,"template":"","meta":[],"product_brand":[],"product_cat":[4186],"product_tag":[],"class_list":{"0":"post-597510","1":"product","2":"type-product","3":"status-publish","4":"has-post-thumbnail","6":"product_cat-jacken","7":"pa_brand-blaklaeder","8":"pa_brand-type-workwear","9":"pa_filter-color-gelb","10":"pa_filter-color-orange","11":"pa_filter-color-rot","13":"first","14":"instock","15":"sale","16":"taxable","17":"shipping-taxable","18":"purchasable","19":"product-type-variable","20":"add-to-wishlist-before_image"},"exclude_global_add_ons":[],"addons":[],"acf":[],"_links":{"self":[{"href":"https:\/\/shop.kustom.ch\/it\/wp-json\/wp\/v2\/product\/597510"}],"collection":[{"href":"https:\/\/shop.kustom.ch\/it\/wp-json\/wp\/v2\/product"}],"about":[{"href":"https:\/\/shop.kustom.ch\/it\/wp-json\/wp\/v2\/types\/product"}],"wp:featuredmedia":[{"embeddable":true,"href":"https:\/\/shop.kustom.ch\/it\/wp-json\/wp\/v2\/media\/597545"}],"wp:attachment":[{"href":"https:\/\/shop.kustom.ch\/it\/wp-json\/wp\/v2\/media?parent=597510"}],"wp:term":[{"taxonomy":"product_brand","embeddable":true,"href":"https:\/\/shop.kustom.ch\/it\/wp-json\/wp\/v2\/product_brand?post=597510"},{"taxonomy":"product_cat","embeddable":true,"href":"https:\/\/shop.kustom.ch\/it\/wp-json\/wp\/v2\/product_cat?post=597510"},{"taxonomy":"product_tag","embeddable":true,"href":"https:\/\/shop.kustom.ch\/it\/wp-json\/wp\/v2\/product_tag?post=597510"}],"curies":[{"name":"wp","href":"https:\/\/api.w.org\/{rel}","templated":true}]}}

<p>Questa comoda giacca in pile ad alta visibilità è perfetta da indossare come strato intermedio. È dotata di due tasche anteriori con cerniera e di strisce riflettenti larghe 50 mm sul corpo e sulle maniche. Certificato secondo la norma EN 471/EN ISO 20471, XS-S classe 2, M-XXXL classe 3, abbigliamento di segnalazione ad alta visibilità.</p>
<p>CHIUSURA: Polsini elasticizzati. DETTAGLI: Tasca per carte d'identità incassata. CHIUSURA ANTERIORE: Cerniera in plastica. PROPRIETÀ PRINCIPALI: Lavoratori stradali ed edili. EN ISO 20471. REFLEX: strisce riflettenti larghe 50 mm. TESSUTO: Uomo. Giallo alta visibilità. Alta visibilità. TASCHE: Tasche anteriori con cerniera. ISTRUZIONI DI LAVAGGIO: Numero di lavaggi: 25, non stirare. CERTIFICAZIONE: Gruppo di certificazione C -&gt;M</p>
<p>100 poliestere %, pile, spazzolato su un lato, antipilling, 250 g/m²</p>

<p>Diese bequeme High Vis Fleece Jacke ist perfekt, um sie als mittlere Schicht zu tragen. Sie besitzt zwei Fronttaschen mit Reissverschluss sowie 50mm breite Reflexstreifen an Körper und Ärmeln. Zertifiziert nach EN 471/EN ISO 20471, XS-S Klasse 2, M-XXXL Klasse 3, hochsichtbare Warnkleidung. ABSCHLUSS: Ärmelbündchen mit Gummizug. DETAILS: Ausweistasche versenkbar. FRONTVERSCHLUSS: Reissverschluss aus Kunststoff. HAUPTEIGENSCHAFTEN: [&hellip;]</p>
