{"id":597397,"date":"2025-03-05T01:25:05","date_gmt":"2025-03-05T00:25:05","guid":{"rendered":"https:\/\/shop.kustom.ch\/?post_type=product&#038;p=597397"},"modified":"2026-03-31T09:04:07","modified_gmt":"2026-03-31T08:04:07","slug":"winterjacke-4","status":"publish","type":"product","link":"https:\/\/shop.kustom.ch\/it\/prodotto\/winterjacke-4\/","title":{"rendered":"Giacca invernale"},"content":{"rendered":"<p>La giacca preferita dagli artigiani con una fodera spessa e calda. Sono i dettagli a fare la differenza: Tasca per il cellulare, schiena allungata, vita regolabile. Tutto per un buon comfort di lavoro.<\/p>\n<p>CHIUSURA: Vita regolabile con bottoni a pressione. Polsini regolabili con bottoni a pressione. DETTAGLI: anello a D. Collo alto. CHIUSURA ANTERIORE: robusta cerniera in plastica. FUNZIONALIT\u00c0: Fodera calda. Maniche preformate. CARATTERISTICHE PRINCIPALI: Roofer. TESSUTO: Uomo. grigio. Vento\/umido\/freddo. TASCHE: Tasche sul petto con patta e bottoni a pressione. Tasche interne con tasca per cellulare. Tasche anteriori con fodera in pile. ISTRUZIONI DI LAVAGGIO: 40\u00b0 C<\/p>\n<p>100% Cotone, twill, 370 g\/m\u00b2<\/p>","protected":false},"excerpt":{"rendered":"<p>Die Lieblingsjacke des Handwerkers mit dickem und w\u00e4rmenden Futter. Es sind die Details, die den Unterschied machen: Handytasche, verl\u00e4ngerter R\u00fccken, verstellbare Taillenweite. Alles f\u00fcr einen guten Arbeitskomfort. ABSCHLUSS: Verstellbarer Bund mit Druckkn\u00f6pfen. Verstellbare \u00c4rmelb\u00fcndchen mit Druckknopf. DETAILS: D-Ring. Hoher Kragen. FRONTVERSCHLUSS: Robuster Reissverschluss aus Kunststoff. FUNKTIONALIT\u00c4T: Warm gef\u00fcttert. Vorgeformte \u00c4rmel. HAUPTEIGENSCHAFTEN: Dachdecker. STOFF: Herren. grau. [&hellip;]<\/p>\n","protected":false},"featured_media":597461,"template":"","meta":[],"product_brand":[],"product_cat":[4186],"product_tag":[],"class_list":{"0":"post-597397","1":"product","2":"type-product","3":"status-publish","4":"has-post-thumbnail","6":"product_cat-jacken","7":"pa_brand-blaklaeder","8":"pa_brand-type-workwear","9":"pa_filter-color-grau","11":"first","12":"instock","13":"sale","14":"taxable","15":"shipping-taxable","16":"purchasable","17":"product-type-variable","18":"add-to-wishlist-before_image"},"exclude_global_add_ons":[],"addons":[],"acf":[],"_links":{"self":[{"href":"https:\/\/shop.kustom.ch\/it\/wp-json\/wp\/v2\/product\/597397"}],"collection":[{"href":"https:\/\/shop.kustom.ch\/it\/wp-json\/wp\/v2\/product"}],"about":[{"href":"https:\/\/shop.kustom.ch\/it\/wp-json\/wp\/v2\/types\/product"}],"wp:featuredmedia":[{"embeddable":true,"href":"https:\/\/shop.kustom.ch\/it\/wp-json\/wp\/v2\/media\/597461"}],"wp:attachment":[{"href":"https:\/\/shop.kustom.ch\/it\/wp-json\/wp\/v2\/media?parent=597397"}],"wp:term":[{"taxonomy":"product_brand","embeddable":true,"href":"https:\/\/shop.kustom.ch\/it\/wp-json\/wp\/v2\/product_brand?post=597397"},{"taxonomy":"product_cat","embeddable":true,"href":"https:\/\/shop.kustom.ch\/it\/wp-json\/wp\/v2\/product_cat?post=597397"},{"taxonomy":"product_tag","embeddable":true,"href":"https:\/\/shop.kustom.ch\/it\/wp-json\/wp\/v2\/product_tag?post=597397"}],"curies":[{"name":"wp","href":"https:\/\/api.w.org\/{rel}","templated":true}]}}

<p>La giacca preferita dagli artigiani con una fodera spessa e calda. Sono i dettagli a fare la differenza: Tasca per il cellulare, schiena allungata, vita regolabile. Tutto per un buon comfort di lavoro.</p>
<p>CHIUSURA: Vita regolabile con bottoni a pressione. Polsini regolabili con bottoni a pressione. DETTAGLI: anello a D. Collo alto. CHIUSURA ANTERIORE: robusta cerniera in plastica. FUNZIONALITÀ: Fodera calda. Maniche preformate. CARATTERISTICHE PRINCIPALI: Roofer. TESSUTO: Uomo. grigio. Vento/umido/freddo. TASCHE: Tasche sul petto con patta e bottoni a pressione. Tasche interne con tasca per cellulare. Tasche anteriori con fodera in pile. ISTRUZIONI DI LAVAGGIO: 40° C</p>
<p>100% Cotone, twill, 370 g/m²</p>

<p>Die Lieblingsjacke des Handwerkers mit dickem und wärmenden Futter. Es sind die Details, die den Unterschied machen: Handytasche, verlängerter Rücken, verstellbare Taillenweite. Alles für einen guten Arbeitskomfort. ABSCHLUSS: Verstellbarer Bund mit Druckknöpfen. Verstellbare Ärmelbündchen mit Druckknopf. DETAILS: D-Ring. Hoher Kragen. FRONTVERSCHLUSS: Robuster Reissverschluss aus Kunststoff. FUNKTIONALITÄT: Warm gefüttert. Vorgeformte Ärmel. HAUPTEIGENSCHAFTEN: Dachdecker. STOFF: Herren. grau. [&hellip;]</p>
