{"id":597322,"date":"2025-03-05T01:23:54","date_gmt":"2025-03-05T00:23:54","guid":{"rendered":"https:\/\/shop.kustom.ch\/?post_type=product&#038;p=597322"},"modified":"2026-03-31T09:03:52","modified_gmt":"2026-03-31T08:03:52","slug":"flammschutz-wolljacke","status":"publish","type":"product","link":"https:\/\/shop.kustom.ch\/it\/prodotto\/flammschutz-wolljacke\/","title":{"rendered":"Giacca di lana ignifuga"},"content":{"rendered":"<p>Un capo di lana ignifugo e privo di metalli che pu\u00f2 essere indossato come giacca sopra uno strato di base o come indumento di rinforzo sotto un cappotto. La spugna di lana della giacca offre una buona protezione termica e mantiene il calore al freddo. La giacca \u00e8 dotata di polsini con presa per il pollice e si abbina perfettamente alla giacca shell 4088 di Bl\u00e5kl\u00e4der, un capo ideale per i lavori all'aperto in settori quali l'elettricit\u00e0 e l'energia eolica e idrica. EN 1149-5, EN ISO 11612, IEC 61482-2. <\/p>\n<p>CHIUSURA: Schiena allungata. Polsini estesi con apertura per il pollice e orlo elasticizzato. DETTAGLI: Etichette di certificazione esterne. Collo alto con cerniera nascosta. CHIUSURA ANTERIORE: Zip nascosta in plastica. FUNZIONALIT\u00c0: Senza metallo. CARATTERISTICHE PRINCIPALI: Elettricista. EN ISO 11612. TESSUTO: Uomo. nero. Ritardante di fiamma. ISTRUZIONI DI LAVAGGIO: Non stirare. CERTIFICAZIONE: EN 1149-5. EN ISO 11612 A1, B2, C2, F2. EBT - 6,4 cal\/cm\u00b2.<\/p>\n<p>79% lana, 19% modacrilico, 2% antistatico, lana merino, maglia spugna, ritardante di fiamma, antistatico 390 g\/m\u00b2<\/p>","protected":false},"excerpt":{"rendered":"<p>Ein flammhemmendes und metallfreies Woll-Kleidungsst\u00fcck, das als Jacke \u00fcber einem Unterzieher oder als verst\u00e4rkende Kleidung unter einem Mantel getragen werden kann. Das Woll-Frottee der Jacke bietet einen guten Hitzeschutz und h\u00e4lt bei K\u00e4lte warm. Die Jacke hat \u00c4rmelabschl\u00fcsse mit Daumengriff und sie passt perfekt zu Bl\u00e5kl\u00e4ders Shelljacke 4088. Ein ideales Kleidungsst\u00fcck f\u00fcr Arbeiten im Freien [&hellip;]<\/p>\n","protected":false},"featured_media":597382,"template":"","meta":[],"product_brand":[],"product_cat":[4186],"product_tag":[],"class_list":{"0":"post-597322","1":"product","2":"type-product","3":"status-publish","4":"has-post-thumbnail","6":"product_cat-jacken","7":"pa_brand-blaklaeder","8":"pa_brand-type-workwear","9":"pa_filter-color-schwarz","11":"first","12":"instock","13":"sale","14":"taxable","15":"shipping-taxable","16":"purchasable","17":"product-type-variable","18":"add-to-wishlist-before_image"},"exclude_global_add_ons":[],"addons":[],"acf":[],"_links":{"self":[{"href":"https:\/\/shop.kustom.ch\/it\/wp-json\/wp\/v2\/product\/597322"}],"collection":[{"href":"https:\/\/shop.kustom.ch\/it\/wp-json\/wp\/v2\/product"}],"about":[{"href":"https:\/\/shop.kustom.ch\/it\/wp-json\/wp\/v2\/types\/product"}],"wp:featuredmedia":[{"embeddable":true,"href":"https:\/\/shop.kustom.ch\/it\/wp-json\/wp\/v2\/media\/597382"}],"wp:attachment":[{"href":"https:\/\/shop.kustom.ch\/it\/wp-json\/wp\/v2\/media?parent=597322"}],"wp:term":[{"taxonomy":"product_brand","embeddable":true,"href":"https:\/\/shop.kustom.ch\/it\/wp-json\/wp\/v2\/product_brand?post=597322"},{"taxonomy":"product_cat","embeddable":true,"href":"https:\/\/shop.kustom.ch\/it\/wp-json\/wp\/v2\/product_cat?post=597322"},{"taxonomy":"product_tag","embeddable":true,"href":"https:\/\/shop.kustom.ch\/it\/wp-json\/wp\/v2\/product_tag?post=597322"}],"curies":[{"name":"wp","href":"https:\/\/api.w.org\/{rel}","templated":true}]}}

<p>Un capo di lana ignifugo e privo di metalli che può essere indossato come giacca sopra uno strato di base o come indumento di rinforzo sotto un cappotto. La spugna di lana della giacca offre una buona protezione termica e mantiene il calore al freddo. La giacca è dotata di polsini con presa per il pollice e si abbina perfettamente alla giacca shell 4088 di Blåkläder, un capo ideale per i lavori all'aperto in settori quali l'elettricità e l'energia eolica e idrica. EN 1149-5, EN ISO 11612, IEC 61482-2. </p>
<p>CHIUSURA: Schiena allungata. Polsini estesi con apertura per il pollice e orlo elasticizzato. DETTAGLI: Etichette di certificazione esterne. Collo alto con cerniera nascosta. CHIUSURA ANTERIORE: Zip nascosta in plastica. FUNZIONALITÀ: Senza metallo. CARATTERISTICHE PRINCIPALI: Elettricista. EN ISO 11612. TESSUTO: Uomo. nero. Ritardante di fiamma. ISTRUZIONI DI LAVAGGIO: Non stirare. CERTIFICAZIONE: EN 1149-5. EN ISO 11612 A1, B2, C2, F2. EBT - 6,4 cal/cm².</p>
<p>79% lana, 19% modacrilico, 2% antistatico, lana merino, maglia spugna, ritardante di fiamma, antistatico 390 g/m²</p>

<p>Ein flammhemmendes und metallfreies Woll-Kleidungsstück, das als Jacke über einem Unterzieher oder als verstärkende Kleidung unter einem Mantel getragen werden kann. Das Woll-Frottee der Jacke bietet einen guten Hitzeschutz und hält bei Kälte warm. Die Jacke hat Ärmelabschlüsse mit Daumengriff und sie passt perfekt zu Blåkläders Shelljacke 4088. Ein ideales Kleidungsstück für Arbeiten im Freien [&hellip;]</p>
