{"id":597195,"date":"2025-03-05T01:16:45","date_gmt":"2025-03-05T00:16:45","guid":{"rendered":"https:\/\/shop.kustom.ch\/?post_type=product&#038;p=597195"},"modified":"2026-03-31T09:03:42","modified_gmt":"2026-03-31T08:03:42","slug":"flammschutz-winterjacke-2","status":"publish","type":"product","link":"https:\/\/shop.kustom.ch\/it\/prodotto\/flammschutz-winterjacke-2\/","title":{"rendered":"Giacca invernale antifiamma"},"content":{"rendered":"<p>Giacca ignifuga, idrorepellente e antiolio per uso invernale, con robusta cerniera metallica a scomparsa e pratiche tasche. Schiena allungata e maniche mobili per un maggiore comfort. Certificata secondo le norme EN 342, EN 1149-5, EN ISO 11611, EN 13034, EN ISO 11612, IEC 61482-2. ATPV: 16,0 cal\/cm\u00b2.<\/p>\n<p>CHIUSURA: Vita regolabile con chiusura in velcro. Polsini regolabili con chiusura in velcro. DETTAGLI: Soffietti sul retro. Etichette di certificazione esterne. Cucitura a sella sul retro. Collo alto con zip nascosta. CHIUSURA ANTERIORE: Cerniera metallica nascosta e rinforzata. FUNZIONALIT\u00c0: Repellente all'olio, allo sporco e all'acqua. PROPRIET\u00c0 PRINCIPALI: Elettrica. EN 1149-5. TESSUTO: Uomo. blu. Ritardante di fiamma. TASCHE: Tasche sul petto con cerniera nascosta. Tasca interna. Tasche interne con pattina. ISTRUZIONI DI LAVAGGIO: Non stirare. CERTIFICAZIONE: EN 1149-5. EN 13034 PB (6). EN 342 insieme a 1869-1514. EN ISO 11611, classe 1 A1. EN ISO 11612 A1, B1, C1, E1, F1. IEC 61482-2, APC 2<\/p>\n<p>85% cotone, 14% poliestere, 1% antistatico, twill, ritardante la fiamma, antistatico, 350 g\/m\u00b2<\/p>","protected":false},"excerpt":{"rendered":"<p>\u00d6l-, schmutz- und wasserabweisende flammhemmende Jacke f\u00fcr den Wintereinsatz, mit einem robusten, verdeckten Metallreissverschluss und praktischen Taschen. Verl\u00e4ngerte R\u00fcckseite und bewegliche \u00c4rmel f\u00fcr mehr Komfort. Zertifiziert nach EN 342, EN 1149-5, EN ISO 11611, EN 13034, EN ISO 11612, IEC 61482-2. ATPV: 16,0 cal\/ cm\u00b2. ABSCHLUSS: Verstellbarer Bund mit Klettverschluss. Verstellbare \u00c4rmelb\u00fcndchen mit Klettverschluss. DETAILS: [&hellip;]<\/p>\n","protected":false},"featured_media":597243,"template":"","meta":[],"product_brand":[],"product_cat":[4186],"product_tag":[],"class_list":{"0":"post-597195","1":"product","2":"type-product","3":"status-publish","4":"has-post-thumbnail","6":"product_cat-jacken","7":"pa_brand-blaklaeder","8":"pa_brand-type-workwear","9":"pa_filter-color-blau","11":"first","12":"instock","13":"sale","14":"taxable","15":"shipping-taxable","16":"purchasable","17":"product-type-variable","18":"add-to-wishlist-before_image"},"exclude_global_add_ons":[],"addons":[],"acf":[],"_links":{"self":[{"href":"https:\/\/shop.kustom.ch\/it\/wp-json\/wp\/v2\/product\/597195"}],"collection":[{"href":"https:\/\/shop.kustom.ch\/it\/wp-json\/wp\/v2\/product"}],"about":[{"href":"https:\/\/shop.kustom.ch\/it\/wp-json\/wp\/v2\/types\/product"}],"wp:featuredmedia":[{"embeddable":true,"href":"https:\/\/shop.kustom.ch\/it\/wp-json\/wp\/v2\/media\/597243"}],"wp:attachment":[{"href":"https:\/\/shop.kustom.ch\/it\/wp-json\/wp\/v2\/media?parent=597195"}],"wp:term":[{"taxonomy":"product_brand","embeddable":true,"href":"https:\/\/shop.kustom.ch\/it\/wp-json\/wp\/v2\/product_brand?post=597195"},{"taxonomy":"product_cat","embeddable":true,"href":"https:\/\/shop.kustom.ch\/it\/wp-json\/wp\/v2\/product_cat?post=597195"},{"taxonomy":"product_tag","embeddable":true,"href":"https:\/\/shop.kustom.ch\/it\/wp-json\/wp\/v2\/product_tag?post=597195"}],"curies":[{"name":"wp","href":"https:\/\/api.w.org\/{rel}","templated":true}]}}

<p>Giacca ignifuga, idrorepellente e antiolio per uso invernale, con robusta cerniera metallica a scomparsa e pratiche tasche. Schiena allungata e maniche mobili per un maggiore comfort. Certificata secondo le norme EN 342, EN 1149-5, EN ISO 11611, EN 13034, EN ISO 11612, IEC 61482-2. ATPV: 16,0 cal/cm².</p>
<p>CHIUSURA: Vita regolabile con chiusura in velcro. Polsini regolabili con chiusura in velcro. DETTAGLI: Soffietti sul retro. Etichette di certificazione esterne. Cucitura a sella sul retro. Collo alto con zip nascosta. CHIUSURA ANTERIORE: Cerniera metallica nascosta e rinforzata. FUNZIONALITÀ: Repellente all'olio, allo sporco e all'acqua. PROPRIETÀ PRINCIPALI: Elettrica. EN 1149-5. TESSUTO: Uomo. blu. Ritardante di fiamma. TASCHE: Tasche sul petto con cerniera nascosta. Tasca interna. Tasche interne con pattina. ISTRUZIONI DI LAVAGGIO: Non stirare. CERTIFICAZIONE: EN 1149-5. EN 13034 PB (6). EN 342 insieme a 1869-1514. EN ISO 11611, classe 1 A1. EN ISO 11612 A1, B1, C1, E1, F1. IEC 61482-2, APC 2</p>
<p>85% cotone, 14% poliestere, 1% antistatico, twill, ritardante la fiamma, antistatico, 350 g/m²</p>

<p>Öl-, schmutz- und wasserabweisende flammhemmende Jacke für den Wintereinsatz, mit einem robusten, verdeckten Metallreissverschluss und praktischen Taschen. Verlängerte Rückseite und bewegliche Ärmel für mehr Komfort. Zertifiziert nach EN 342, EN 1149-5, EN ISO 11611, EN 13034, EN ISO 11612, IEC 61482-2. ATPV: 16,0 cal/ cm². ABSCHLUSS: Verstellbarer Bund mit Klettverschluss. Verstellbare Ärmelbündchen mit Klettverschluss. DETAILS: [&hellip;]</p>
