{"id":596702,"date":"2025-03-05T01:07:31","date_gmt":"2025-03-05T00:07:31","guid":{"rendered":"https:\/\/shop.kustom.ch\/?post_type=product&#038;p=596702"},"modified":"2026-03-31T09:01:39","modified_gmt":"2026-03-31T08:01:39","slug":"winterjacke-2","status":"publish","type":"product","link":"https:\/\/shop.kustom.ch\/it\/prodotto\/winterjacke-2\/","title":{"rendered":"Giacca invernale"},"content":{"rendered":"<p>Giacca con fodera termica per tenervi al caldo nella stagione fredda. Realizzata in materiale leggero, \u00e8 rinforzata con denim CORDURA\u00ae sulle spalle e ha una chiusura a zip. Ha un cappuccio termofoderato staccabile e regolabile. Le tasche anteriori sono dotate di zip e di una tasca in rete per il cellulare. La schiena allungata impedisce al freddo di penetrare.<\/p>\n<p>CHIUSURA: Schiena allungata. Polsini interni. DETTAGLI: Cappuccio staccabile e regolabile con fodera calda. Interno collo in colore a contrasto. Spalle rinforzate. Ricamo Bl\u00e5kl\u00e4der sulla schiena. CHIUSURA ANTERIORE: Zip in plastica. FUNZIONALIT\u00c0: Fodera calda. CARATTERISTICHE PRINCIPALI: Giardiniere. TESSUTO: Uomo. grigio. Vento\/umido\/freddo. TASCHE: Tasche interne con tasca per cellulare. Tasche anteriori con cerniera. ISTRUZIONI DI LAVAGGIO: Non candeggiare. RINFORZO: Spalle rinforzate.<\/p>\n<p>65% poliestere, 35% cotone, tessuto fine, 166g\/m\u00b2<\/p>","protected":false},"excerpt":{"rendered":"<p>Jacke mit Thermofutter, die bei kaltem Wetter warm h\u00e4lt. Sie besteht aus einem leichten Material und ist mit CORDURA\u00ae Denim \u00fcber den Schultern verst\u00e4rkt und hat einen Reissverschluss. Sie hat eine abnehmbare und einstellbare thermogef\u00fctterte Kapuze. Die Vordertaschen haben einen Reissverschluss und eine Handytasche aus Mesh. Der verl\u00e4ngerte R\u00fccken hindert die K\u00e4lte am Eindringen. ABSCHLUSS: [&hellip;]<\/p>\n","protected":false},"featured_media":530670,"template":"","meta":[],"product_brand":[],"product_cat":[4186],"product_tag":[],"class_list":{"0":"post-596702","1":"product","2":"type-product","3":"status-publish","4":"has-post-thumbnail","6":"product_cat-jacken","7":"pa_brand-blaklaeder","8":"pa_brand-type-workwear","9":"pa_filter-color-grau","11":"first","12":"instock","13":"sale","14":"taxable","15":"shipping-taxable","16":"purchasable","17":"product-type-variable","18":"add-to-wishlist-before_image"},"exclude_global_add_ons":[],"addons":[],"acf":[],"_links":{"self":[{"href":"https:\/\/shop.kustom.ch\/it\/wp-json\/wp\/v2\/product\/596702"}],"collection":[{"href":"https:\/\/shop.kustom.ch\/it\/wp-json\/wp\/v2\/product"}],"about":[{"href":"https:\/\/shop.kustom.ch\/it\/wp-json\/wp\/v2\/types\/product"}],"wp:featuredmedia":[{"embeddable":true,"href":"https:\/\/shop.kustom.ch\/it\/wp-json\/wp\/v2\/media\/530670"}],"wp:attachment":[{"href":"https:\/\/shop.kustom.ch\/it\/wp-json\/wp\/v2\/media?parent=596702"}],"wp:term":[{"taxonomy":"product_brand","embeddable":true,"href":"https:\/\/shop.kustom.ch\/it\/wp-json\/wp\/v2\/product_brand?post=596702"},{"taxonomy":"product_cat","embeddable":true,"href":"https:\/\/shop.kustom.ch\/it\/wp-json\/wp\/v2\/product_cat?post=596702"},{"taxonomy":"product_tag","embeddable":true,"href":"https:\/\/shop.kustom.ch\/it\/wp-json\/wp\/v2\/product_tag?post=596702"}],"curies":[{"name":"wp","href":"https:\/\/api.w.org\/{rel}","templated":true}]}}

<p>Giacca con fodera termica per tenervi al caldo nella stagione fredda. Realizzata in materiale leggero, è rinforzata con denim CORDURA® sulle spalle e ha una chiusura a zip. Ha un cappuccio termofoderato staccabile e regolabile. Le tasche anteriori sono dotate di zip e di una tasca in rete per il cellulare. La schiena allungata impedisce al freddo di penetrare.</p>
<p>CHIUSURA: Schiena allungata. Polsini interni. DETTAGLI: Cappuccio staccabile e regolabile con fodera calda. Interno collo in colore a contrasto. Spalle rinforzate. Ricamo Blåkläder sulla schiena. CHIUSURA ANTERIORE: Zip in plastica. FUNZIONALITÀ: Fodera calda. CARATTERISTICHE PRINCIPALI: Giardiniere. TESSUTO: Uomo. grigio. Vento/umido/freddo. TASCHE: Tasche interne con tasca per cellulare. Tasche anteriori con cerniera. ISTRUZIONI DI LAVAGGIO: Non candeggiare. RINFORZO: Spalle rinforzate.</p>
<p>65% poliestere, 35% cotone, tessuto fine, 166g/m²</p>

<p>Jacke mit Thermofutter, die bei kaltem Wetter warm hält. Sie besteht aus einem leichten Material und ist mit CORDURA® Denim über den Schultern verstärkt und hat einen Reissverschluss. Sie hat eine abnehmbare und einstellbare thermogefütterte Kapuze. Die Vordertaschen haben einen Reissverschluss und eine Handytasche aus Mesh. Der verlängerte Rücken hindert die Kälte am Eindringen. ABSCHLUSS: [&hellip;]</p>
