{"id":596474,"date":"2025-03-05T01:03:56","date_gmt":"2025-03-05T00:03:56","guid":{"rendered":"https:\/\/shop.kustom.ch\/?post_type=product&#038;p=596474"},"modified":"2026-03-31T09:01:25","modified_gmt":"2026-03-31T08:01:25","slug":"high-vis-winterparka-2","status":"publish","type":"product","link":"https:\/\/shop.kustom.ch\/it\/prodotto\/high-vis-winterparka-2\/","title":{"rendered":"Parka invernale High Vis"},"content":{"rendered":"<p>Parka invernale di classe 1 ad alta visibilit\u00e0 con fodera trapuntata per tenervi al caldo e sostenervi sul lavoro. Il parka \u00e8 antivento e impermeabile con cuciture nastrate e il cappuccio \u00e8 staccabile e adatto a caschi e protezioni auricolari. \u00c8 regolabile in vita per un comfort personalizzato e le cerniere laterali consentono di accedere alle tasche interne senza dover aprire la parte anteriore e congelare.<\/p>\n<p>CHIUSURA: Schiena allungata. Polsini regolabili con chiusura in velcro. DETTAGLI: Buone superfici per le rifiniture. Anello a D. Stampa riflettente sul retro del cappuccio. Cappuccio staccabile e regolabile con fodera calda. Moschettoni in metallo. Bottoni in metallo. Collo foderato in pile. Cuciture nastrate. Zip sui lati, coperta da un'abbottonatura. Passanti su entrambi i lati del petto per microfoni e altre attrezzature. Coulisse regolabile in vita. Maniche raglan. CHIUSURA ANTERIORE: Doppia patta antivento con chiusura a velcro, maniglia in Hypalon con trasferimento riflettente. FUNZIONALIT\u00c0: materiale antivento e impermeabile con traspirabilit\u00e0, cuciture nastrate. Maniche preformate. CARATTERISTICHE PRINCIPALI: Rider. EN 343. REFLEX: strisce riflettenti sulle spalle. TESSUTO: Uomo. Giallo. Traspirabilit\u00e0. Alta visibilit\u00e0. TASCHE: Tasche interne con zip e fodera in pile. Tasca interna in rete. Tasche a fessura con zip e fodera in pile. Tasca sulla manica per penne. ISTRUZIONI DI LAVAGGIO: Numero di lavaggi: 25, non centrifugare. CERTIFICAZIONE: Insieme all'articolo 1875 certificato secondo la norma EN 342. EN 343, classe 4.1. gruppo di certificazione D<\/p>\n<p>100% poliestere, Oxford, rivestito, impermeabile 15.000 mm, antivento, traspirante Ret 8.5, 200g\/m\u00b2<\/p>","protected":false},"excerpt":{"rendered":"<p>Ein High Vis Winterparka der Klasse 1, der Sie mit seiner Ausf\u00fchrung und einem gesteppten Futter warm h\u00e4lt und Sie bei der Arbeit unterst\u00fctzt. Der Parka ist wind- und wasserdicht mit versiegelten N\u00e4hten und die Kapuze ist abnehmbar und f\u00fcr Helme und Geh\u00f6rschutz geeignet. Er ist in der Taille verstellbar f\u00fcr individuellen Komfort und Reissverschl\u00fcsse [&hellip;]<\/p>\n","protected":false},"featured_media":596522,"template":"","meta":[],"product_brand":[],"product_cat":[4186],"product_tag":[],"class_list":{"0":"post-596474","1":"product","2":"type-product","3":"status-publish","4":"has-post-thumbnail","6":"product_cat-jacken","7":"pa_brand-blaklaeder","8":"pa_brand-type-workwear","9":"pa_filter-color-blau","10":"pa_filter-color-gelb","12":"first","13":"instock","14":"sale","15":"taxable","16":"shipping-taxable","17":"purchasable","18":"product-type-variable","19":"add-to-wishlist-before_image"},"exclude_global_add_ons":[],"addons":[],"acf":[],"_links":{"self":[{"href":"https:\/\/shop.kustom.ch\/it\/wp-json\/wp\/v2\/product\/596474"}],"collection":[{"href":"https:\/\/shop.kustom.ch\/it\/wp-json\/wp\/v2\/product"}],"about":[{"href":"https:\/\/shop.kustom.ch\/it\/wp-json\/wp\/v2\/types\/product"}],"wp:featuredmedia":[{"embeddable":true,"href":"https:\/\/shop.kustom.ch\/it\/wp-json\/wp\/v2\/media\/596522"}],"wp:attachment":[{"href":"https:\/\/shop.kustom.ch\/it\/wp-json\/wp\/v2\/media?parent=596474"}],"wp:term":[{"taxonomy":"product_brand","embeddable":true,"href":"https:\/\/shop.kustom.ch\/it\/wp-json\/wp\/v2\/product_brand?post=596474"},{"taxonomy":"product_cat","embeddable":true,"href":"https:\/\/shop.kustom.ch\/it\/wp-json\/wp\/v2\/product_cat?post=596474"},{"taxonomy":"product_tag","embeddable":true,"href":"https:\/\/shop.kustom.ch\/it\/wp-json\/wp\/v2\/product_tag?post=596474"}],"curies":[{"name":"wp","href":"https:\/\/api.w.org\/{rel}","templated":true}]}}

<p>Parka invernale di classe 1 ad alta visibilità con fodera trapuntata per tenervi al caldo e sostenervi sul lavoro. Il parka è antivento e impermeabile con cuciture nastrate e il cappuccio è staccabile e adatto a caschi e protezioni auricolari. È regolabile in vita per un comfort personalizzato e le cerniere laterali consentono di accedere alle tasche interne senza dover aprire la parte anteriore e congelare.</p>
<p>CHIUSURA: Schiena allungata. Polsini regolabili con chiusura in velcro. DETTAGLI: Buone superfici per le rifiniture. Anello a D. Stampa riflettente sul retro del cappuccio. Cappuccio staccabile e regolabile con fodera calda. Moschettoni in metallo. Bottoni in metallo. Collo foderato in pile. Cuciture nastrate. Zip sui lati, coperta da un'abbottonatura. Passanti su entrambi i lati del petto per microfoni e altre attrezzature. Coulisse regolabile in vita. Maniche raglan. CHIUSURA ANTERIORE: Doppia patta antivento con chiusura a velcro, maniglia in Hypalon con trasferimento riflettente. FUNZIONALITÀ: materiale antivento e impermeabile con traspirabilità, cuciture nastrate. Maniche preformate. CARATTERISTICHE PRINCIPALI: Rider. EN 343. REFLEX: strisce riflettenti sulle spalle. TESSUTO: Uomo. Giallo. Traspirabilità. Alta visibilità. TASCHE: Tasche interne con zip e fodera in pile. Tasca interna in rete. Tasche a fessura con zip e fodera in pile. Tasca sulla manica per penne. ISTRUZIONI DI LAVAGGIO: Numero di lavaggi: 25, non centrifugare. CERTIFICAZIONE: Insieme all'articolo 1875 certificato secondo la norma EN 342. EN 343, classe 4.1. gruppo di certificazione D</p>
<p>100% poliestere, Oxford, rivestito, impermeabile 15.000 mm, antivento, traspirante Ret 8.5, 200g/m²</p>

<p>Ein High Vis Winterparka der Klasse 1, der Sie mit seiner Ausführung und einem gesteppten Futter warm hält und Sie bei der Arbeit unterstützt. Der Parka ist wind- und wasserdicht mit versiegelten Nähten und die Kapuze ist abnehmbar und für Helme und Gehörschutz geeignet. Er ist in der Taille verstellbar für individuellen Komfort und Reissverschlüsse [&hellip;]</p>
